110.249.202.237 - - [02/Jun/2026:06:14:53 +0530] "GET /admin/uploads/gallery/20130316_170826_1.jpg HTTP/1.1" 206 500 "https://dcmclasses.com/" "Mozilla/5.0 (Linux; Android 5.0) AppleWebKit/537.36 (KHTML, like Gecko) Mobile Safari/537.36 (compatible; Bytespider; https://zhanzhang.toutiao.com/)"
110.249.202.201 - - [02/Jun/2026:06:14:53 +0530] "GET /js/jquery-2.2.4.min.js?_=1780361076231 HTTP/1.1" 200 29830 "https://dcmclasses.com/" "Mozilla/5.0 (Linux; Android 5.0) AppleWebKit/537.36 (KHTML, like Gecko) Mobile Safari/537.36 (compatible; Bytespider; https://zhanzhang.toutiao.com/)"
110.249.202.88 - - [02/Jun/2026:06:14:53 +0530] "GET /images/youtube.png HTTP/1.1" 206 500 "https://dcmclasses.com/" "Mozilla/5.0 (Linux; Android 5.0) AppleWebKit/537.36 (KHTML, like Gecko) Mobile Safari/537.36 (compatible; Bytespider; https://zhanzhang.toutiao.com/)"
110.249.202.201 - - [02/Jun/2026:06:14:53 +0530] "GET /js/jquery-ui.min.js?_=1780361076232 HTTP/1.1" 200 63841 "https://dcmclasses.com/" "Mozilla/5.0 (Linux; Android 5.0) AppleWebKit/537.36 (KHTML, like Gecko) Mobile Safari/537.36 (compatible; Bytespider; https://zhanzhang.toutiao.com/)"
110.249.202.237 - - [02/Jun/2026:06:14:53 +0530] "GET /admin/uploads/gallery/20130316_170826_1.jpg HTTP/1.1" 200 2973895 "https://dcmclasses.com/" "Mozilla/5.0 (Linux; Android 5.0) AppleWebKit/537.36 (KHTML, like Gecko) Mobile Safari/537.36 (compatible; Bytespider; https://zhanzhang.toutiao.com/)"
110.249.202.201 - - [02/Jun/2026:06:14:54 +0530] "GET /js/bootstrap.min.js?_=1780361076233 HTTP/1.1" 200 9773 "https://dcmclasses.com/" "Mozilla/5.0 (Linux; Android 5.0) AppleWebKit/537.36 (KHTML, like Gecko) Mobile Safari/537.36 (compatible; Bytespider; https://zhanzhang.toutiao.com/)"
110.249.202.201 - - [02/Jun/2026:06:14:54 +0530] "GET /js/jquery-plugin-collection.js?_=1780361076234 HTTP/1.1" 200 234079 "https://dcmclasses.com/" "Mozilla/5.0 (Linux; Android 5.0) AppleWebKit/537.36 (KHTML, like Gecko) Mobile Safari/537.36 (compatible; Bytespider; https://zhanzhang.toutiao.com/)"
110.249.202.201 - - [02/Jun/2026:06:14:55 +0530] "GET /js/revolution-slider/js/jquery.themepunch.tools.min.js?_=1780361076235 HTTP/1.1" 200 38335 "https://dcmclasses.com/" "Mozilla/5.0 (Linux; Android 5.0) AppleWebKit/537.36 (KHTML, like Gecko) Mobile Safari/537.36 (compatible; Bytespider; https://zhanzhang.toutiao.com/)"
110.249.202.201 - - [02/Jun/2026:06:14:55 +0530] "GET /js/revolution-slider/js/jquery.themepunch.revolution.min.js?_=1780361076236 HTTP/1.1" 200 17986 "https://dcmclasses.com/" "Mozilla/5.0 (Linux; Android 5.0) AppleWebKit/537.36 (KHTML, like Gecko) Mobile Safari/537.36 (compatible; Bytespider; https://zhanzhang.toutiao.com/)"
110.249.202.201 - - [02/Jun/2026:06:14:55 +0530] "GET /js/custom.js?_=1780361076239 HTTP/1.1" 200 14348 "https://dcmclasses.com/" "Mozilla/5.0 (Linux; Android 5.0) AppleWebKit/537.36 (KHTML, like Gecko) Mobile Safari/537.36 (compatible; Bytespider; https://zhanzhang.toutiao.com/)"
110.249.202.23 - - [02/Jun/2026:06:14:57 +0530] "GET /images/youtube.png HTTP/1.1" 206 500 "https://dcmclasses.com/" "Mozilla/5.0 (Linux; Android 5.0) AppleWebKit/537.36 (KHTML, like Gecko) Mobile Safari/537.36 (compatible; Bytespider; https://zhanzhang.toutiao.com/)"
110.249.202.23 - - [02/Jun/2026:06:14:57 +0530] "GET /js/jquery-2.2.4.min.js?_=1780361076242 HTTP/1.1" 200 29830 "https://dcmclasses.com/" "Mozilla/5.0 (Linux; Android 5.0) AppleWebKit/537.36 (KHTML, like Gecko) Mobile Safari/537.36 (compatible; Bytespider; https://zhanzhang.toutiao.com/)"
110.249.202.201 - - [02/Jun/2026:06:14:57 +0530] "GET /ajax-load/bootstrap-parent-modal.html HTTP/1.1" 200 7646 "https://dcmclasses.com/" "Mozilla/5.0 (Linux; Android 5.0) AppleWebKit/537.36 (KHTML, like Gecko) Mobile Safari/537.36 (compatible; Bytespider; https://zhanzhang.toutiao.com/)"
110.249.202.88 - - [02/Jun/2026:06:14:57 +0530] "GET /color-switcher/style-switcher.html HTTP/1.1" 200 7646 "https://dcmclasses.com/" "Mozilla/5.0 (Linux; Android 5.0) AppleWebKit/537.36 (KHTML, like Gecko) Mobile Safari/537.36 (compatible; Bytespider; https://zhanzhang.toutiao.com/)"
110.249.202.201 - - [02/Jun/2026:06:14:57 +0530] "GET /admin/uploads/wcuimage/wcu.jpg HTTP/1.1" 206 500 "https://dcmclasses.com/" "Mozilla/5.0 (Linux; Android 5.0) AppleWebKit/537.36 (KHTML, like Gecko) Mobile Safari/537.36 (compatible; Bytespider; https://zhanzhang.toutiao.com/)"
110.249.202.67 - - [02/Jun/2026:06:14:57 +0530] "GET /admin/uploads/gallery/20130316_170826_1.jpg HTTP/1.1" 206 500 "https://dcmclasses.com/" "Mozilla/5.0 (Linux; Android 5.0) AppleWebKit/537.36 (KHTML, like Gecko) Mobile Safari/537.36 (compatible; Bytespider; https://zhanzhang.toutiao.com/)"
110.249.202.88 - - [02/Jun/2026:06:14:57 +0530] "GET /js/jquery-ui.min.js?_=1780361076243 HTTP/1.1" 200 63841 "https://dcmclasses.com/" "Mozilla/5.0 (Linux; Android 5.0) AppleWebKit/537.36 (KHTML, like Gecko) Mobile Safari/537.36 (compatible; Bytespider; https://zhanzhang.toutiao.com/)"
110.249.202.67 - - [02/Jun/2026:06:14:58 +0530] "GET /admin/uploads/gallery/20130316_170826_1.jpg HTTP/1.1" 200 2973895 "https://dcmclasses.com/" "Mozilla/5.0 (Linux; Android 5.0) AppleWebKit/537.36 (KHTML, like Gecko) Mobile Safari/537.36 (compatible; Bytespider; https://zhanzhang.toutiao.com/)"
110.249.202.88 - - [02/Jun/2026:06:14:58 +0530] "GET /js/bootstrap.min.js?_=1780361076244 HTTP/1.1" 200 9773 "https://dcmclasses.com/" "Mozilla/5.0 (Linux; Android 5.0) AppleWebKit/537.36 (KHTML, like Gecko) Mobile Safari/537.36 (compatible; Bytespider; https://zhanzhang.toutiao.com/)"
110.249.202.88 - - [02/Jun/2026:06:14:59 +0530] "GET /js/jquery-plugin-collection.js?_=1780361076245 HTTP/1.1" 200 234079 "https://dcmclasses.com/" "Mozilla/5.0 (Linux; Android 5.0) AppleWebKit/537.36 (KHTML, like Gecko) Mobile Safari/537.36 (compatible; Bytespider; https://zhanzhang.toutiao.com/)"
110.249.202.88 - - [02/Jun/2026:06:15:00 +0530] "GET /js/revolution-slider/js/jquery.themepunch.tools.min.js?_=1780361076246 HTTP/1.1" 200 38335 "https://dcmclasses.com/" "Mozilla/5.0 (Linux; Android 5.0) AppleWebKit/537.36 (KHTML, like Gecko) Mobile Safari/537.36 (compatible; Bytespider; https://zhanzhang.toutiao.com/)"
110.249.202.88 - - [02/Jun/2026:06:15:00 +0530] "GET /js/revolution-slider/js/jquery.themepunch.revolution.min.js?_=1780361076247 HTTP/1.1" 200 17986 "https://dcmclasses.com/" "Mozilla/5.0 (Linux; Android 5.0) AppleWebKit/537.36 (KHTML, like Gecko) Mobile Safari/537.36 (compatible; Bytespider; https://zhanzhang.toutiao.com/)"
110.249.202.88 - - [02/Jun/2026:06:15:00 +0530] "GET /js/custom.js?_=1780361076250 HTTP/1.1" 200 14348 "https://dcmclasses.com/" "Mozilla/5.0 (Linux; Android 5.0) AppleWebKit/537.36 (KHTML, like Gecko) Mobile Safari/537.36 (compatible; Bytespider; https://zhanzhang.toutiao.com/)"
66.249.73.230 - - [02/Jun/2026:06:15:01 +0530] "GET /items/V5046207623/ HTTP/1.1" 200 22269 "-" "Mozilla/5.0 (Linux; Android 6.0.1; Nexus 5X Build/MMB29P) AppleWebKit/537.36 (KHTML, like Gecko) Chrome/148.0.7778.96 Mobile Safari/537.36 (compatible; GoogleOther)"
110.249.202.100 - - [02/Jun/2026:06:15:03 +0530] "GET /admin/uploads/gallery/20130316_170826_1.jpg HTTP/1.1" 206 500 "https://dcmclasses.com/" "Mozilla/5.0 (Linux; Android 5.0) AppleWebKit/537.36 (KHTML, like Gecko) Mobile Safari/537.36 (compatible; Bytespider; https://zhanzhang.toutiao.com/)"
110.249.202.82 - - [02/Jun/2026:06:15:03 +0530] "GET /js/jquery-2.2.4.min.js?_=1780361080030 HTTP/1.1" 200 29830 "https://dcmclasses.com/" "Mozilla/5.0 (Linux; Android 5.0) AppleWebKit/537.36 (KHTML, like Gecko) Mobile Safari/537.36 (compatible; Bytespider; https://zhanzhang.toutiao.com/)"
110.249.202.88 - - [02/Jun/2026:06:15:03 +0530] "GET /admin/uploads/wcuimage/wcu.jpg HTTP/1.1" 206 500 "https://dcmclasses.com/" "Mozilla/5.0 (Linux; Android 5.0) AppleWebKit/537.36 (KHTML, like Gecko) Mobile Safari/537.36 (compatible; Bytespider; https://zhanzhang.toutiao.com/)"
110.249.202.82 - - [02/Jun/2026:06:15:04 +0530] "GET /js/jquery-ui.min.js?_=1780361080031 HTTP/1.1" 200 63841 "https://dcmclasses.com/" "Mozilla/5.0 (Linux; Android 5.0) AppleWebKit/537.36 (KHTML, like Gecko) Mobile Safari/537.36 (compatible; Bytespider; https://zhanzhang.toutiao.com/)"
110.249.202.100 - - [02/Jun/2026:06:15:03 +0530] "GET /admin/uploads/gallery/20130316_170826_1.jpg HTTP/1.1" 200 2973895 "https://dcmclasses.com/" "Mozilla/5.0 (Linux; Android 5.0) AppleWebKit/537.36 (KHTML, like Gecko) Mobile Safari/537.36 (compatible; Bytespider; https://zhanzhang.toutiao.com/)"
66.249.73.230 - - [02/Jun/2026:06:15:06 +0530] "GET /items/V9046444760/ HTTP/1.1" 200 22499 "-" "Mozilla/5.0 (Linux; Android 6.0.1; Nexus 5X Build/MMB29P) AppleWebKit/537.36 (KHTML, like Gecko) Chrome/148.0.7778.96 Mobile Safari/537.36 (compatible; Googlebot/2.1; +http://www.google.com/bot.html)"
66.249.73.230 - - [02/Jun/2026:06:15:18 +0530] "GET /items/V8046456875/ HTTP/1.1" 200 22756 "-" "Mozilla/5.0 (Linux; Android 6.0.1; Nexus 5X Build/MMB29P) AppleWebKit/537.36 (KHTML, like Gecko) Chrome/148.0.7778.96 Mobile Safari/537.36 (compatible; GoogleOther)"
111.225.149.182 - - [02/Jun/2026:06:15:22 +0530] "GET / HTTP/1.1" 200 7646 "-" "Mozilla/5.0 (Linux; Android 5.0) AppleWebKit/537.36 (KHTML, like Gecko) Mobile Safari/537.36 (compatible; Bytespider; https://zhanzhang.toutiao.com/)"
111.225.149.182 - - [02/Jun/2026:06:15:22 +0530] "GET /css/animate.css HTTP/1.1" 200 6638 "https://dcmclasses.com/" "Mozilla/5.0 (Linux; Android 5.0) AppleWebKit/537.36 (KHTML, like Gecko) Mobile Safari/537.36 (compatible; Bytespider; https://zhanzhang.toutiao.com/)"
111.225.149.182 - - [02/Jun/2026:06:15:23 +0530] "GET /css/preloader.css HTTP/1.1" 200 7296 "https://dcmclasses.com/" "Mozilla/5.0 (Linux; Android 5.0) AppleWebKit/537.36 (KHTML, like Gecko) Mobile Safari/537.36 (compatible; Bytespider; https://zhanzhang.toutiao.com/)"
111.225.149.182 - - [02/Jun/2026:06:15:23 +0530] "GET /js/jquery-ui.min.js HTTP/1.1" 200 63841 "https://dcmclasses.com/" "Mozilla/5.0 (Linux; Android 5.0) AppleWebKit/537.36 (KHTML, like Gecko) Mobile Safari/537.36 (compatible; Bytespider; https://zhanzhang.toutiao.com/)"
111.225.149.169 - - [02/Jun/2026:06:15:23 +0530] "GET /js/bootstrap.min.js HTTP/1.1" 200 9773 "https://dcmclasses.com/" "Mozilla/5.0 (Linux; Android 5.0) AppleWebKit/537.36 (KHTML, like Gecko) Mobile Safari/537.36 (compatible; Bytespider; https://zhanzhang.toutiao.com/)"
111.225.149.176 - - [02/Jun/2026:06:15:23 +0530] "GET /js/revolution-slider/js/jquery.themepunch.revolution.min.js HTTP/1.1" 200 17986 "https://dcmclasses.com/" "Mozilla/5.0 (Linux; Android 5.0) AppleWebKit/537.36 (KHTML, like Gecko) Mobile Safari/537.36 (compatible; Bytespider; https://zhanzhang.toutiao.com/)"
111.225.149.196 - - [02/Jun/2026:06:15:23 +0530] "GET /js/revolution-slider/js/jquery.themepunch.tools.min.js HTTP/1.1" 200 38335 "https://dcmclasses.com/" "Mozilla/5.0 (Linux; Android 5.0) AppleWebKit/537.36 (KHTML, like Gecko) Mobile Safari/537.36 (compatible; Bytespider; https://zhanzhang.toutiao.com/)"
111.225.149.211 - - [02/Jun/2026:06:15:24 +0530] "GET /js/custom.js HTTP/1.1" 200 14348 "https://dcmclasses.com/" "Mozilla/5.0 (Linux; Android 5.0) AppleWebKit/537.36 (KHTML, like Gecko) Mobile Safari/537.36 (compatible; Bytespider; https://zhanzhang.toutiao.com/)"
111.225.149.196 - - [02/Jun/2026:06:15:25 +0530] "GET /admin/uploads/gallery/20130316_170826_1.jpg HTTP/1.1" 206 500 "https://dcmclasses.com/" "Mozilla/5.0 (Linux; Android 5.0) AppleWebKit/537.36 (KHTML, like Gecko) Mobile Safari/537.36 (compatible; Bytespider; https://zhanzhang.toutiao.com/)"
111.225.149.211 - - [02/Jun/2026:06:15:25 +0530] "GET /admin/uploads/gallery/SAM_2484.JPG HTTP/1.1" 206 500 "https://dcmclasses.com/" "Mozilla/5.0 (Linux; Android 5.0) AppleWebKit/537.36 (KHTML, like Gecko) Mobile Safari/537.36 (compatible; Bytespider; https://zhanzhang.toutiao.com/)"
111.225.149.176 - - [02/Jun/2026:06:15:25 +0530] "GET /admin/uploads/gallery/20160219_122352.jpg HTTP/1.1" 206 500 "https://dcmclasses.com/" "Mozilla/5.0 (Linux; Android 5.0) AppleWebKit/537.36 (KHTML, like Gecko) Mobile Safari/537.36 (compatible; Bytespider; https://zhanzhang.toutiao.com/)"
111.225.149.182 - - [02/Jun/2026:06:15:25 +0530] "GET /admin/uploads/results/Gaurav%20Goyal%2096.jpg HTTP/1.1" 206 500 "https://dcmclasses.com/" "Mozilla/5.0 (Linux; Android 5.0) AppleWebKit/537.36 (KHTML, like Gecko) Mobile Safari/537.36 (compatible; Bytespider; https://zhanzhang.toutiao.com/)"
111.225.149.182 - - [02/Jun/2026:06:15:25 +0530] "GET /admin/uploads/results/Gaurav%20Goyal%2096.jpg HTTP/1.1" 200 204988 "https://dcmclasses.com/" "Mozilla/5.0 (Linux; Android 5.0) AppleWebKit/537.36 (KHTML, like Gecko) Mobile Safari/537.36 (compatible; Bytespider; https://zhanzhang.toutiao.com/)"
111.225.149.169 - - [02/Jun/2026:06:15:25 +0530] "GET /ajax-load/bootstrap-parent-modal.html HTTP/1.1" 200 7646 "https://dcmclasses.com/" "Mozilla/5.0 (Linux; Android 5.0) AppleWebKit/537.36 (KHTML, like Gecko) Mobile Safari/537.36 (compatible; Bytespider; https://zhanzhang.toutiao.com/)"
111.225.149.207 - - [02/Jun/2026:06:15:25 +0530] "GET /color-switcher/style-switcher.html HTTP/1.1" 200 7646 "https://dcmclasses.com/" "Mozilla/5.0 (Linux; Android 5.0) AppleWebKit/537.36 (KHTML, like Gecko) Mobile Safari/537.36 (compatible; Bytespider; https://zhanzhang.toutiao.com/)"
111.225.149.176 - - [02/Jun/2026:06:15:25 +0530] "GET /admin/uploads/gallery/20160219_122352.jpg HTTP/1.1" 200 4200988 "https://dcmclasses.com/" "Mozilla/5.0 (Linux; Android 5.0) AppleWebKit/537.36 (KHTML, like Gecko) Mobile Safari/537.36 (compatible; Bytespider; https://zhanzhang.toutiao.com/)"
111.225.149.207 - - [02/Jun/2026:06:15:26 +0530] "GET /js/jquery-2.2.4.min.js?_=1780361123174 HTTP/1.1" 200 29830 "https://dcmclasses.com/" "Mozilla/5.0 (Linux; Android 5.0) AppleWebKit/537.36 (KHTML, like Gecko) Mobile Safari/537.36 (compatible; Bytespider; https://zhanzhang.toutiao.com/)"
111.225.149.211 - - [02/Jun/2026:06:15:25 +0530] "GET /admin/uploads/gallery/SAM_2484.JPG HTTP/1.1" 200 2829161 "https://dcmclasses.com/" "Mozilla/5.0 (Linux; Android 5.0) AppleWebKit/537.36 (KHTML, like Gecko) Mobile Safari/537.36 (compatible; Bytespider; https://zhanzhang.toutiao.com/)"
111.225.149.196 - - [02/Jun/2026:06:15:26 +0530] "GET /admin/uploads/gallery/20130316_170826_1.jpg HTTP/1.1" 200 2973895 "https://dcmclasses.com/" "Mozilla/5.0 (Linux; Android 5.0) AppleWebKit/537.36 (KHTML, like Gecko) Mobile Safari/537.36 (compatible; Bytespider; https://zhanzhang.toutiao.com/)"
111.225.149.207 - - [02/Jun/2026:06:15:27 +0530] "GET /js/jquery-ui.min.js?_=1780361123175 HTTP/1.1" 200 63841 "https://dcmclasses.com/" "Mozilla/5.0 (Linux; Android 5.0) AppleWebKit/537.36 (KHTML, like Gecko) Mobile Safari/537.36 (compatible; Bytespider; https://zhanzhang.toutiao.com/)"
111.225.149.207 - - [02/Jun/2026:06:15:32 +0530] "GET /js/bootstrap.min.js?_=1780361123176 HTTP/1.1" 200 9773 "https://dcmclasses.com/" "Mozilla/5.0 (Linux; Android 5.0) AppleWebKit/537.36 (KHTML, like Gecko) Mobile Safari/537.36 (compatible; Bytespider; https://zhanzhang.toutiao.com/)"
111.225.149.207 - - [02/Jun/2026:06:15:33 +0530] "GET /js/jquery-plugin-collection.js?_=1780361123177 HTTP/1.1" 200 234079 "https://dcmclasses.com/" "Mozilla/5.0 (Linux; Android 5.0) AppleWebKit/537.36 (KHTML, like Gecko) Mobile Safari/537.36 (compatible; Bytespider; https://zhanzhang.toutiao.com/)"
111.225.149.207 - - [02/Jun/2026:06:15:44 +0530] "GET /js/revolution-slider/js/jquery.themepunch.tools.min.js?_=1780361123178 HTTP/1.1" 200 38335 "https://dcmclasses.com/" "Mozilla/5.0 (Linux; Android 5.0) AppleWebKit/537.36 (KHTML, like Gecko) Mobile Safari/537.36 (compatible; Bytespider; https://zhanzhang.toutiao.com/)"
66.249.73.230 - - [02/Jun/2026:06:15:46 +0530] "GET /items/V4047097490/ HTTP/1.1" 200 21775 "-" "Mozilla/5.0 (Linux; Android 6.0.1; Nexus 5X Build/MMB29P) AppleWebKit/537.36 (KHTML, like Gecko) Chrome/148.0.7778.96 Mobile Safari/537.36 (compatible; GoogleOther)"
111.225.149.207 - - [02/Jun/2026:06:15:47 +0530] "GET /js/revolution-slider/js/jquery.themepunch.revolution.min.js?_=1780361123179 HTTP/1.1" 200 17986 "https://dcmclasses.com/" "Mozilla/5.0 (Linux; Android 5.0) AppleWebKit/537.36 (KHTML, like Gecko) Mobile Safari/537.36 (compatible; Bytespider; https://zhanzhang.toutiao.com/)"
111.225.149.207 - - [02/Jun/2026:06:15:48 +0530] "GET /js/custom.js?_=1780361123182 HTTP/1.1" 200 14348 "https://dcmclasses.com/" "Mozilla/5.0 (Linux; Android 5.0) AppleWebKit/537.36 (KHTML, like Gecko) Mobile Safari/537.36 (compatible; Bytespider; https://zhanzhang.toutiao.com/)"
111.225.149.207 - - [02/Jun/2026:06:15:49 +0530] "GET /admin/uploads/gallery/20130316_170826_1.jpg HTTP/1.1" 206 500 "https://dcmclasses.com/" "Mozilla/5.0 (Linux; Android 5.0) AppleWebKit/537.36 (KHTML, like Gecko) Mobile Safari/537.36 (compatible; Bytespider; https://zhanzhang.toutiao.com/)"
111.225.149.207 - - [02/Jun/2026:06:15:50 +0530] "GET /js/jquery-2.2.4.min.js?_=1780361123185 HTTP/1.1" 200 29830 "https://dcmclasses.com/" "Mozilla/5.0 (Linux; Android 5.0) AppleWebKit/537.36 (KHTML, like Gecko) Mobile Safari/537.36 (compatible; Bytespider; https://zhanzhang.toutiao.com/)"
111.225.149.212 - - [02/Jun/2026:06:15:50 +0530] "GET /admin/uploads/gallery/20130316_170826_1.jpg HTTP/1.1" 200 2973895 "https://dcmclasses.com/" "Mozilla/5.0 (Linux; Android 5.0) AppleWebKit/537.36 (KHTML, like Gecko) Mobile Safari/537.36 (compatible; Bytespider; https://zhanzhang.toutiao.com/)"
111.225.149.207 - - [02/Jun/2026:06:15:52 +0530] "GET /js/jquery-ui.min.js?_=1780361123186 HTTP/1.1" 200 63841 "https://dcmclasses.com/" "Mozilla/5.0 (Linux; Android 5.0) AppleWebKit/537.36 (KHTML, like Gecko) Mobile Safari/537.36 (compatible; Bytespider; https://zhanzhang.toutiao.com/)"
111.225.149.84 - - [02/Jun/2026:06:15:57 +0530] "GET /js/bootstrap.min.js?_=1780361123187 HTTP/1.1" 200 9773 "https://dcmclasses.com/" "Mozilla/5.0 (Linux; Android 5.0) AppleWebKit/537.36 (KHTML, like Gecko) Mobile Safari/537.36 (compatible; Bytespider; https://zhanzhang.toutiao.com/)"
66.249.73.230 - - [02/Jun/2026:06:16:01 +0530] "GET /items/V1047974044/ HTTP/1.1" 200 22112 "-" "Mozilla/5.0 (Linux; Android 6.0.1; Nexus 5X Build/MMB29P) AppleWebKit/537.36 (KHTML, like Gecko) Chrome/148.0.7778.96 Mobile Safari/537.36 (compatible; GoogleOther)"
111.225.149.84 - - [02/Jun/2026:06:15:58 +0530] "GET /js/jquery-plugin-collection.js?_=1780361123188 HTTP/1.1" 200 234079 "https://dcmclasses.com/" "Mozilla/5.0 (Linux; Android 5.0) AppleWebKit/537.36 (KHTML, like Gecko) Mobile Safari/537.36 (compatible; Bytespider; https://zhanzhang.toutiao.com/)"
111.225.149.96 - - [02/Jun/2026:06:16:10 +0530] "GET /js/revolution-slider/js/jquery.themepunch.tools.min.js?_=1780361123189 HTTP/1.1" 200 38335 "https://dcmclasses.com/" "Mozilla/5.0 (Linux; Android 5.0) AppleWebKit/537.36 (KHTML, like Gecko) Mobile Safari/537.36 (compatible; Bytespider; https://zhanzhang.toutiao.com/)"
111.225.149.96 - - [02/Jun/2026:06:16:11 +0530] "GET /js/revolution-slider/js/jquery.themepunch.revolution.min.js?_=1780361123190 HTTP/1.1" 200 17986 "https://dcmclasses.com/" "Mozilla/5.0 (Linux; Android 5.0) AppleWebKit/537.36 (KHTML, like Gecko) Mobile Safari/537.36 (compatible; Bytespider; https://zhanzhang.toutiao.com/)"
111.225.149.96 - - [02/Jun/2026:06:16:11 +0530] "GET /js/custom.js?_=1780361123193 HTTP/1.1" 200 14348 "https://dcmclasses.com/" "Mozilla/5.0 (Linux; Android 5.0) AppleWebKit/537.36 (KHTML, like Gecko) Mobile Safari/537.36 (compatible; Bytespider; https://zhanzhang.toutiao.com/)"
111.225.149.96 - - [02/Jun/2026:06:16:12 +0530] "GET /color-switcher/style-switcher.html HTTP/1.1" 200 7646 "https://dcmclasses.com/" "Mozilla/5.0 (Linux; Android 5.0) AppleWebKit/537.36 (KHTML, like Gecko) Mobile Safari/537.36 (compatible; Bytespider; https://zhanzhang.toutiao.com/)"
111.225.149.96 - - [02/Jun/2026:06:16:12 +0530] "GET /ajax-load/bootstrap-parent-modal.html HTTP/1.1" 200 7646 "https://dcmclasses.com/" "Mozilla/5.0 (Linux; Android 5.0) AppleWebKit/537.36 (KHTML, like Gecko) Mobile Safari/537.36 (compatible; Bytespider; https://zhanzhang.toutiao.com/)"
111.225.149.25 - - [02/Jun/2026:06:16:13 +0530] "GET /color-switcher/style-switcher.html HTTP/1.1" 200 7646 "https://dcmclasses.com/" "Mozilla/5.0 (Linux; Android 5.0) AppleWebKit/537.36 (KHTML, like Gecko) Mobile Safari/537.36 (compatible; Bytespider; https://zhanzhang.toutiao.com/)"
111.225.149.96 - - [02/Jun/2026:06:16:13 +0530] "GET /js/jquery-2.2.4.min.js?_=1780361152106 HTTP/1.1" 200 29830 "https://dcmclasses.com/" "Mozilla/5.0 (Linux; Android 5.0) AppleWebKit/537.36 (KHTML, like Gecko) Mobile Safari/537.36 (compatible; Bytespider; https://zhanzhang.toutiao.com/)"
111.225.149.153 - - [02/Jun/2026:06:16:13 +0530] "GET /admin/uploads/gallery/20130316_170826_1.jpg HTTP/1.1" 206 500 "https://dcmclasses.com/" "Mozilla/5.0 (Linux; Android 5.0) AppleWebKit/537.36 (KHTML, like Gecko) Mobile Safari/537.36 (compatible; Bytespider; https://zhanzhang.toutiao.com/)"
111.225.149.44 - - [02/Jun/2026:06:16:13 +0530] "GET /ajax-load/bootstrap-parent-modal.html HTTP/1.1" 200 7646 "https://dcmclasses.com/" "Mozilla/5.0 (Linux; Android 5.0) AppleWebKit/537.36 (KHTML, like Gecko) Mobile Safari/537.36 (compatible; Bytespider; https://zhanzhang.toutiao.com/)"
111.225.149.96 - - [02/Jun/2026:06:16:14 +0530] "GET /js/jquery-ui.min.js?_=1780361152107 HTTP/1.1" 200 63841 "https://dcmclasses.com/" "Mozilla/5.0 (Linux; Android 5.0) AppleWebKit/537.36 (KHTML, like Gecko) Mobile Safari/537.36 (compatible; Bytespider; https://zhanzhang.toutiao.com/)"
111.225.149.96 - - [02/Jun/2026:06:16:14 +0530] "GET /js/bootstrap.min.js?_=1780361152108 HTTP/1.1" 200 9773 "https://dcmclasses.com/" "Mozilla/5.0 (Linux; Android 5.0) AppleWebKit/537.36 (KHTML, like Gecko) Mobile Safari/537.36 (compatible; Bytespider; https://zhanzhang.toutiao.com/)"
111.225.149.153 - - [02/Jun/2026:06:16:14 +0530] "GET /admin/uploads/gallery/20130316_170826_1.jpg HTTP/1.1" 200 2973895 "https://dcmclasses.com/" "Mozilla/5.0 (Linux; Android 5.0) AppleWebKit/537.36 (KHTML, like Gecko) Mobile Safari/537.36 (compatible; Bytespider; https://zhanzhang.toutiao.com/)"
111.225.149.96 - - [02/Jun/2026:06:16:14 +0530] "GET /js/jquery-plugin-collection.js?_=1780361152109 HTTP/1.1" 200 234079 "https://dcmclasses.com/" "Mozilla/5.0 (Linux; Android 5.0) AppleWebKit/537.36 (KHTML, like Gecko) Mobile Safari/537.36 (compatible; Bytespider; https://zhanzhang.toutiao.com/)"
111.225.149.96 - - [02/Jun/2026:06:16:15 +0530] "GET /js/revolution-slider/js/jquery.themepunch.tools.min.js?_=1780361152110 HTTP/1.1" 200 38335 "https://dcmclasses.com/" "Mozilla/5.0 (Linux; Android 5.0) AppleWebKit/537.36 (KHTML, like Gecko) Mobile Safari/537.36 (compatible; Bytespider; https://zhanzhang.toutiao.com/)"
111.225.149.96 - - [02/Jun/2026:06:16:15 +0530] "GET /js/revolution-slider/js/jquery.themepunch.revolution.min.js?_=1780361152111 HTTP/1.1" 200 17986 "https://dcmclasses.com/" "Mozilla/5.0 (Linux; Android 5.0) AppleWebKit/537.36 (KHTML, like Gecko) Mobile Safari/537.36 (compatible; Bytespider; https://zhanzhang.toutiao.com/)"
111.225.149.96 - - [02/Jun/2026:06:16:16 +0530] "GET /js/custom.js?_=1780361152114 HTTP/1.1" 200 14348 "https://dcmclasses.com/" "Mozilla/5.0 (Linux; Android 5.0) AppleWebKit/537.36 (KHTML, like Gecko) Mobile Safari/537.36 (compatible; Bytespider; https://zhanzhang.toutiao.com/)"
111.225.149.96 - - [02/Jun/2026:06:16:16 +0530] "GET /admin/uploads/gallery/20130316_170826_1.jpg HTTP/1.1" 206 500 "https://dcmclasses.com/" "Mozilla/5.0 (Linux; Android 5.0) AppleWebKit/537.36 (KHTML, like Gecko) Mobile Safari/537.36 (compatible; Bytespider; https://zhanzhang.toutiao.com/)"
111.225.149.44 - - [02/Jun/2026:06:16:16 +0530] "GET /js/jquery-2.2.4.min.js?_=1780361152117 HTTP/1.1" 200 29830 "https://dcmclasses.com/" "Mozilla/5.0 (Linux; Android 5.0) AppleWebKit/537.36 (KHTML, like Gecko) Mobile Safari/537.36 (compatible; Bytespider; https://zhanzhang.toutiao.com/)"
111.225.149.44 - - [02/Jun/2026:06:16:17 +0530] "GET /js/jquery-ui.min.js?_=1780361152118 HTTP/1.1" 200 63841 "https://dcmclasses.com/" "Mozilla/5.0 (Linux; Android 5.0) AppleWebKit/537.36 (KHTML, like Gecko) Mobile Safari/537.36 (compatible; Bytespider; https://zhanzhang.toutiao.com/)"
111.225.149.96 - - [02/Jun/2026:06:16:16 +0530] "GET /admin/uploads/gallery/20130316_170826_1.jpg HTTP/1.1" 200 2973895 "https://dcmclasses.com/" "Mozilla/5.0 (Linux; Android 5.0) AppleWebKit/537.36 (KHTML, like Gecko) Mobile Safari/537.36 (compatible; Bytespider; https://zhanzhang.toutiao.com/)"
111.225.149.44 - - [02/Jun/2026:06:16:17 +0530] "GET /js/bootstrap.min.js?_=1780361152119 HTTP/1.1" 200 9773 "https://dcmclasses.com/" "Mozilla/5.0 (Linux; Android 5.0) AppleWebKit/537.36 (KHTML, like Gecko) Mobile Safari/537.36 (compatible; Bytespider; https://zhanzhang.toutiao.com/)"
111.225.149.44 - - [02/Jun/2026:06:16:18 +0530] "GET /js/jquery-plugin-collection.js?_=1780361152120 HTTP/1.1" 200 234079 "https://dcmclasses.com/" "Mozilla/5.0 (Linux; Android 5.0) AppleWebKit/537.36 (KHTML, like Gecko) Mobile Safari/537.36 (compatible; Bytespider; https://zhanzhang.toutiao.com/)"
111.225.149.44 - - [02/Jun/2026:06:16:19 +0530] "GET /js/revolution-slider/js/jquery.themepunch.tools.min.js?_=1780361152121 HTTP/1.1" 200 38335 "https://dcmclasses.com/" "Mozilla/5.0 (Linux; Android 5.0) AppleWebKit/537.36 (KHTML, like Gecko) Mobile Safari/537.36 (compatible; Bytespider; https://zhanzhang.toutiao.com/)"
111.225.149.44 - - [02/Jun/2026:06:16:19 +0530] "GET /js/revolution-slider/js/jquery.themepunch.revolution.min.js?_=1780361152122 HTTP/1.1" 200 17986 "https://dcmclasses.com/" "Mozilla/5.0 (Linux; Android 5.0) AppleWebKit/537.36 (KHTML, like Gecko) Mobile Safari/537.36 (compatible; Bytespider; https://zhanzhang.toutiao.com/)"
111.225.149.44 - - [02/Jun/2026:06:16:20 +0530] "GET /js/custom.js?_=1780361152125 HTTP/1.1" 200 14348 "https://dcmclasses.com/" "Mozilla/5.0 (Linux; Android 5.0) AppleWebKit/537.36 (KHTML, like Gecko) Mobile Safari/537.36 (compatible; Bytespider; https://zhanzhang.toutiao.com/)"
111.225.149.44 - - [02/Jun/2026:06:16:20 +0530] "GET /admin/uploads/gallery/20130316_170826_1.jpg HTTP/1.1" 206 500 "https://dcmclasses.com/" "Mozilla/5.0 (Linux; Android 5.0) AppleWebKit/537.36 (KHTML, like Gecko) Mobile Safari/537.36 (compatible; Bytespider; https://zhanzhang.toutiao.com/)"
111.225.149.221 - - [02/Jun/2026:06:16:20 +0530] "GET /js/jquery-2.2.4.min.js?_=1780361152128 HTTP/1.1" 200 29830 "https://dcmclasses.com/" "Mozilla/5.0 (Linux; Android 5.0) AppleWebKit/537.36 (KHTML, like Gecko) Mobile Safari/537.36 (compatible; Bytespider; https://zhanzhang.toutiao.com/)"
111.225.149.44 - - [02/Jun/2026:06:16:21 +0530] "GET /admin/uploads/gallery/20130316_170826_1.jpg HTTP/1.1" 200 2973895 "https://dcmclasses.com/" "Mozilla/5.0 (Linux; Android 5.0) AppleWebKit/537.36 (KHTML, like Gecko) Mobile Safari/537.36 (compatible; Bytespider; https://zhanzhang.toutiao.com/)"
66.249.73.230 - - [02/Jun/2026:06:16:21 +0530] "GET /items/V3045815841/ HTTP/1.1" 200 22894 "-" "Mozilla/5.0 (Linux; Android 6.0.1; Nexus 5X Build/MMB29P) AppleWebKit/537.36 (KHTML, like Gecko) Chrome/148.0.7778.96 Mobile Safari/537.36 (compatible; GoogleOther)"
66.249.73.230 - - [02/Jun/2026:06:16:31 +0530] "GET /items/V1045769763/ HTTP/1.1" 200 22247 "-" "Mozilla/5.0 (Linux; Android 6.0.1; Nexus 5X Build/MMB29P) AppleWebKit/537.36 (KHTML, like Gecko) Chrome/148.0.7778.96 Mobile Safari/537.36 (compatible; GoogleOther)"
66.249.73.230 - - [02/Jun/2026:06:16:55 +0530] "GET /items/V9045100966/ HTTP/1.1" 200 23079 "-" "Mozilla/5.0 (Linux; Android 6.0.1; Nexus 5X Build/MMB29P) AppleWebKit/537.36 (KHTML, like Gecko) Chrome/148.0.7778.96 Mobile Safari/537.36 (compatible; GoogleOther)"
66.249.73.232 - - [02/Jun/2026:06:17:07 +0530] "GET /items/V5046403494/ HTTP/1.1" 200 22266 "-" "Mozilla/5.0 (Linux; Android 6.0.1; Nexus 5X Build/MMB29P) AppleWebKit/537.36 (KHTML, like Gecko) Chrome/148.0.7778.96 Mobile Safari/537.36 (compatible; GoogleOther)"
66.249.73.231 - - [02/Jun/2026:06:17:30 +0530] "GET /items/V5047890191/ HTTP/1.1" 200 22622 "-" "Mozilla/5.0 (Linux; Android 6.0.1; Nexus 5X Build/MMB29P) AppleWebKit/537.36 (KHTML, like Gecko) Chrome/148.0.7778.96 Mobile Safari/537.36 (compatible; GoogleOther)"
66.249.73.230 - - [02/Jun/2026:06:17:44 +0530] "GET /items/V9045372398/ HTTP/1.1" 200 23480 "-" "Mozilla/5.0 (Linux; Android 6.0.1; Nexus 5X Build/MMB29P) AppleWebKit/537.36 (KHTML, like Gecko) Chrome/148.0.7778.96 Mobile Safari/537.36 (compatible; GoogleOther)"
66.249.73.230 - - [02/Jun/2026:06:18:04 +0530] "GET /items/V3045542555/ HTTP/1.1" 200 21946 "-" "Mozilla/5.0 (Linux; Android 6.0.1; Nexus 5X Build/MMB29P) AppleWebKit/537.36 (KHTML, like Gecko) Chrome/148.0.7778.96 Mobile Safari/537.36 (compatible; GoogleOther)"
66.249.73.231 - - [02/Jun/2026:06:18:21 +0530] "GET /items/V1045099187/ HTTP/1.1" 200 23337 "-" "Mozilla/5.0 (Linux; Android 6.0.1; Nexus 5X Build/MMB29P) AppleWebKit/537.36 (KHTML, like Gecko) Chrome/148.0.7778.96 Mobile Safari/537.36 (compatible; GoogleOther)"
104.210.140.138 - - [02/Jun/2026:06:18:32 +0530] "GET /robots.txt HTTP/1.1" 200 66 "-" "Mozilla/5.0 (Macintosh; Intel Mac OS X 10_15_7) AppleWebKit/537.36 (KHTML, like Gecko) Chrome/131.0.0.0 Safari/537.36; compatible; OAI-SearchBot/1.0; +https://openai.com/searchbot"
66.249.73.230 - - [02/Jun/2026:06:18:39 +0530] "GET /items/V6046265161/ HTTP/1.1" 200 21864 "-" "Mozilla/5.0 (Linux; Android 6.0.1; Nexus 5X Build/MMB29P) AppleWebKit/537.36 (KHTML, like Gecko) Chrome/148.0.7778.96 Mobile Safari/537.36 (compatible; GoogleOther)"
66.249.73.230 - - [02/Jun/2026:06:18:57 +0530] "GET /items/V2047974020/ HTTP/1.1" 200 22055 "-" "Mozilla/5.0 (Linux; Android 6.0.1; Nexus 5X Build/MMB29P) AppleWebKit/537.36 (KHTML, like Gecko) Chrome/148.0.7778.96 Mobile Safari/537.36 (compatible; GoogleOther)"
66.249.73.230 - - [02/Jun/2026:06:19:14 +0530] "GET /items/V5045994833/ HTTP/1.1" 200 22028 "-" "Mozilla/5.0 (Linux; Android 6.0.1; Nexus 5X Build/MMB29P) AppleWebKit/537.36 (KHTML, like Gecko) Chrome/148.0.7778.96 Mobile Safari/537.36 (compatible; GoogleOther)"
66.249.73.231 - - [02/Jun/2026:06:19:34 +0530] "GET /items/V2045710432/ HTTP/1.1" 200 22580 "-" "Mozilla/5.0 (Linux; Android 6.0.1; Nexus 5X Build/MMB29P) AppleWebKit/537.36 (KHTML, like Gecko) Chrome/148.0.7778.96 Mobile Safari/537.36 (compatible; GoogleOther)"
66.249.73.230 - - [02/Jun/2026:06:19:48 +0530] "GET /items/V2046011653/ HTTP/1.1" 200 21668 "-" "Mozilla/5.0 (Linux; Android 6.0.1; Nexus 5X Build/MMB29P) AppleWebKit/537.36 (KHTML, like Gecko) Chrome/148.0.7778.96 Mobile Safari/537.36 (compatible; GoogleOther)"
66.249.73.230 - - [02/Jun/2026:06:20:10 +0530] "GET /items/V9045321660/ HTTP/1.1" 200 22653 "-" "Mozilla/5.0 (Linux; Android 6.0.1; Nexus 5X Build/MMB29P) AppleWebKit/537.36 (KHTML, like Gecko) Chrome/148.0.7778.96 Mobile Safari/537.36 (compatible; GoogleOther)"
66.249.73.231 - - [02/Jun/2026:06:20:23 +0530] "GET /items/V4047324728/ HTTP/1.1" 200 22021 "-" "Mozilla/5.0 (Linux; Android 6.0.1; Nexus 5X Build/MMB29P) AppleWebKit/537.36 (KHTML, like Gecko) Chrome/148.0.7778.96 Mobile Safari/537.36 (compatible; GoogleOther)"
66.249.73.230 - - [02/Jun/2026:06:20:47 +0530] "GET /robots.txt HTTP/1.1" 200 66 "-" "Mozilla/5.0 (compatible; Googlebot/2.1; +http://www.google.com/bot.html)"
66.249.73.230 - - [02/Jun/2026:06:20:47 +0530] "GET /items/V2046584560/ HTTP/1.1" 200 22589 "-" "Mozilla/5.0 (Linux; Android 6.0.1; Nexus 5X Build/MMB29P) AppleWebKit/537.36 (KHTML, like Gecko) Chrome/148.0.7778.96 Mobile Safari/537.36 (compatible; GoogleOther)"
66.249.73.232 - - [02/Jun/2026:06:20:57 +0530] "GET /items/V4046810789/ HTTP/1.1" 200 22105 "-" "Mozilla/5.0 (Linux; Android 6.0.1; Nexus 5X Build/MMB29P) AppleWebKit/537.36 (KHTML, like Gecko) Chrome/148.0.7778.96 Mobile Safari/537.36 (compatible; GoogleOther)"
66.249.73.231 - - [02/Jun/2026:06:21:24 +0530] "GET /items/V3045450937/ HTTP/1.1" 200 22343 "-" "Mozilla/5.0 (Linux; Android 6.0.1; Nexus 5X Build/MMB29P) AppleWebKit/537.36 (KHTML, like Gecko) Chrome/148.0.7778.96 Mobile Safari/537.36 (compatible; GoogleOther)"
66.249.73.230 - - [02/Jun/2026:06:21:32 +0530] "GET /items/V3046833977/ HTTP/1.1" 200 23539 "-" "Mozilla/5.0 (Linux; Android 6.0.1; Nexus 5X Build/MMB29P) AppleWebKit/537.36 (KHTML, like Gecko) Chrome/148.0.7778.96 Mobile Safari/537.36 (compatible; GoogleOther)"
66.249.73.231 - - [02/Jun/2026:06:22:00 +0530] "GET /robots.txt HTTP/1.1" 200 66 "-" "Mozilla/5.0 (compatible; Googlebot/2.1; +http://www.google.com/bot.html)"
66.249.73.231 - - [02/Jun/2026:06:22:00 +0530] "GET /items/V7045441741/ HTTP/1.1" 200 23342 "-" "Mozilla/5.0 (Linux; Android 6.0.1; Nexus 5X Build/MMB29P) AppleWebKit/537.36 (KHTML, like Gecko) Chrome/148.0.7778.96 Mobile Safari/537.36 (compatible; GoogleOther)"
66.249.73.231 - - [02/Jun/2026:06:22:07 +0530] "GET /items/V2046827469/ HTTP/1.1" 200 22618 "-" "Mozilla/5.0 (Linux; Android 6.0.1; Nexus 5X Build/MMB29P) AppleWebKit/537.36 (KHTML, like Gecko) Chrome/148.0.7778.96 Mobile Safari/537.36 (compatible; GoogleOther)"
66.249.73.230 - - [02/Jun/2026:06:22:08 +0530] "GET /items/V4046285785/ HTTP/1.1" 200 22237 "-" "Mozilla/5.0 (Linux; Android 6.0.1; Nexus 5X Build/MMB29P) AppleWebKit/537.36 (KHTML, like Gecko) Chrome/148.0.7778.96 Mobile Safari/537.36 (compatible; Googlebot/2.1; +http://www.google.com/bot.html)"
173.208.240.82 - - [02/Jun/2026:06:22:15 +0530] "GET /cf1988 HTTP/1.1" 200 134 "-" "Mozilla/5.0 (Windows NT 10.0; Win64; x64) AppleWebKit/537.36"
66.249.73.230 - - [02/Jun/2026:06:22:37 +0530] "GET /items/V2047128492/ HTTP/1.1" 200 22830 "-" "Mozilla/5.0 (Linux; Android 6.0.1; Nexus 5X Build/MMB29P) AppleWebKit/537.36 (KHTML, like Gecko) Chrome/148.0.7778.96 Mobile Safari/537.36 (compatible; GoogleOther)"
66.249.73.230 - - [02/Jun/2026:06:22:42 +0530] "GET /items/V9046304219/ HTTP/1.1" 200 22527 "-" "Mozilla/5.0 (Linux; Android 6.0.1; Nexus 5X Build/MMB29P) AppleWebKit/537.36 (KHTML, like Gecko) Chrome/148.0.7778.96 Mobile Safari/537.36 (compatible; GoogleOther)"
66.249.73.230 - - [02/Jun/2026:06:23:13 +0530] "GET /robots.txt HTTP/1.1" 200 66 "-" "Mozilla/5.0 (compatible; Googlebot/2.1; +http://www.google.com/bot.html)"
66.249.73.230 - - [02/Jun/2026:06:23:13 +0530] "GET /items/V9047135196/ HTTP/1.1" 200 21992 "-" "Mozilla/5.0 (Linux; Android 6.0.1; Nexus 5X Build/MMB29P) AppleWebKit/537.36 (KHTML, like Gecko) Chrome/148.0.7778.96 Mobile Safari/537.36 (compatible; GoogleOther)"
66.249.73.231 - - [02/Jun/2026:06:23:18 +0530] "GET /items/V1047232653/ HTTP/1.1" 200 22375 "-" "Mozilla/5.0 (Linux; Android 6.0.1; Nexus 5X Build/MMB29P) AppleWebKit/537.36 (KHTML, like Gecko) Chrome/148.0.7778.96 Mobile Safari/537.36 (compatible; GoogleOther)"
94.23.188.214 - - [02/Jun/2026:06:23:23 +0530] "GET /sitemap.xml HTTP/1.1" 200 17136 "-" "Mozilla/5.0 (compatible; AhrefsBot/7.0; +http://ahrefs.com/robot/)"
66.249.73.230 - - [02/Jun/2026:06:23:50 +0530] "GET /items/V4046017878/ HTTP/1.1" 200 24051 "-" "Mozilla/5.0 (Linux; Android 6.0.1; Nexus 5X Build/MMB29P) AppleWebKit/537.36 (KHTML, like Gecko) Chrome/148.0.7778.96 Mobile Safari/537.36 (compatible; GoogleOther)"
66.249.73.230 - - [02/Jun/2026:06:23:55 +0530] "GET /items/V3047601847/ HTTP/1.1" 200 22774 "-" "Mozilla/5.0 (Linux; Android 6.0.1; Nexus 5X Build/MMB29P) AppleWebKit/537.36 (KHTML, like Gecko) Chrome/148.0.7778.96 Mobile Safari/537.36 (compatible; GoogleOther)"
66.249.73.232 - - [02/Jun/2026:06:24:25 +0530] "GET /robots.txt HTTP/1.1" 200 66 "-" "Mozilla/5.0 (compatible; Googlebot/2.1; +http://www.google.com/bot.html)"
66.249.73.231 - - [02/Jun/2026:06:24:25 +0530] "GET /items/V2047541401/ HTTP/1.1" 200 22581 "-" "Mozilla/5.0 (Linux; Android 6.0.1; Nexus 5X Build/MMB29P) AppleWebKit/537.36 (KHTML, like Gecko) Chrome/148.0.7778.96 Mobile Safari/537.36 (compatible; GoogleOther)"
66.249.73.230 - - [02/Jun/2026:06:24:31 +0530] "GET /items/V7047337737/ HTTP/1.1" 200 22922 "-" "Mozilla/5.0 (Linux; Android 6.0.1; Nexus 5X Build/MMB29P) AppleWebKit/537.36 (KHTML, like Gecko) Chrome/148.0.7778.96 Mobile Safari/537.36 (compatible; GoogleOther)"
66.249.73.230 - - [02/Jun/2026:06:25:00 +0530] "GET /items/V2045849559/ HTTP/1.1" 200 24547 "-" "Mozilla/5.0 (Linux; Android 6.0.1; Nexus 5X Build/MMB29P) AppleWebKit/537.36 (KHTML, like Gecko) Chrome/148.0.7778.96 Mobile Safari/537.36 (compatible; GoogleOther)"
66.249.73.230 - - [02/Jun/2026:06:25:05 +0530] "GET /items/V4045938633/ HTTP/1.1" 200 24042 "-" "Mozilla/5.0 (Linux; Android 6.0.1; Nexus 5X Build/MMB29P) AppleWebKit/537.36 (KHTML, like Gecko) Chrome/148.0.7778.96 Mobile Safari/537.36 (compatible; GoogleOther)"
66.249.73.230 - - [02/Jun/2026:06:25:34 +0530] "GET /robots.txt HTTP/1.1" 200 66 "-" "Mozilla/5.0 (compatible; Googlebot/2.1; +http://www.google.com/bot.html)"
66.249.73.230 - - [02/Jun/2026:06:25:34 +0530] "GET /items/V6046445648/ HTTP/1.1" 200 21990 "-" "Mozilla/5.0 (Linux; Android 6.0.1; Nexus 5X Build/MMB29P) AppleWebKit/537.36 (KHTML, like Gecko) Chrome/148.0.7778.96 Mobile Safari/537.36 (compatible; GoogleOther)"
66.249.73.230 - - [02/Jun/2026:06:25:41 +0530] "GET /items/V1045951168/ HTTP/1.1" 200 22813 "-" "Mozilla/5.0 (Linux; Android 6.0.1; Nexus 5X Build/MMB29P) AppleWebKit/537.36 (KHTML, like Gecko) Chrome/148.0.7778.96 Mobile Safari/537.36 (compatible; GoogleOther)"
66.249.73.231 - - [02/Jun/2026:06:26:09 +0530] "GET /items/V4047668759/ HTTP/1.1" 200 22102 "-" "Mozilla/5.0 (Linux; Android 6.0.1; Nexus 5X Build/MMB29P) AppleWebKit/537.36 (KHTML, like Gecko) Chrome/148.0.7778.96 Mobile Safari/537.36 (compatible; GoogleOther)"
66.249.73.230 - - [02/Jun/2026:06:26:16 +0530] "GET /items/V3047369342/ HTTP/1.1" 200 23666 "-" "Mozilla/5.0 (Linux; Android 6.0.1; Nexus 5X Build/MMB29P) AppleWebKit/537.36 (KHTML, like Gecko) Chrome/148.0.7778.96 Mobile Safari/537.36 (compatible; GoogleOther)"
66.249.73.230 - - [02/Jun/2026:06:26:44 +0530] "GET /robots.txt HTTP/1.1" 200 66 "-" "Mozilla/5.0 (compatible; Googlebot/2.1; +http://www.google.com/bot.html)"
66.249.73.230 - - [02/Jun/2026:06:26:44 +0530] "GET /items/V6047773451/ HTTP/1.1" 200 21980 "-" "Mozilla/5.0 (Linux; Android 6.0.1; Nexus 5X Build/MMB29P) AppleWebKit/537.36 (KHTML, like Gecko) Chrome/148.0.7778.96 Mobile Safari/537.36 (compatible; GoogleOther)"
66.249.73.230 - - [02/Jun/2026:06:26:53 +0530] "GET /items/V9046775049/ HTTP/1.1" 200 22051 "-" "Mozilla/5.0 (Linux; Android 6.0.1; Nexus 5X Build/MMB29P) AppleWebKit/537.36 (KHTML, like Gecko) Chrome/148.0.7778.96 Mobile Safari/537.36 (compatible; GoogleOther)"
66.249.73.232 - - [02/Jun/2026:06:27:18 +0530] "GET /items/V8047746574/ HTTP/1.1" 200 22122 "-" "Mozilla/5.0 (Linux; Android 6.0.1; Nexus 5X Build/MMB29P) AppleWebKit/537.36 (KHTML, like Gecko) Chrome/148.0.7778.96 Mobile Safari/537.36 (compatible; GoogleOther)"
66.249.73.230 - - [02/Jun/2026:06:27:29 +0530] "GET /items/V2048041293/ HTTP/1.1" 200 22476 "-" "Mozilla/5.0 (Linux; Android 6.0.1; Nexus 5X Build/MMB29P) AppleWebKit/537.36 (KHTML, like Gecko) Chrome/148.0.7778.96 Mobile Safari/537.36 (compatible; GoogleOther)"
110.249.202.13 - - [02/Jun/2026:06:27:44 +0530] "GET / HTTP/1.1" 200 7646 "-" "Mozilla/5.0 (Linux; Android 5.0) AppleWebKit/537.36 (KHTML, like Gecko) Mobile Safari/537.36 (compatible; Bytespider; https://zhanzhang.toutiao.com/)"
110.249.202.13 - - [02/Jun/2026:06:27:44 +0530] "GET /css/bootstrap.min.css HTTP/1.1" 200 19760 "https://dcmclasses.com/" "Mozilla/5.0 (Linux; Android 5.0) AppleWebKit/537.36 (KHTML, like Gecko) Mobile Safari/537.36 (compatible; Bytespider; https://zhanzhang.toutiao.com/)"
110.249.202.13 - - [02/Jun/2026:06:27:45 +0530] "GET /js/bootstrap.min.js HTTP/1.1" 200 9773 "https://dcmclasses.com/" "Mozilla/5.0 (Linux; Android 5.0) AppleWebKit/537.36 (KHTML, like Gecko) Mobile Safari/537.36 (compatible; Bytespider; https://zhanzhang.toutiao.com/)"
110.249.202.140 - - [02/Jun/2026:06:27:45 +0530] "GET /css/style-main.css HTTP/1.1" 200 30269 "https://dcmclasses.com/" "Mozilla/5.0 (Linux; Android 5.0) AppleWebKit/537.36 (KHTML, like Gecko) Mobile Safari/537.36 (compatible; Bytespider; https://zhanzhang.toutiao.com/)"
110.249.202.69 - - [02/Jun/2026:06:27:45 +0530] "GET /css/custom-bootstrap-margin-padding.css HTTP/1.1" 200 7188 "https://dcmclasses.com/" "Mozilla/5.0 (Linux; Android 5.0) AppleWebKit/537.36 (KHTML, like Gecko) Mobile Safari/537.36 (compatible; Bytespider; https://zhanzhang.toutiao.com/)"
110.249.202.163 - - [02/Jun/2026:06:27:45 +0530] "GET /js/revolution-slider/js/jquery.themepunch.tools.min.js HTTP/1.1" 200 38335 "https://dcmclasses.com/" "Mozilla/5.0 (Linux; Android 5.0) AppleWebKit/537.36 (KHTML, like Gecko) Mobile Safari/537.36 (compatible; Bytespider; https://zhanzhang.toutiao.com/)"
110.249.202.69 - - [02/Jun/2026:06:27:45 +0530] "GET /js/custom.js HTTP/1.1" 200 14348 "https://dcmclasses.com/" "Mozilla/5.0 (Linux; Android 5.0) AppleWebKit/537.36 (KHTML, like Gecko) Mobile Safari/537.36 (compatible; Bytespider; https://zhanzhang.toutiao.com/)"
110.249.202.69 - - [02/Jun/2026:06:27:45 +0530] "GET /css/elegant-icons.css HTTP/1.1" 200 4612 "https://dcmclasses.com/css/style-main.css" "Mozilla/5.0 (Linux; Android 5.0) AppleWebKit/537.36 (KHTML, like Gecko) Mobile Safari/537.36 (compatible; Bytespider; https://zhanzhang.toutiao.com/)"
110.249.202.140 - - [02/Jun/2026:06:27:45 +0530] "GET /css/pe-icon-7-stroke.css HTTP/1.1" 200 1867 "https://dcmclasses.com/css/style-main.css" "Mozilla/5.0 (Linux; Android 5.0) AppleWebKit/537.36 (KHTML, like Gecko) Mobile Safari/537.36 (compatible; Bytespider; https://zhanzhang.toutiao.com/)"
110.249.202.140 - - [02/Jun/2026:06:27:45 +0530] "GET /admin/uploads/gallery/20130316_170826_1.jpg HTTP/1.1" 206 500 "https://dcmclasses.com/" "Mozilla/5.0 (Linux; Android 5.0) AppleWebKit/537.36 (KHTML, like Gecko) Mobile Safari/537.36 (compatible; Bytespider; https://zhanzhang.toutiao.com/)"
110.249.202.69 - - [02/Jun/2026:06:27:45 +0530] "GET /admin/uploads/gallery/20140221_165326-1.jpg HTTP/1.1" 206 500 "https://dcmclasses.com/" "Mozilla/5.0 (Linux; Android 5.0) AppleWebKit/537.36 (KHTML, like Gecko) Mobile Safari/537.36 (compatible; Bytespider; https://zhanzhang.toutiao.com/)"
110.249.202.163 - - [02/Jun/2026:06:27:45 +0530] "GET /admin/uploads/gallery/DSC_3695.JPG HTTP/1.1" 206 500 "https://dcmclasses.com/" "Mozilla/5.0 (Linux; Android 5.0) AppleWebKit/537.36 (KHTML, like Gecko) Mobile Safari/537.36 (compatible; Bytespider; https://zhanzhang.toutiao.com/)"
110.249.202.13 - - [02/Jun/2026:06:27:46 +0530] "GET /admin/uploads/results/Geetika%20Mishra%2096.jpg HTTP/1.1" 206 500 "https://dcmclasses.com/" "Mozilla/5.0 (Linux; Android 5.0) AppleWebKit/537.36 (KHTML, like Gecko) Mobile Safari/537.36 (compatible; Bytespider; https://zhanzhang.toutiao.com/)"
110.249.202.140 - - [02/Jun/2026:06:27:46 +0530] "GET /admin/uploads/gallery/20130316_170826_1.jpg HTTP/1.1" 200 2973895 "https://dcmclasses.com/" "Mozilla/5.0 (Linux; Android 5.0) AppleWebKit/537.36 (KHTML, like Gecko) Mobile Safari/537.36 (compatible; Bytespider; https://zhanzhang.toutiao.com/)"
110.249.202.69 - - [02/Jun/2026:06:27:46 +0530] "GET /admin/uploads/gallery/20140221_165326-1.jpg HTTP/1.1" 200 2024669 "https://dcmclasses.com/" "Mozilla/5.0 (Linux; Android 5.0) AppleWebKit/537.36 (KHTML, like Gecko) Mobile Safari/537.36 (compatible; Bytespider; https://zhanzhang.toutiao.com/)"
110.249.202.163 - - [02/Jun/2026:06:27:46 +0530] "GET /admin/uploads/gallery/DSC_3695.JPG HTTP/1.1" 200 2044837 "https://dcmclasses.com/" "Mozilla/5.0 (Linux; Android 5.0) AppleWebKit/537.36 (KHTML, like Gecko) Mobile Safari/537.36 (compatible; Bytespider; https://zhanzhang.toutiao.com/)"
110.249.202.13 - - [02/Jun/2026:06:27:46 +0530] "GET /admin/uploads/results/Geetika%20Mishra%2096.jpg HTTP/1.1" 200 530041 "https://dcmclasses.com/" "Mozilla/5.0 (Linux; Android 5.0) AppleWebKit/537.36 (KHTML, like Gecko) Mobile Safari/537.36 (compatible; Bytespider; https://zhanzhang.toutiao.com/)"
110.249.202.80 - - [02/Jun/2026:06:27:46 +0530] "GET /ajax-load/bootstrap-parent-modal.html HTTP/1.1" 200 7646 "https://dcmclasses.com/" "Mozilla/5.0 (Linux; Android 5.0) AppleWebKit/537.36 (KHTML, like Gecko) Mobile Safari/537.36 (compatible; Bytespider; https://zhanzhang.toutiao.com/)"
110.249.202.80 - - [02/Jun/2026:06:27:47 +0530] "GET /color-switcher/style-switcher.html HTTP/1.1" 200 7646 "https://dcmclasses.com/" "Mozilla/5.0 (Linux; Android 5.0) AppleWebKit/537.36 (KHTML, like Gecko) Mobile Safari/537.36 (compatible; Bytespider; https://zhanzhang.toutiao.com/)"
110.249.202.213 - - [02/Jun/2026:06:27:47 +0530] "GET /admin/uploads/gallery/20130316_170826_1.jpg HTTP/1.1" 206 500 "https://dcmclasses.com/" "Mozilla/5.0 (Linux; Android 5.0) AppleWebKit/537.36 (KHTML, like Gecko) Mobile Safari/537.36 (compatible; Bytespider; https://zhanzhang.toutiao.com/)"
110.249.202.218 - - [02/Jun/2026:06:27:47 +0530] "GET /js/jquery-2.2.4.min.js?_=1780361865702 HTTP/1.1" 200 29830 "https://dcmclasses.com/" "Mozilla/5.0 (Linux; Android 5.0) AppleWebKit/537.36 (KHTML, like Gecko) Mobile Safari/537.36 (compatible; Bytespider; https://zhanzhang.toutiao.com/)"
110.249.202.218 - - [02/Jun/2026:06:27:48 +0530] "GET /js/jquery-ui.min.js?_=1780361865703 HTTP/1.1" 200 63841 "https://dcmclasses.com/" "Mozilla/5.0 (Linux; Android 5.0) AppleWebKit/537.36 (KHTML, like Gecko) Mobile Safari/537.36 (compatible; Bytespider; https://zhanzhang.toutiao.com/)"
110.249.202.218 - - [02/Jun/2026:06:27:48 +0530] "GET /js/bootstrap.min.js?_=1780361865704 HTTP/1.1" 200 9773 "https://dcmclasses.com/" "Mozilla/5.0 (Linux; Android 5.0) AppleWebKit/537.36 (KHTML, like Gecko) Mobile Safari/537.36 (compatible; Bytespider; https://zhanzhang.toutiao.com/)"
110.249.202.213 - - [02/Jun/2026:06:27:47 +0530] "GET /admin/uploads/gallery/20130316_170826_1.jpg HTTP/1.1" 200 2973895 "https://dcmclasses.com/" "Mozilla/5.0 (Linux; Android 5.0) AppleWebKit/537.36 (KHTML, like Gecko) Mobile Safari/537.36 (compatible; Bytespider; https://zhanzhang.toutiao.com/)"
110.249.202.218 - - [02/Jun/2026:06:27:48 +0530] "GET /js/jquery-plugin-collection.js?_=1780361865705 HTTP/1.1" 200 234079 "https://dcmclasses.com/" "Mozilla/5.0 (Linux; Android 5.0) AppleWebKit/537.36 (KHTML, like Gecko) Mobile Safari/537.36 (compatible; Bytespider; https://zhanzhang.toutiao.com/)"
110.249.202.218 - - [02/Jun/2026:06:27:49 +0530] "GET /js/revolution-slider/js/jquery.themepunch.tools.min.js?_=1780361865706 HTTP/1.1" 200 38335 "https://dcmclasses.com/" "Mozilla/5.0 (Linux; Android 5.0) AppleWebKit/537.36 (KHTML, like Gecko) Mobile Safari/537.36 (compatible; Bytespider; https://zhanzhang.toutiao.com/)"
110.249.202.218 - - [02/Jun/2026:06:27:49 +0530] "GET /js/revolution-slider/js/jquery.themepunch.revolution.min.js?_=1780361865707 HTTP/1.1" 200 17986 "https://dcmclasses.com/" "Mozilla/5.0 (Linux; Android 5.0) AppleWebKit/537.36 (KHTML, like Gecko) Mobile Safari/537.36 (compatible; Bytespider; https://zhanzhang.toutiao.com/)"
110.249.202.218 - - [02/Jun/2026:06:27:49 +0530] "GET /js/custom.js?_=1780361865710 HTTP/1.1" 200 14348 "https://dcmclasses.com/" "Mozilla/5.0 (Linux; Android 5.0) AppleWebKit/537.36 (KHTML, like Gecko) Mobile Safari/537.36 (compatible; Bytespider; https://zhanzhang.toutiao.com/)"
110.249.202.218 - - [02/Jun/2026:06:27:50 +0530] "GET /admin/uploads/gallery/20130316_170826_1.jpg HTTP/1.1" 206 500 "https://dcmclasses.com/" "Mozilla/5.0 (Linux; Android 5.0) AppleWebKit/537.36 (KHTML, like Gecko) Mobile Safari/537.36 (compatible; Bytespider; https://zhanzhang.toutiao.com/)"
110.249.202.80 - - [02/Jun/2026:06:27:50 +0530] "GET /js/jquery-2.2.4.min.js?_=1780361865713 HTTP/1.1" 200 29830 "https://dcmclasses.com/" "Mozilla/5.0 (Linux; Android 5.0) AppleWebKit/537.36 (KHTML, like Gecko) Mobile Safari/537.36 (compatible; Bytespider; https://zhanzhang.toutiao.com/)"
110.249.202.218 - - [02/Jun/2026:06:27:50 +0530] "GET /admin/uploads/gallery/20130316_170826_1.jpg HTTP/1.1" 200 2973895 "https://dcmclasses.com/" "Mozilla/5.0 (Linux; Android 5.0) AppleWebKit/537.36 (KHTML, like Gecko) Mobile Safari/537.36 (compatible; Bytespider; https://zhanzhang.toutiao.com/)"
110.249.202.80 - - [02/Jun/2026:06:27:50 +0530] "GET /js/jquery-ui.min.js?_=1780361865714 HTTP/1.1" 200 63841 "https://dcmclasses.com/" "Mozilla/5.0 (Linux; Android 5.0) AppleWebKit/537.36 (KHTML, like Gecko) Mobile Safari/537.36 (compatible; Bytespider; https://zhanzhang.toutiao.com/)"
110.249.202.80 - - [02/Jun/2026:06:27:51 +0530] "GET /js/bootstrap.min.js?_=1780361865715 HTTP/1.1" 200 9773 "https://dcmclasses.com/" "Mozilla/5.0 (Linux; Android 5.0) AppleWebKit/537.36 (KHTML, like Gecko) Mobile Safari/537.36 (compatible; Bytespider; https://zhanzhang.toutiao.com/)"
110.249.202.80 - - [02/Jun/2026:06:27:51 +0530] "GET /js/jquery-plugin-collection.js?_=1780361865716 HTTP/1.1" 200 234079 "https://dcmclasses.com/" "Mozilla/5.0 (Linux; Android 5.0) AppleWebKit/537.36 (KHTML, like Gecko) Mobile Safari/537.36 (compatible; Bytespider; https://zhanzhang.toutiao.com/)"
110.249.202.80 - - [02/Jun/2026:06:27:52 +0530] "GET /js/revolution-slider/js/jquery.themepunch.tools.min.js?_=1780361865717 HTTP/1.1" 200 38335 "https://dcmclasses.com/" "Mozilla/5.0 (Linux; Android 5.0) AppleWebKit/537.36 (KHTML, like Gecko) Mobile Safari/537.36 (compatible; Bytespider; https://zhanzhang.toutiao.com/)"
110.249.202.80 - - [02/Jun/2026:06:27:52 +0530] "GET /js/revolution-slider/js/jquery.themepunch.revolution.min.js?_=1780361865718 HTTP/1.1" 200 17986 "https://dcmclasses.com/" "Mozilla/5.0 (Linux; Android 5.0) AppleWebKit/537.36 (KHTML, like Gecko) Mobile Safari/537.36 (compatible; Bytespider; https://zhanzhang.toutiao.com/)"
110.249.202.80 - - [02/Jun/2026:06:27:52 +0530] "GET /js/custom.js?_=1780361865721 HTTP/1.1" 200 14348 "https://dcmclasses.com/" "Mozilla/5.0 (Linux; Android 5.0) AppleWebKit/537.36 (KHTML, like Gecko) Mobile Safari/537.36 (compatible; Bytespider; https://zhanzhang.toutiao.com/)"
