66.249.73.232 - - [02/Jun/2026:08:53:21 +0530] "GET /items/V4048040601/ HTTP/1.1" 500 537 "-" "Mozilla/5.0 (Linux; Android 6.0.1; Nexus 5X Build/MMB29P) AppleWebKit/537.36 (KHTML, like Gecko) Chrome/148.0.7778.96 Mobile Safari/537.36 (compatible; GoogleOther)"
66.249.73.230 - - [02/Jun/2026:08:53:24 +0530] "GET /items/V3046111999/ HTTP/1.1" 500 537 "-" "Mozilla/5.0 (Linux; Android 6.0.1; Nexus 5X Build/MMB29P) AppleWebKit/537.36 (KHTML, like Gecko) Chrome/148.0.7778.96 Mobile Safari/537.36 (compatible; GoogleOther)"
66.249.73.230 - - [02/Jun/2026:08:53:27 +0530] "GET /items/V3045915985/ HTTP/1.1" 500 537 "-" "Mozilla/5.0 (Linux; Android 6.0.1; Nexus 5X Build/MMB29P) AppleWebKit/537.36 (KHTML, like Gecko) Chrome/148.0.7778.96 Mobile Safari/537.36 (compatible; GoogleOther)"
66.249.73.232 - - [02/Jun/2026:08:53:30 +0530] "GET /items/V2046789023/ HTTP/1.1" 500 537 "-" "Mozilla/5.0 (Linux; Android 6.0.1; Nexus 5X Build/MMB29P) AppleWebKit/537.36 (KHTML, like Gecko) Chrome/148.0.7778.96 Mobile Safari/537.36 (compatible; GoogleOther)"
66.249.73.230 - - [02/Jun/2026:08:53:32 +0530] "GET /items/V6045635238/ HTTP/1.1" 500 537 "-" "Mozilla/5.0 (Linux; Android 6.0.1; Nexus 5X Build/MMB29P) AppleWebKit/537.36 (KHTML, like Gecko) Chrome/148.0.7778.96 Mobile Safari/537.36 (compatible; GoogleOther)"
66.249.73.230 - - [02/Jun/2026:08:53:35 +0530] "GET /items/V7046703699/ HTTP/1.1" 500 537 "-" "Mozilla/5.0 (Linux; Android 6.0.1; Nexus 5X Build/MMB29P) AppleWebKit/537.36 (KHTML, like Gecko) Chrome/148.0.7778.96 Mobile Safari/537.36 (compatible; GoogleOther)"
66.249.73.230 - - [02/Jun/2026:08:53:38 +0530] "GET /items/V1046346086/ HTTP/1.1" 500 537 "-" "Mozilla/5.0 (Linux; Android 6.0.1; Nexus 5X Build/MMB29P) AppleWebKit/537.36 (KHTML, like Gecko) Chrome/148.0.7778.96 Mobile Safari/537.36 (compatible; GoogleOther)"
66.249.73.231 - - [02/Jun/2026:08:53:41 +0530] "GET /items/V5047555385/ HTTP/1.1" 500 537 "-" "Mozilla/5.0 (Linux; Android 6.0.1; Nexus 5X Build/MMB29P) AppleWebKit/537.36 (KHTML, like Gecko) Chrome/148.0.7778.96 Mobile Safari/537.36 (compatible; GoogleOther)"
66.249.73.231 - - [02/Jun/2026:08:53:43 +0530] "GET /items/V9047199061/ HTTP/1.1" 500 537 "-" "Mozilla/5.0 (Linux; Android 6.0.1; Nexus 5X Build/MMB29P) AppleWebKit/537.36 (KHTML, like Gecko) Chrome/148.0.7778.96 Mobile Safari/537.36 (compatible; GoogleOther)"
66.249.73.231 - - [02/Jun/2026:08:53:46 +0530] "GET /items/V2048028077/ HTTP/1.1" 500 537 "-" "Mozilla/5.0 (Linux; Android 6.0.1; Nexus 5X Build/MMB29P) AppleWebKit/537.36 (KHTML, like Gecko) Chrome/148.0.7778.96 Mobile Safari/537.36 (compatible; GoogleOther)"
66.249.73.232 - - [02/Jun/2026:08:53:47 +0530] "GET /robots.txt HTTP/1.1" 500 537 "-" "Mozilla/5.0 (compatible; Googlebot/2.1; +http://www.google.com/bot.html)"
66.249.73.232 - - [02/Jun/2026:08:53:49 +0530] "GET /items/V6045694105/ HTTP/1.1" 500 537 "-" "Mozilla/5.0 (Linux; Android 6.0.1; Nexus 5X Build/MMB29P) AppleWebKit/537.36 (KHTML, like Gecko) Chrome/148.0.7778.96 Mobile Safari/537.36 (compatible; GoogleOther)"
66.249.73.232 - - [02/Jun/2026:08:53:52 +0530] "GET /items/V2045345250/ HTTP/1.1" 500 537 "-" "Mozilla/5.0 (Linux; Android 6.0.1; Nexus 5X Build/MMB29P) AppleWebKit/537.36 (KHTML, like Gecko) Chrome/148.0.7778.96 Mobile Safari/537.36 (compatible; GoogleOther)"
66.249.73.232 - - [02/Jun/2026:08:53:55 +0530] "GET /items/V3045968619/ HTTP/1.1" 500 537 "-" "Mozilla/5.0 (Linux; Android 6.0.1; Nexus 5X Build/MMB29P) AppleWebKit/537.36 (KHTML, like Gecko) Chrome/148.0.7778.96 Mobile Safari/537.36 (compatible; GoogleOther)"
66.249.73.230 - - [02/Jun/2026:08:53:57 +0530] "GET /items/V5047800374/ HTTP/1.1" 500 537 "-" "Mozilla/5.0 (Linux; Android 6.0.1; Nexus 5X Build/MMB29P) AppleWebKit/537.36 (KHTML, like Gecko) Chrome/148.0.7778.96 Mobile Safari/537.36 (compatible; GoogleOther)"
66.249.73.232 - - [02/Jun/2026:08:54:00 +0530] "GET /items/V3046012942/ HTTP/1.1" 500 537 "-" "Mozilla/5.0 (Linux; Android 6.0.1; Nexus 5X Build/MMB29P) AppleWebKit/537.36 (KHTML, like Gecko) Chrome/148.0.7778.96 Mobile Safari/537.36 (compatible; GoogleOther)"
66.249.73.231 - - [02/Jun/2026:08:54:03 +0530] "GET /items/V9047058791/ HTTP/1.1" 500 537 "-" "Mozilla/5.0 (Linux; Android 6.0.1; Nexus 5X Build/MMB29P) AppleWebKit/537.36 (KHTML, like Gecko) Chrome/148.0.7778.96 Mobile Safari/537.36 (compatible; GoogleOther)"
66.249.73.231 - - [02/Jun/2026:08:54:06 +0530] "GET /items/V2047980874/ HTTP/1.1" 500 537 "-" "Mozilla/5.0 (Linux; Android 6.0.1; Nexus 5X Build/MMB29P) AppleWebKit/537.36 (KHTML, like Gecko) Chrome/148.0.7778.96 Mobile Safari/537.36 (compatible; GoogleOther)"
66.249.73.230 - - [02/Jun/2026:08:54:08 +0530] "GET /items/V7045710490/ HTTP/1.1" 500 537 "-" "Mozilla/5.0 (Linux; Android 6.0.1; Nexus 5X Build/MMB29P) AppleWebKit/537.36 (KHTML, like Gecko) Chrome/148.0.7778.96 Mobile Safari/537.36 (compatible; GoogleOther)"
66.249.73.230 - - [02/Jun/2026:08:54:11 +0530] "GET /items/V2047104901/ HTTP/1.1" 500 537 "-" "Mozilla/5.0 (Linux; Android 6.0.1; Nexus 5X Build/MMB29P) AppleWebKit/537.36 (KHTML, like Gecko) Chrome/148.0.7778.96 Mobile Safari/537.36 (compatible; GoogleOther)"
66.249.73.230 - - [02/Jun/2026:08:54:14 +0530] "GET /items/V6046630846/ HTTP/1.1" 500 537 "-" "Mozilla/5.0 (Linux; Android 6.0.1; Nexus 5X Build/MMB29P) AppleWebKit/537.36 (KHTML, like Gecko) Chrome/148.0.7778.96 Mobile Safari/537.36 (compatible; GoogleOther)"
66.249.73.230 - - [02/Jun/2026:08:54:17 +0530] "GET /items/V7045139154/ HTTP/1.1" 500 537 "-" "Mozilla/5.0 (Linux; Android 6.0.1; Nexus 5X Build/MMB29P) AppleWebKit/537.36 (KHTML, like Gecko) Chrome/148.0.7778.96 Mobile Safari/537.36 (compatible; GoogleOther)"
66.249.73.230 - - [02/Jun/2026:08:54:20 +0530] "GET /items/V6047424991/ HTTP/1.1" 500 537 "-" "Mozilla/5.0 (Linux; Android 6.0.1; Nexus 5X Build/MMB29P) AppleWebKit/537.36 (KHTML, like Gecko) Chrome/148.0.7778.96 Mobile Safari/537.36 (compatible; GoogleOther)"
66.249.73.230 - - [02/Jun/2026:08:54:23 +0530] "GET /items/V9047330816/ HTTP/1.1" 500 537 "-" "Mozilla/5.0 (Linux; Android 6.0.1; Nexus 5X Build/MMB29P) AppleWebKit/537.36 (KHTML, like Gecko) Chrome/148.0.7778.96 Mobile Safari/537.36 (compatible; GoogleOther)"
66.249.73.230 - - [02/Jun/2026:08:54:25 +0530] "GET /items/V8045818653/ HTTP/1.1" 500 537 "-" "Mozilla/5.0 (Linux; Android 6.0.1; Nexus 5X Build/MMB29P) AppleWebKit/537.36 (KHTML, like Gecko) Chrome/148.0.7778.96 Mobile Safari/537.36 (compatible; GoogleOther)"
66.249.73.230 - - [02/Jun/2026:08:54:28 +0530] "GET /items/V1046521393/ HTTP/1.1" 500 537 "-" "Mozilla/5.0 (Linux; Android 6.0.1; Nexus 5X Build/MMB29P) AppleWebKit/537.36 (KHTML, like Gecko) Chrome/148.0.7778.96 Mobile Safari/537.36 (compatible; GoogleOther)"
66.249.73.230 - - [02/Jun/2026:08:54:31 +0530] "GET /items/V7047916350/ HTTP/1.1" 500 537 "-" "Mozilla/5.0 (Linux; Android 6.0.1; Nexus 5X Build/MMB29P) AppleWebKit/537.36 (KHTML, like Gecko) Chrome/148.0.7778.96 Mobile Safari/537.36 (compatible; GoogleOther)"
66.249.73.230 - - [02/Jun/2026:08:54:34 +0530] "GET /items/V5047356357/ HTTP/1.1" 500 537 "-" "Mozilla/5.0 (Linux; Android 6.0.1; Nexus 5X Build/MMB29P) AppleWebKit/537.36 (KHTML, like Gecko) Chrome/148.0.7778.96 Mobile Safari/537.36 (compatible; GoogleOther)"
66.249.73.230 - - [02/Jun/2026:08:54:37 +0530] "GET /items/V4046495215/ HTTP/1.1" 500 537 "-" "Mozilla/5.0 (Linux; Android 6.0.1; Nexus 5X Build/MMB29P) AppleWebKit/537.36 (KHTML, like Gecko) Chrome/148.0.7778.96 Mobile Safari/537.36 (compatible; GoogleOther)"
66.249.73.230 - - [02/Jun/2026:08:54:38 +0530] "GET /items/V4045383919/ HTTP/1.1" 500 537 "-" "Mozilla/5.0 (Linux; Android 6.0.1; Nexus 5X Build/MMB29P) AppleWebKit/537.36 (KHTML, like Gecko) Chrome/148.0.7778.96 Mobile Safari/537.36 (compatible; Googlebot/2.1; +http://www.google.com/bot.html)"
66.249.73.230 - - [02/Jun/2026:08:54:40 +0530] "GET /items/V9046711567/ HTTP/1.1" 500 537 "-" "Mozilla/5.0 (Linux; Android 6.0.1; Nexus 5X Build/MMB29P) AppleWebKit/537.36 (KHTML, like Gecko) Chrome/148.0.7778.96 Mobile Safari/537.36 (compatible; GoogleOther)"
66.249.73.230 - - [02/Jun/2026:08:54:42 +0530] "GET /items/V7045907640/ HTTP/1.1" 500 537 "-" "Mozilla/5.0 (Linux; Android 6.0.1; Nexus 5X Build/MMB29P) AppleWebKit/537.36 (KHTML, like Gecko) Chrome/148.0.7778.96 Mobile Safari/537.36 (compatible; GoogleOther)"
66.249.73.230 - - [02/Jun/2026:08:54:45 +0530] "GET /items/V5047636270/ HTTP/1.1" 500 537 "-" "Mozilla/5.0 (Linux; Android 6.0.1; Nexus 5X Build/MMB29P) AppleWebKit/537.36 (KHTML, like Gecko) Chrome/148.0.7778.96 Mobile Safari/537.36 (compatible; GoogleOther)"
66.249.73.230 - - [02/Jun/2026:08:54:48 +0530] "GET /items/V5046525148/ HTTP/1.1" 500 537 "-" "Mozilla/5.0 (Linux; Android 6.0.1; Nexus 5X Build/MMB29P) AppleWebKit/537.36 (KHTML, like Gecko) Chrome/148.0.7778.96 Mobile Safari/537.36 (compatible; GoogleOther)"
66.249.73.230 - - [02/Jun/2026:08:54:48 +0530] "GET /robots.txt HTTP/1.1" 500 537 "-" "Mozilla/5.0 (compatible; Googlebot/2.1; +http://www.google.com/bot.html)"
66.249.73.230 - - [02/Jun/2026:08:54:51 +0530] "GET /items/V3047161908/ HTTP/1.1" 500 537 "-" "Mozilla/5.0 (Linux; Android 6.0.1; Nexus 5X Build/MMB29P) AppleWebKit/537.36 (KHTML, like Gecko) Chrome/148.0.7778.96 Mobile Safari/537.36 (compatible; GoogleOther)"
66.249.73.230 - - [02/Jun/2026:08:54:53 +0530] "GET /items/V9045372375/ HTTP/1.1" 500 537 "-" "Mozilla/5.0 (Linux; Android 6.0.1; Nexus 5X Build/MMB29P) AppleWebKit/537.36 (KHTML, like Gecko) Chrome/148.0.7778.96 Mobile Safari/537.36 (compatible; GoogleOther)"
66.249.73.230 - - [02/Jun/2026:08:54:56 +0530] "GET /items/V3046193497/ HTTP/1.1" 500 537 "-" "Mozilla/5.0 (Linux; Android 6.0.1; Nexus 5X Build/MMB29P) AppleWebKit/537.36 (KHTML, like Gecko) Chrome/148.0.7778.96 Mobile Safari/537.36 (compatible; GoogleOther)"
66.249.73.230 - - [02/Jun/2026:08:54:59 +0530] "GET /items/V3046757198/ HTTP/1.1" 500 537 "-" "Mozilla/5.0 (Linux; Android 6.0.1; Nexus 5X Build/MMB29P) AppleWebKit/537.36 (KHTML, like Gecko) Chrome/148.0.7778.96 Mobile Safari/537.36 (compatible; GoogleOther)"
66.249.73.230 - - [02/Jun/2026:08:55:02 +0530] "GET /items/V8047575135/ HTTP/1.1" 500 537 "-" "Mozilla/5.0 (Linux; Android 6.0.1; Nexus 5X Build/MMB29P) AppleWebKit/537.36 (KHTML, like Gecko) Chrome/148.0.7778.96 Mobile Safari/537.36 (compatible; GoogleOther)"
66.249.73.230 - - [02/Jun/2026:08:55:05 +0530] "GET /items/V3046460235/ HTTP/1.1" 500 537 "-" "Mozilla/5.0 (Linux; Android 6.0.1; Nexus 5X Build/MMB29P) AppleWebKit/537.36 (KHTML, like Gecko) Chrome/148.0.7778.96 Mobile Safari/537.36 (compatible; GoogleOther)"
66.249.73.230 - - [02/Jun/2026:08:55:07 +0530] "GET /items/V3047944931/ HTTP/1.1" 500 537 "-" "Mozilla/5.0 (Linux; Android 6.0.1; Nexus 5X Build/MMB29P) AppleWebKit/537.36 (KHTML, like Gecko) Chrome/148.0.7778.96 Mobile Safari/537.36 (compatible; GoogleOther)"
66.249.73.230 - - [02/Jun/2026:08:55:10 +0530] "GET /items/V4045979462/ HTTP/1.1" 500 537 "-" "Mozilla/5.0 (Linux; Android 6.0.1; Nexus 5X Build/MMB29P) AppleWebKit/537.36 (KHTML, like Gecko) Chrome/148.0.7778.96 Mobile Safari/537.36 (compatible; GoogleOther)"
66.249.73.230 - - [02/Jun/2026:08:55:13 +0530] "GET /items/V5046294765/ HTTP/1.1" 500 537 "-" "Mozilla/5.0 (Linux; Android 6.0.1; Nexus 5X Build/MMB29P) AppleWebKit/537.36 (KHTML, like Gecko) Chrome/148.0.7778.96 Mobile Safari/537.36 (compatible; GoogleOther)"
66.249.73.230 - - [02/Jun/2026:08:55:16 +0530] "GET /items/V2047981470/ HTTP/1.1" 500 537 "-" "Mozilla/5.0 (Linux; Android 6.0.1; Nexus 5X Build/MMB29P) AppleWebKit/537.36 (KHTML, like Gecko) Chrome/148.0.7778.96 Mobile Safari/537.36 (compatible; GoogleOther)"
66.249.73.230 - - [02/Jun/2026:08:55:19 +0530] "GET /items/V9047217188/ HTTP/1.1" 500 537 "-" "Mozilla/5.0 (Linux; Android 6.0.1; Nexus 5X Build/MMB29P) AppleWebKit/537.36 (KHTML, like Gecko) Chrome/148.0.7778.96 Mobile Safari/537.36 (compatible; GoogleOther)"
66.249.73.230 - - [02/Jun/2026:08:55:21 +0530] "GET /items/V3046049619/ HTTP/1.1" 500 537 "-" "Mozilla/5.0 (Linux; Android 6.0.1; Nexus 5X Build/MMB29P) AppleWebKit/537.36 (KHTML, like Gecko) Chrome/148.0.7778.96 Mobile Safari/537.36 (compatible; GoogleOther)"
66.249.73.230 - - [02/Jun/2026:08:55:24 +0530] "GET /items/V7047963468/ HTTP/1.1" 500 537 "-" "Mozilla/5.0 (Linux; Android 6.0.1; Nexus 5X Build/MMB29P) AppleWebKit/537.36 (KHTML, like Gecko) Chrome/148.0.7778.96 Mobile Safari/537.36 (compatible; GoogleOther)"
66.249.73.230 - - [02/Jun/2026:08:55:27 +0530] "GET /items/V8046859271/ HTTP/1.1" 500 537 "-" "Mozilla/5.0 (Linux; Android 6.0.1; Nexus 5X Build/MMB29P) AppleWebKit/537.36 (KHTML, like Gecko) Chrome/148.0.7778.96 Mobile Safari/537.36 (compatible; GoogleOther)"
66.249.73.230 - - [02/Jun/2026:08:55:30 +0530] "GET /items/V4046628844/ HTTP/1.1" 500 537 "-" "Mozilla/5.0 (Linux; Android 6.0.1; Nexus 5X Build/MMB29P) AppleWebKit/537.36 (KHTML, like Gecko) Chrome/148.0.7778.96 Mobile Safari/537.36 (compatible; GoogleOther)"
66.249.73.230 - - [02/Jun/2026:08:55:33 +0530] "GET /items/V6045530871/ HTTP/1.1" 500 537 "-" "Mozilla/5.0 (Linux; Android 6.0.1; Nexus 5X Build/MMB29P) AppleWebKit/537.36 (KHTML, like Gecko) Chrome/148.0.7778.96 Mobile Safari/537.36 (compatible; GoogleOther)"
66.249.73.230 - - [02/Jun/2026:08:55:36 +0530] "GET /items/V6045196122/ HTTP/1.1" 500 537 "-" "Mozilla/5.0 (Linux; Android 6.0.1; Nexus 5X Build/MMB29P) AppleWebKit/537.36 (KHTML, like Gecko) Chrome/148.0.7778.96 Mobile Safari/537.36 (compatible; GoogleOther)"
66.249.73.230 - - [02/Jun/2026:08:55:39 +0530] "GET /items/V7045580004/ HTTP/1.1" 500 537 "-" "Mozilla/5.0 (Linux; Android 6.0.1; Nexus 5X Build/MMB29P) AppleWebKit/537.36 (KHTML, like Gecko) Chrome/148.0.7778.96 Mobile Safari/537.36 (compatible; GoogleOther)"
66.249.73.230 - - [02/Jun/2026:08:55:41 +0530] "GET /items/V5045255281/ HTTP/1.1" 500 537 "-" "Mozilla/5.0 (Linux; Android 6.0.1; Nexus 5X Build/MMB29P) AppleWebKit/537.36 (KHTML, like Gecko) Chrome/148.0.7778.96 Mobile Safari/537.36 (compatible; GoogleOther)"
66.249.73.230 - - [02/Jun/2026:08:55:44 +0530] "GET /items/V8047573927/ HTTP/1.1" 500 537 "-" "Mozilla/5.0 (Linux; Android 6.0.1; Nexus 5X Build/MMB29P) AppleWebKit/537.36 (KHTML, like Gecko) Chrome/148.0.7778.96 Mobile Safari/537.36 (compatible; GoogleOther)"
66.249.73.230 - - [02/Jun/2026:08:55:47 +0530] "GET /items/V5047131864/ HTTP/1.1" 500 537 "-" "Mozilla/5.0 (Linux; Android 6.0.1; Nexus 5X Build/MMB29P) AppleWebKit/537.36 (KHTML, like Gecko) Chrome/148.0.7778.96 Mobile Safari/537.36 (compatible; GoogleOther)"
66.249.73.230 - - [02/Jun/2026:08:55:50 +0530] "GET /items/V5047012819/ HTTP/1.1" 500 537 "-" "Mozilla/5.0 (Linux; Android 6.0.1; Nexus 5X Build/MMB29P) AppleWebKit/537.36 (KHTML, like Gecko) Chrome/148.0.7778.96 Mobile Safari/537.36 (compatible; GoogleOther)"
66.249.73.230 - - [02/Jun/2026:08:55:52 +0530] "GET /items/V6047612538/ HTTP/1.1" 500 537 "-" "Mozilla/5.0 (Linux; Android 6.0.1; Nexus 5X Build/MMB29P) AppleWebKit/537.36 (KHTML, like Gecko) Chrome/148.0.7778.96 Mobile Safari/537.36 (compatible; GoogleOther)"
66.249.73.230 - - [02/Jun/2026:08:55:55 +0530] "GET /items/V6047755870/ HTTP/1.1" 500 537 "-" "Mozilla/5.0 (Linux; Android 6.0.1; Nexus 5X Build/MMB29P) AppleWebKit/537.36 (KHTML, like Gecko) Chrome/148.0.7778.96 Mobile Safari/537.36 (compatible; GoogleOther)"
66.249.73.230 - - [02/Jun/2026:08:55:58 +0530] "GET /items/V4047146034/ HTTP/1.1" 500 537 "-" "Mozilla/5.0 (Linux; Android 6.0.1; Nexus 5X Build/MMB29P) AppleWebKit/537.36 (KHTML, like Gecko) Chrome/148.0.7778.96 Mobile Safari/537.36 (compatible; GoogleOther)"
66.249.73.231 - - [02/Jun/2026:08:56:01 +0530] "GET /items/V8047199791/ HTTP/1.1" 500 537 "-" "Mozilla/5.0 (Linux; Android 6.0.1; Nexus 5X Build/MMB29P) AppleWebKit/537.36 (KHTML, like Gecko) Chrome/148.0.7778.96 Mobile Safari/537.36 (compatible; GoogleOther)"
66.249.73.230 - - [02/Jun/2026:08:56:04 +0530] "GET /items/V3046964447/ HTTP/1.1" 500 537 "-" "Mozilla/5.0 (Linux; Android 6.0.1; Nexus 5X Build/MMB29P) AppleWebKit/537.36 (KHTML, like Gecko) Chrome/148.0.7778.96 Mobile Safari/537.36 (compatible; GoogleOther)"
192.3.186.30 - - [02/Jun/2026:08:56:52 +0530] "GET /cf1988 HTTP/1.1" 500 537 "-" "Go-http-client/1.1"
66.249.73.227 - - [02/Jun/2026:08:57:14 +0530] "GET /robots.txt HTTP/1.1" 500 537 "-" "Mozilla/5.0 (compatible; Googlebot/2.1; +http://www.google.com/bot.html)"
66.249.73.230 - - [02/Jun/2026:08:57:51 +0530] "GET /robots.txt HTTP/1.1" 500 537 "-" "Mozilla/5.0 (compatible; Googlebot/2.1; +http://www.google.com/bot.html)"
66.249.73.230 - - [02/Jun/2026:08:58:53 +0530] "GET /robots.txt HTTP/1.1" 500 537 "-" "Mozilla/5.0 (compatible; Googlebot/2.1; +http://www.google.com/bot.html)"
66.249.73.230 - - [02/Jun/2026:08:59:54 +0530] "GET /robots.txt HTTP/1.1" 500 537 "-" "Mozilla/5.0 (compatible; Googlebot/2.1; +http://www.google.com/bot.html)"
66.249.73.230 - - [02/Jun/2026:09:00:56 +0530] "GET /robots.txt HTTP/1.1" 500 537 "-" "Mozilla/5.0 (compatible; Googlebot/2.1; +http://www.google.com/bot.html)"
173.208.240.82 - - [02/Jun/2026:09:01:55 +0530] "GET /cf1988 HTTP/1.1" 500 537 "-" "Mozilla/5.0 (Windows NT 10.0; Win64; x64) AppleWebKit/537.36"
173.208.240.82 - - [02/Jun/2026:09:01:55 +0530] "GET /cf1988 HTTP/1.1" 500 537 "-" "Mozilla/5.0 (Windows NT 10.0; Win64; x64) AppleWebKit/537.36"
66.249.73.230 - - [02/Jun/2026:09:01:57 +0530] "GET /robots.txt HTTP/1.1" 500 537 "-" "Mozilla/5.0 (compatible; Googlebot/2.1; +http://www.google.com/bot.html)"
66.249.73.230 - - [02/Jun/2026:09:02:59 +0530] "GET /robots.txt HTTP/1.1" 500 537 "-" "Mozilla/5.0 (compatible; Googlebot/2.1; +http://www.google.com/bot.html)"
66.249.73.230 - - [02/Jun/2026:09:04:01 +0530] "GET /robots.txt HTTP/1.1" 500 537 "-" "Mozilla/5.0 (compatible; Googlebot/2.1; +http://www.google.com/bot.html)"
66.249.73.230 - - [02/Jun/2026:09:05:03 +0530] "GET /robots.txt HTTP/1.1" 500 537 "-" "Mozilla/5.0 (compatible; Googlebot/2.1; +http://www.google.com/bot.html)"
66.249.73.230 - - [02/Jun/2026:09:06:04 +0530] "GET /robots.txt HTTP/1.1" 500 537 "-" "Mozilla/5.0 (compatible; Googlebot/2.1; +http://www.google.com/bot.html)"
66.249.73.230 - - [02/Jun/2026:09:07:06 +0530] "GET /robots.txt HTTP/1.1" 500 537 "-" "Mozilla/5.0 (compatible; Googlebot/2.1; +http://www.google.com/bot.html)"
66.249.73.230 - - [02/Jun/2026:09:08:07 +0530] "GET /robots.txt HTTP/1.1" 500 537 "-" "Mozilla/5.0 (compatible; Googlebot/2.1; +http://www.google.com/bot.html)"
72.14.201.166 - - [02/Jun/2026:09:08:19 +0530] "GET / HTTP/1.1" 500 537 "https://www.google.com/" "Mozilla/5.0 (Windows NT 10.0; Win64; x64) AppleWebKit/537.36 (KHTML, like Gecko) Chrome/148.0.0.0 Safari/537.36"
47.15.106.135 - - [02/Jun/2026:09:08:20 +0530] "GET / HTTP/1.1" 500 537 "https://www.google.com/" "Mozilla/5.0 (Windows NT 10.0; Win64; x64) AppleWebKit/537.36 (KHTML, like Gecko) Chrome/148.0.0.0 Safari/537.36"
47.15.106.135 - - [02/Jun/2026:09:08:20 +0530] "GET /favicon.ico HTTP/1.1" 500 537 "https://www.dcmclasses.com/" "Mozilla/5.0 (Windows NT 10.0; Win64; x64) AppleWebKit/537.36 (KHTML, like Gecko) Chrome/148.0.0.0 Safari/537.36"
47.15.106.135 - - [02/Jun/2026:09:08:50 +0530] "GET / HTTP/1.1" 500 537 "https://www.google.com/" "Mozilla/5.0 (Windows NT 10.0; Win64; x64) AppleWebKit/537.36 (KHTML, like Gecko) Chrome/148.0.0.0 Safari/537.36"
47.15.106.135 - - [02/Jun/2026:09:08:51 +0530] "GET /favicon.ico HTTP/1.1" 500 537 "https://www.dcmclasses.com/" "Mozilla/5.0 (Windows NT 10.0; Win64; x64) AppleWebKit/537.36 (KHTML, like Gecko) Chrome/148.0.0.0 Safari/537.36"
47.15.106.135 - - [02/Jun/2026:09:09:08 +0530] "GET / HTTP/1.1" 500 537 "https://www.google.com/" "Mozilla/5.0 (Windows NT 10.0; Win64; x64) AppleWebKit/537.36 (KHTML, like Gecko) Chrome/148.0.0.0 Safari/537.36"
47.15.106.135 - - [02/Jun/2026:09:09:08 +0530] "GET /favicon.ico HTTP/1.1" 500 537 "https://www.dcmclasses.com/" "Mozilla/5.0 (Windows NT 10.0; Win64; x64) AppleWebKit/537.36 (KHTML, like Gecko) Chrome/148.0.0.0 Safari/537.36"
66.249.73.230 - - [02/Jun/2026:09:11:10 +0530] "GET /robots.txt HTTP/1.1" 500 537 "-" "Mozilla/5.0 (compatible; Googlebot/2.1; +http://www.google.com/bot.html)"
66.249.73.230 - - [02/Jun/2026:09:12:12 +0530] "GET /robots.txt HTTP/1.1" 500 537 "-" "Mozilla/5.0 (compatible; Googlebot/2.1; +http://www.google.com/bot.html)"
173.208.240.82 - - [02/Jun/2026:09:12:24 +0530] "GET /cf1988 HTTP/1.1" 500 537 "-" "Mozilla/5.0 (Windows NT 10.0; Win64; x64) AppleWebKit/537.36"
173.208.240.82 - - [02/Jun/2026:09:12:26 +0530] "GET /cf1988 HTTP/1.1" 500 537 "-" "Mozilla/5.0 (Windows NT 10.0; Win64; x64) AppleWebKit/537.36"
66.249.73.230 - - [02/Jun/2026:09:13:13 +0530] "GET /robots.txt HTTP/1.1" 500 537 "-" "Mozilla/5.0 (compatible; Googlebot/2.1; +http://www.google.com/bot.html)"
66.249.73.230 - - [02/Jun/2026:09:14:15 +0530] "GET /robots.txt HTTP/1.1" 500 537 "-" "Mozilla/5.0 (compatible; Googlebot/2.1; +http://www.google.com/bot.html)"
66.249.73.230 - - [02/Jun/2026:09:15:17 +0530] "GET /robots.txt HTTP/1.1" 500 537 "-" "Mozilla/5.0 (compatible; Googlebot/2.1; +http://www.google.com/bot.html)"
193.186.4.185 - - [02/Jun/2026:09:15:38 +0530] "GET / HTTP/1.1" 500 537 "https://www.google.com/" "Mozilla/5.0 (Windows NT 10.0; Win64; x64) AppleWebKit/537.36 (KHTML, like Gecko) Chrome/148.0.0.0 Safari/537.36"
49.36.235.22 - - [02/Jun/2026:09:15:38 +0530] "GET / HTTP/1.1" 500 537 "https://www.google.com/" "Mozilla/5.0 (Windows NT 10.0; Win64; x64) AppleWebKit/537.36 (KHTML, like Gecko) Chrome/148.0.0.0 Safari/537.36"
49.36.235.22 - - [02/Jun/2026:09:15:39 +0530] "GET /favicon.ico HTTP/1.1" 500 537 "https://www.dcmclasses.com/" "Mozilla/5.0 (Windows NT 10.0; Win64; x64) AppleWebKit/537.36 (KHTML, like Gecko) Chrome/148.0.0.0 Safari/537.36"
49.36.235.22 - - [02/Jun/2026:09:15:44 +0530] "GET / HTTP/1.1" 500 537 "https://www.google.com/" "Mozilla/5.0 (Windows NT 10.0; Win64; x64) AppleWebKit/537.36 (KHTML, like Gecko) Chrome/148.0.0.0 Safari/537.36"
49.36.235.22 - - [02/Jun/2026:09:15:44 +0530] "GET /favicon.ico HTTP/1.1" 500 537 "https://www.dcmclasses.com/" "Mozilla/5.0 (Windows NT 10.0; Win64; x64) AppleWebKit/537.36 (KHTML, like Gecko) Chrome/148.0.0.0 Safari/537.36"
49.36.235.22 - - [02/Jun/2026:09:15:58 +0530] "GET / HTTP/1.1" 500 537 "https://www.google.com/" "Mozilla/5.0 (Windows NT 10.0; Win64; x64) AppleWebKit/537.36 (KHTML, like Gecko) Chrome/148.0.0.0 Safari/537.36"
49.36.235.22 - - [02/Jun/2026:09:15:58 +0530] "GET /favicon.ico HTTP/1.1" 500 537 "https://www.dcmclasses.com/" "Mozilla/5.0 (Windows NT 10.0; Win64; x64) AppleWebKit/537.36 (KHTML, like Gecko) Chrome/148.0.0.0 Safari/537.36"
66.249.73.230 - - [02/Jun/2026:09:16:18 +0530] "GET /robots.txt HTTP/1.1" 500 537 "-" "Mozilla/5.0 (compatible; Googlebot/2.1; +http://www.google.com/bot.html)"
162.120.184.7 - - [02/Jun/2026:09:16:25 +0530] "GET / HTTP/1.1" 500 537 "https://www.google.com/" "Mozilla/5.0 (Windows NT 10.0; Win64; x64) AppleWebKit/537.36 (KHTML, like Gecko) Chrome/148.0.0.0 Safari/537.36"
49.36.235.22 - - [02/Jun/2026:09:16:26 +0530] "GET / HTTP/1.1" 500 537 "https://www.google.com/" "Mozilla/5.0 (Windows NT 10.0; Win64; x64) AppleWebKit/537.36 (KHTML, like Gecko) Chrome/148.0.0.0 Safari/537.36"
49.36.235.22 - - [02/Jun/2026:09:16:26 +0530] "GET /favicon.ico HTTP/1.1" 500 537 "https://www.dcmclasses.com/" "Mozilla/5.0 (Windows NT 10.0; Win64; x64) AppleWebKit/537.36 (KHTML, like Gecko) Chrome/148.0.0.0 Safari/537.36"
173.208.240.82 - - [02/Jun/2026:09:16:58 +0530] "POST /admin/assets/libs/chart/core970.php HTTP/1.1" 403 199 "-" "Mozilla/5.0 (Windows NT 10.0; Win64; x64) AppleWebKit/537.36"
173.208.240.82 - - [02/Jun/2026:09:16:59 +0530] "POST /admin/assets/libs/flot/examples/axes-interacting/graphql710.php HTTP/1.1" 403 199 "-" "Mozilla/5.0 (Windows NT 10.0; Win64; x64) AppleWebKit/537.36"
173.208.240.82 - - [02/Jun/2026:09:16:59 +0530] "POST /admin/assets/libs/jquery-steps/build/error986.php HTTP/1.1" 403 199 "-" "Mozilla/5.0 (Windows NT 10.0; Win64; x64) AppleWebKit/537.36"
173.208.240.82 - - [02/Jun/2026:09:17:00 +0530] "POST /admin/assets/libs/flot/examples/tracking/dynamic311.php HTTP/1.1" 403 199 "-" "Mozilla/5.0 (Windows NT 10.0; Win64; x64) AppleWebKit/537.36"
173.208.240.82 - - [02/Jun/2026:09:17:00 +0530] "POST /css/buy703.php HTTP/1.1" 403 199 "-" "Mozilla/5.0 (Windows NT 10.0; Win64; x64) AppleWebKit/537.36"
173.208.240.82 - - [02/Jun/2026:09:17:01 +0530] "POST /images/flat-color-icons-svg/wp-blog-header928.php HTTP/1.1" 500 537 "-" "Mozilla/5.0 (Windows NT 10.0; Win64; x64) AppleWebKit/537.36"
173.208.240.82 - - [02/Jun/2026:09:17:01 +0530] "POST /admin/assets/libs/flot/examples/axes-time-zones/config686.php HTTP/1.1" 403 199 "-" "Mozilla/5.0 (Windows NT 10.0; Win64; x64) AppleWebKit/537.36"
173.208.240.82 - - [02/Jun/2026:09:17:02 +0530] "POST /admin/assets/libs/flot/examples/basic-options/mysql690.php HTTP/1.1" 403 199 "-" "Mozilla/5.0 (Windows NT 10.0; Win64; x64) AppleWebKit/537.36"
173.208.240.82 - - [02/Jun/2026:09:17:02 +0530] "POST /admin/assets/core460.php HTTP/1.1" 403 199 "-" "Mozilla/5.0 (Windows NT 10.0; Win64; x64) AppleWebKit/537.36"
173.208.240.82 - - [02/Jun/2026:09:17:02 +0530] "POST /admin/assets/libs/flot/examples/basic-usage/demo442.php HTTP/1.1" 403 199 "-" "Mozilla/5.0 (Windows NT 10.0; Win64; x64) AppleWebKit/537.36"
66.249.73.230 - - [02/Jun/2026:09:17:20 +0530] "GET /robots.txt HTTP/1.1" 500 537 "-" "Mozilla/5.0 (compatible; Googlebot/2.1; +http://www.google.com/bot.html)"
66.249.73.230 - - [02/Jun/2026:09:18:22 +0530] "GET /robots.txt HTTP/1.1" 500 537 "-" "Mozilla/5.0 (compatible; Googlebot/2.1; +http://www.google.com/bot.html)"
49.36.235.22 - - [02/Jun/2026:09:18:34 +0530] "GET / HTTP/1.1" 500 537 "https://www.google.com/" "Mozilla/5.0 (Windows NT 10.0; Win64; x64) AppleWebKit/537.36 (KHTML, like Gecko) Chrome/148.0.0.0 Safari/537.36"
49.36.235.22 - - [02/Jun/2026:09:18:35 +0530] "GET /favicon.ico HTTP/1.1" 500 537 "https://www.dcmclasses.com/" "Mozilla/5.0 (Windows NT 10.0; Win64; x64) AppleWebKit/537.36 (KHTML, like Gecko) Chrome/148.0.0.0 Safari/537.36"
66.249.73.230 - - [02/Jun/2026:09:19:22 +0530] "GET /robots.txt HTTP/1.1" 500 537 "-" "Mozilla/5.0 (compatible; Googlebot/2.1; +http://www.google.com/bot.html)"
66.249.73.230 - - [02/Jun/2026:09:20:24 +0530] "GET /robots.txt HTTP/1.1" 500 537 "-" "Mozilla/5.0 (compatible; Googlebot/2.1; +http://www.google.com/bot.html)"
173.208.240.82 - - [02/Jun/2026:09:20:54 +0530] "GET /cf1988 HTTP/1.1" 500 537 "-" "Mozilla/5.0 (Windows NT 10.0; Win64; x64) AppleWebKit/537.36"
173.208.240.82 - - [02/Jun/2026:09:20:55 +0530] "GET /cf1988 HTTP/1.1" 500 537 "-" "Mozilla/5.0 (Windows NT 10.0; Win64; x64) AppleWebKit/537.36"
66.249.73.230 - - [02/Jun/2026:09:21:24 +0530] "GET /robots.txt HTTP/1.1" 500 537 "-" "Mozilla/5.0 (compatible; Googlebot/2.1; +http://www.google.com/bot.html)"
66.249.73.227 - - [02/Jun/2026:09:23:29 +0530] "GET /robots.txt HTTP/1.1" 500 537 "-" "Mozilla/5.0 (compatible; Googlebot/2.1; +http://www.google.com/bot.html)"
66.249.73.230 - - [02/Jun/2026:09:24:25 +0530] "GET /robots.txt HTTP/1.1" 500 537 "-" "Mozilla/5.0 (compatible; Googlebot/2.1; +http://www.google.com/bot.html)"
66.249.73.230 - - [02/Jun/2026:09:25:26 +0530] "GET /robots.txt HTTP/1.1" 500 537 "-" "Mozilla/5.0 (compatible; Googlebot/2.1; +http://www.google.com/bot.html)"
43.136.167.197 - - [02/Jun/2026:09:25:32 +0530] "GET / HTTP/1.1" 500 537 "-" "Mozilla/5.0 (iPhone; CPU iPhone OS 13_2_3 like Mac OS X) AppleWebKit/605.1.15 (KHTML, like Gecko) Version/13.0.3 Mobile/15E148 Safari/604.1"
66.249.73.230 - - [02/Jun/2026:09:26:27 +0530] "GET /robots.txt HTTP/1.1" 500 537 "-" "Mozilla/5.0 (compatible; Googlebot/2.1; +http://www.google.com/bot.html)"
66.249.73.230 - - [02/Jun/2026:09:27:29 +0530] "GET /robots.txt HTTP/1.1" 500 537 "-" "Mozilla/5.0 (compatible; Googlebot/2.1; +http://www.google.com/bot.html)"
66.249.73.230 - - [02/Jun/2026:09:28:29 +0530] "GET /robots.txt HTTP/1.1" 500 537 "-" "Mozilla/5.0 (compatible; Googlebot/2.1; +http://www.google.com/bot.html)"
66.249.73.230 - - [02/Jun/2026:09:29:31 +0530] "GET /robots.txt HTTP/1.1" 500 537 "-" "Mozilla/5.0 (compatible; Googlebot/2.1; +http://www.google.com/bot.html)"
66.249.73.230 - - [02/Jun/2026:09:30:33 +0530] "GET /robots.txt HTTP/1.1" 500 537 "-" "Mozilla/5.0 (compatible; Googlebot/2.1; +http://www.google.com/bot.html)"
66.249.73.230 - - [02/Jun/2026:09:31:33 +0530] "GET /robots.txt HTTP/1.1" 500 537 "-" "Mozilla/5.0 (compatible; Googlebot/2.1; +http://www.google.com/bot.html)"
173.208.240.82 - - [02/Jun/2026:09:31:52 +0530] "GET /cf1988 HTTP/1.1" 500 537 "-" "Mozilla/5.0 (Windows NT 10.0; Win64; x64) AppleWebKit/537.36"
173.208.240.82 - - [02/Jun/2026:09:31:53 +0530] "GET /cf1988 HTTP/1.1" 500 537 "-" "Mozilla/5.0 (Windows NT 10.0; Win64; x64) AppleWebKit/537.36"
66.249.73.230 - - [02/Jun/2026:09:32:35 +0530] "GET /robots.txt HTTP/1.1" 500 537 "-" "Mozilla/5.0 (compatible; Googlebot/2.1; +http://www.google.com/bot.html)"
66.249.73.230 - - [02/Jun/2026:09:33:35 +0530] "GET /robots.txt HTTP/1.1" 500 537 "-" "Mozilla/5.0 (compatible; Googlebot/2.1; +http://www.google.com/bot.html)"
66.249.73.230 - - [02/Jun/2026:09:34:37 +0530] "GET /robots.txt HTTP/1.1" 500 537 "-" "Mozilla/5.0 (compatible; Googlebot/2.1; +http://www.google.com/bot.html)"
66.249.73.230 - - [02/Jun/2026:09:37:38 +0530] "GET /robots.txt HTTP/1.1" 500 537 "-" "Mozilla/5.0 (compatible; Googlebot/2.1; +http://www.google.com/bot.html)"
3.151.194.164 - - [02/Jun/2026:09:38:31 +0530] "GET / HTTP/1.1" 500 537 "-" "visionheight.com/scan Mozilla/5.0 (Macintosh; Intel Mac OS X 10_15_7) Chrome/126.0.0.0 Safari/537.36"
66.249.73.230 - - [02/Jun/2026:09:38:39 +0530] "GET /robots.txt HTTP/1.1" 500 537 "-" "Mozilla/5.0 (compatible; Googlebot/2.1; +http://www.google.com/bot.html)"
3.151.194.164 - - [02/Jun/2026:09:39:41 +0530] "GET / HTTP/1.1" 500 537 "-" "visionheight.com/scan Mozilla/5.0 (Macintosh; Intel Mac OS X 10_15_7) Chrome/126.0.0.0 Safari/537.36"
66.249.73.230 - - [02/Jun/2026:09:39:41 +0530] "GET /robots.txt HTTP/1.1" 500 537 "-" "Mozilla/5.0 (compatible; Googlebot/2.1; +http://www.google.com/bot.html)"
66.249.73.230 - - [02/Jun/2026:09:40:43 +0530] "GET /robots.txt HTTP/1.1" 500 537 "-" "Mozilla/5.0 (compatible; Googlebot/2.1; +http://www.google.com/bot.html)"
43.130.40.120 - - [02/Jun/2026:09:41:01 +0530] "GET / HTTP/1.1" 500 537 "-" "Mozilla/5.0 (iPhone; CPU iPhone OS 13_2_3 like Mac OS X) AppleWebKit/605.1.15 (KHTML, like Gecko) Version/13.0.3 Mobile/15E148 Safari/604.1"
66.249.73.230 - - [02/Jun/2026:09:41:43 +0530] "GET /robots.txt HTTP/1.1" 500 537 "-" "Mozilla/5.0 (compatible; Googlebot/2.1; +http://www.google.com/bot.html)"
173.252.69.15 - - [02/Jun/2026:09:41:47 +0530] "GET /robots.txt HTTP/1.1" 500 537 "-" "facebookexternalhit/1.1 (+http://www.facebook.com/externalhit_uatext.php)"
173.252.69.16 - - [02/Jun/2026:09:41:47 +0530] "GET /robots.txt HTTP/1.1" 500 537 "-" "facebookexternalhit/1.1 (+http://www.facebook.com/externalhit_uatext.php)"
173.208.240.82 - - [02/Jun/2026:09:42:07 +0530] "GET /cf1988 HTTP/1.1" 500 537 "-" "Mozilla/5.0 (Windows NT 10.0; Win64; x64) AppleWebKit/537.36"
173.208.240.82 - - [02/Jun/2026:09:42:09 +0530] "GET /cf1988 HTTP/1.1" 500 537 "-" "Mozilla/5.0 (Windows NT 10.0; Win64; x64) AppleWebKit/537.36"
66.249.73.230 - - [02/Jun/2026:09:42:45 +0530] "GET /robots.txt HTTP/1.1" 500 537 "-" "Mozilla/5.0 (compatible; Googlebot/2.1; +http://www.google.com/bot.html)"
173.208.240.82 - - [02/Jun/2026:09:43:20 +0530] "GET /admin/assets/libs/moment/locale/parameter102.php?test=1 HTTP/1.1" 403 199 "-" "Mozilla/5.0 (Windows NT 10.0; Win64; x64) AppleWebKit/537.36"
173.208.240.82 - - [02/Jun/2026:09:43:20 +0530] "GET /images/course/wp-comments-post365.php?test=1 HTTP/1.1" 500 537 "-" "Mozilla/5.0 (Windows NT 10.0; Win64; x64) AppleWebKit/537.36"
173.208.240.82 - - [02/Jun/2026:09:43:21 +0530] "GET /admin/assets/libs/flot/examples/basic-usage/addon370.php?test=1 HTTP/1.1" 403 199 "-" "Mozilla/5.0 (Windows NT 10.0; Win64; x64) AppleWebKit/537.36"
173.208.240.82 - - [02/Jun/2026:09:43:21 +0530] "GET /admin/assets/libs/flot/examples/axes-time/layout107.php?test=1 HTTP/1.1" 403 199 "-" "Mozilla/5.0 (Windows NT 10.0; Win64; x64) AppleWebKit/537.36"
173.208.240.82 - - [02/Jun/2026:09:43:22 +0530] "GET /css/exception904.php?test=1 HTTP/1.1" 403 199 "-" "Mozilla/5.0 (Windows NT 10.0; Win64; x64) AppleWebKit/537.36"
173.208.240.82 - - [02/Jun/2026:09:43:22 +0530] "GET /admin/assets/images/big/feed127.php?test=1 HTTP/1.1" 403 199 "-" "Mozilla/5.0 (Windows NT 10.0; Win64; x64) AppleWebKit/537.36"
173.208.240.82 - - [02/Jun/2026:09:43:23 +0530] "GET /admin/assets/libs/flot/examples/basic-usage/auth266.php?test=1 HTTP/1.1" 403 199 "-" "Mozilla/5.0 (Windows NT 10.0; Win64; x64) AppleWebKit/537.36"
173.208.240.82 - - [02/Jun/2026:09:43:23 +0530] "GET /admin/assets/libs/jquery/dist/info354.php?test=1 HTTP/1.1" 403 199 "-" "Mozilla/5.0 (Windows NT 10.0; Win64; x64) AppleWebKit/537.36"
173.208.240.82 - - [02/Jun/2026:09:43:24 +0530] "GET /admin/assets/libs/inputmask/dist/inputmask/global/tools297.php?test=1 HTTP/1.1" 403 199 "-" "Mozilla/5.0 (Windows NT 10.0; Win64; x64) AppleWebKit/537.36"
173.208.240.82 - - [02/Jun/2026:09:43:24 +0530] "GET /admin/assets/libs/datatables/media/images/backend162.php?test=1 HTTP/1.1" 403 199 "-" "Mozilla/5.0 (Windows NT 10.0; Win64; x64) AppleWebKit/537.36"
173.208.240.82 - - [02/Jun/2026:09:43:25 +0530] "GET /admin/assets/libs/chart/core970.php?test=1 HTTP/1.1" 403 199 "-" "Mozilla/5.0 (Windows NT 10.0; Win64; x64) AppleWebKit/537.36"
173.208.240.82 - - [02/Jun/2026:09:43:25 +0530] "GET /admin/assets/libs/flot/examples/axes-interacting/graphql710.php?test=1 HTTP/1.1" 403 199 "-" "Mozilla/5.0 (Windows NT 10.0; Win64; x64) AppleWebKit/537.36"
173.208.240.82 - - [02/Jun/2026:09:43:25 +0530] "GET /admin/assets/libs/jquery-steps/build/error986.php?test=1 HTTP/1.1" 403 199 "-" "Mozilla/5.0 (Windows NT 10.0; Win64; x64) AppleWebKit/537.36"
173.208.240.82 - - [02/Jun/2026:09:43:26 +0530] "GET /admin/assets/libs/flot/examples/tracking/dynamic311.php?test=1 HTTP/1.1" 403 199 "-" "Mozilla/5.0 (Windows NT 10.0; Win64; x64) AppleWebKit/537.36"
173.208.240.82 - - [02/Jun/2026:09:43:26 +0530] "GET /css/buy703.php?test=1 HTTP/1.1" 403 199 "-" "Mozilla/5.0 (Windows NT 10.0; Win64; x64) AppleWebKit/537.36"
173.208.240.82 - - [02/Jun/2026:09:43:27 +0530] "GET /images/flat-color-icons-svg/wp-blog-header928.php?test=1 HTTP/1.1" 500 537 "-" "Mozilla/5.0 (Windows NT 10.0; Win64; x64) AppleWebKit/537.36"
173.208.240.82 - - [02/Jun/2026:09:43:27 +0530] "GET /admin/assets/libs/flot/examples/axes-time-zones/config686.php?test=1 HTTP/1.1" 403 199 "-" "Mozilla/5.0 (Windows NT 10.0; Win64; x64) AppleWebKit/537.36"
173.208.240.82 - - [02/Jun/2026:09:43:28 +0530] "GET /admin/assets/libs/flot/examples/basic-options/mysql690.php?test=1 HTTP/1.1" 403 199 "-" "Mozilla/5.0 (Windows NT 10.0; Win64; x64) AppleWebKit/537.36"
173.208.240.82 - - [02/Jun/2026:09:43:28 +0530] "GET /admin/assets/core460.php?test=1 HTTP/1.1" 403 199 "-" "Mozilla/5.0 (Windows NT 10.0; Win64; x64) AppleWebKit/537.36"
173.208.240.82 - - [02/Jun/2026:09:43:29 +0530] "GET /admin/assets/libs/flot/examples/basic-usage/demo442.php?test=1 HTTP/1.1" 403 199 "-" "Mozilla/5.0 (Windows NT 10.0; Win64; x64) AppleWebKit/537.36"
173.208.240.82 - - [02/Jun/2026:09:43:29 +0530] "GET /js/revolution-slider/css/parameter423.php?test=1 HTTP/1.1" 403 199 "-" "Mozilla/5.0 (Windows NT 10.0; Win64; x64) AppleWebKit/537.36"
173.208.240.82 - - [02/Jun/2026:09:43:30 +0530] "GET /admin/assets/libs/flot/examples/axes-time/signin272.php?test=1 HTTP/1.1" 403 199 "-" "Mozilla/5.0 (Windows NT 10.0; Win64; x64) AppleWebKit/537.36"
173.208.240.82 - - [02/Jun/2026:09:43:30 +0530] "GET /admin/uploads/teachers/docs843.php?test=1 HTTP/1.1" 403 199 "-" "Mozilla/5.0 (Windows NT 10.0; Win64; x64) AppleWebKit/537.36"
173.208.240.82 - - [02/Jun/2026:09:43:30 +0530] "GET /js/classycountdown/js/feed570.php?test=1 HTTP/1.1" 403 199 "-" "Mozilla/5.0 (Windows NT 10.0; Win64; x64) AppleWebKit/537.36"
173.208.240.82 - - [02/Jun/2026:09:43:31 +0530] "GET /admin/assets/libs/moment/min/wp-blog-header644.php?test=1 HTTP/1.1" 403 199 "-" "Mozilla/5.0 (Windows NT 10.0; Win64; x64) AppleWebKit/537.36"
173.208.240.82 - - [02/Jun/2026:09:43:31 +0530] "GET /admin/assets/libs/toastr/contact333.php?test=1 HTTP/1.1" 403 199 "-" "Mozilla/5.0 (Windows NT 10.0; Win64; x64) AppleWebKit/537.36"
173.208.240.82 - - [02/Jun/2026:09:43:32 +0530] "GET /js/classycountdown/js/system852.php?test=1 HTTP/1.1" 403 199 "-" "Mozilla/5.0 (Windows NT 10.0; Win64; x64) AppleWebKit/537.36"
173.208.240.82 - - [02/Jun/2026:09:43:32 +0530] "GET /admin/assets/libs/flot/examples/categories/util525.php?test=1 HTTP/1.1" 403 199 "-" "Mozilla/5.0 (Windows NT 10.0; Win64; x64) AppleWebKit/537.36"
173.208.240.82 - - [02/Jun/2026:09:43:33 +0530] "GET /admin/assets/libs/inputmask/dist/min/inputmask/dependencyLibs/root683.php?test=1 HTTP/1.1" 403 199 "-" "Mozilla/5.0 (Windows NT 10.0; Win64; x64) AppleWebKit/537.36"
173.208.240.82 - - [02/Jun/2026:09:43:33 +0530] "GET /css/bxslider/images/wp-rss39.php?test=1 HTTP/1.1" 403 199 "-" "Mozilla/5.0 (Windows NT 10.0; Win64; x64) AppleWebKit/537.36"
173.208.240.82 - - [02/Jun/2026:09:43:34 +0530] "GET /js/cr.php HTTP/1.1" 403 199 "-" "Mozilla/5.0 (Windows NT 10.0; Win64; x64) AppleWebKit/537.36"
173.208.240.82 - - [02/Jun/2026:09:43:34 +0530] "POST /js/cr.php HTTP/1.1" 403 199 "-" "Mozilla/5.0 (Windows NT 10.0; Win64; x64) AppleWebKit/537.36"
173.208.240.82 - - [02/Jun/2026:09:43:35 +0530] "GET /js/revolution-slider/css/parameter423.php HTTP/1.1" 403 199 "-" "Mozilla/5.0 (Windows NT 10.0; Win64; x64) AppleWebKit/537.36"
173.208.240.82 - - [02/Jun/2026:09:43:35 +0530] "POST /js/revolution-slider/css/parameter423.php HTTP/1.1" 403 199 "-" "Mozilla/5.0 (Windows NT 10.0; Win64; x64) AppleWebKit/537.36"
173.208.240.82 - - [02/Jun/2026:09:43:36 +0530] "GET /admin/assets/libs/flot/examples/axes-time/signin272.php HTTP/1.1" 403 199 "-" "Mozilla/5.0 (Windows NT 10.0; Win64; x64) AppleWebKit/537.36"
173.208.240.82 - - [02/Jun/2026:09:43:36 +0530] "POST /admin/assets/libs/flot/examples/axes-time/signin272.php HTTP/1.1" 403 199 "-" "Mozilla/5.0 (Windows NT 10.0; Win64; x64) AppleWebKit/537.36"
173.208.240.82 - - [02/Jun/2026:09:43:36 +0530] "GET /admin/uploads/teachers/docs843.php HTTP/1.1" 403 199 "-" "Mozilla/5.0 (Windows NT 10.0; Win64; x64) AppleWebKit/537.36"
173.208.240.82 - - [02/Jun/2026:09:43:37 +0530] "POST /admin/uploads/teachers/docs843.php HTTP/1.1" 403 199 "-" "Mozilla/5.0 (Windows NT 10.0; Win64; x64) AppleWebKit/537.36"
173.208.240.82 - - [02/Jun/2026:09:43:37 +0530] "GET /js/classycountdown/js/feed570.php HTTP/1.1" 403 199 "-" "Mozilla/5.0 (Windows NT 10.0; Win64; x64) AppleWebKit/537.36"
173.208.240.82 - - [02/Jun/2026:09:43:38 +0530] "POST /js/classycountdown/js/feed570.php HTTP/1.1" 403 199 "-" "Mozilla/5.0 (Windows NT 10.0; Win64; x64) AppleWebKit/537.36"
173.208.240.82 - - [02/Jun/2026:09:43:38 +0530] "GET /admin/assets/libs/moment/min/wp-blog-header644.php HTTP/1.1" 403 199 "-" "Mozilla/5.0 (Windows NT 10.0; Win64; x64) AppleWebKit/537.36"
173.208.240.82 - - [02/Jun/2026:09:43:39 +0530] "POST /admin/assets/libs/moment/min/wp-blog-header644.php HTTP/1.1" 403 199 "-" "Mozilla/5.0 (Windows NT 10.0; Win64; x64) AppleWebKit/537.36"
173.208.240.82 - - [02/Jun/2026:09:43:39 +0530] "GET /admin/assets/libs/toastr/contact333.php HTTP/1.1" 403 199 "-" "Mozilla/5.0 (Windows NT 10.0; Win64; x64) AppleWebKit/537.36"
173.208.240.82 - - [02/Jun/2026:09:43:40 +0530] "POST /admin/assets/libs/toastr/contact333.php HTTP/1.1" 403 199 "-" "Mozilla/5.0 (Windows NT 10.0; Win64; x64) AppleWebKit/537.36"
173.208.240.82 - - [02/Jun/2026:09:43:40 +0530] "GET /js/classycountdown/js/system852.php HTTP/1.1" 403 199 "-" "Mozilla/5.0 (Windows NT 10.0; Win64; x64) AppleWebKit/537.36"
173.208.240.82 - - [02/Jun/2026:09:43:41 +0530] "POST /js/classycountdown/js/system852.php HTTP/1.1" 403 199 "-" "Mozilla/5.0 (Windows NT 10.0; Win64; x64) AppleWebKit/537.36"
173.208.240.82 - - [02/Jun/2026:09:43:41 +0530] "GET /admin/assets/libs/flot/examples/categories/util525.php HTTP/1.1" 403 199 "-" "Mozilla/5.0 (Windows NT 10.0; Win64; x64) AppleWebKit/537.36"
173.208.240.82 - - [02/Jun/2026:09:43:41 +0530] "POST /admin/assets/libs/flot/examples/categories/util525.php HTTP/1.1" 403 199 "-" "Mozilla/5.0 (Windows NT 10.0; Win64; x64) AppleWebKit/537.36"
173.208.240.82 - - [02/Jun/2026:09:43:42 +0530] "GET /admin/assets/libs/inputmask/dist/min/inputmask/dependencyLibs/root683.php HTTP/1.1" 403 199 "-" "Mozilla/5.0 (Windows NT 10.0; Win64; x64) AppleWebKit/537.36"
173.208.240.82 - - [02/Jun/2026:09:43:42 +0530] "POST /admin/assets/libs/inputmask/dist/min/inputmask/dependencyLibs/root683.php HTTP/1.1" 403 199 "-" "Mozilla/5.0 (Windows NT 10.0; Win64; x64) AppleWebKit/537.36"
173.208.240.82 - - [02/Jun/2026:09:43:43 +0530] "GET /css/bxslider/images/wp-rss39.php HTTP/1.1" 403 199 "-" "Mozilla/5.0 (Windows NT 10.0; Win64; x64) AppleWebKit/537.36"
173.208.240.82 - - [02/Jun/2026:09:43:43 +0530] "POST /css/bxslider/images/wp-rss39.php HTTP/1.1" 403 199 "-" "Mozilla/5.0 (Windows NT 10.0; Win64; x64) AppleWebKit/537.36"
66.249.73.230 - - [02/Jun/2026:09:43:45 +0530] "GET /robots.txt HTTP/1.1" 500 537 "-" "Mozilla/5.0 (compatible; Googlebot/2.1; +http://www.google.com/bot.html)"
66.249.73.230 - - [02/Jun/2026:09:44:47 +0530] "GET /robots.txt HTTP/1.1" 500 537 "-" "Mozilla/5.0 (compatible; Googlebot/2.1; +http://www.google.com/bot.html)"
66.249.73.230 - - [02/Jun/2026:09:45:49 +0530] "GET /robots.txt HTTP/1.1" 500 537 "-" "Mozilla/5.0 (compatible; Googlebot/2.1; +http://www.google.com/bot.html)"
66.249.73.230 - - [02/Jun/2026:09:46:49 +0530] "GET /robots.txt HTTP/1.1" 500 537 "-" "Mozilla/5.0 (compatible; Googlebot/2.1; +http://www.google.com/bot.html)"
172.204.16.78 - - [02/Jun/2026:09:47:48 +0530] "GET / HTTP/1.1" 500 537 "-" "Mozilla/5.0 AppleWebKit/537.36 (KHTML, like Gecko); compatible; ChatGPT-User/1.0; +https://openai.com/bot"
172.204.16.70 - - [02/Jun/2026:09:47:49 +0530] "GET / HTTP/1.1" 500 537 "-" "Mozilla/5.0 AppleWebKit/537.36 (KHTML, like Gecko); compatible; ChatGPT-User/1.0; +https://openai.com/bot"
66.249.73.230 - - [02/Jun/2026:09:47:51 +0530] "GET /robots.txt HTTP/1.1" 500 537 "-" "Mozilla/5.0 (compatible; Googlebot/2.1; +http://www.google.com/bot.html)"
66.249.73.230 - - [02/Jun/2026:09:50:52 +0530] "GET /robots.txt HTTP/1.1" 500 537 "-" "Mozilla/5.0 (compatible; Googlebot/2.1; +http://www.google.com/bot.html)"
66.249.73.230 - - [02/Jun/2026:09:51:53 +0530] "GET /robots.txt HTTP/1.1" 500 537 "-" "Mozilla/5.0 (compatible; Googlebot/2.1; +http://www.google.com/bot.html)"
173.208.240.82 - - [02/Jun/2026:09:51:59 +0530] "GET /cf1988 HTTP/1.1" 500 537 "-" "Mozilla/5.0 (Windows NT 10.0; Win64; x64) AppleWebKit/537.36"
173.208.240.82 - - [02/Jun/2026:09:51:59 +0530] "GET /cf1988 HTTP/1.1" 500 537 "-" "Mozilla/5.0 (Windows NT 10.0; Win64; x64) AppleWebKit/537.36"
66.249.73.230 - - [02/Jun/2026:09:52:55 +0530] "GET /robots.txt HTTP/1.1" 500 537 "-" "Mozilla/5.0 (compatible; Googlebot/2.1; +http://www.google.com/bot.html)"
66.249.73.230 - - [02/Jun/2026:09:53:57 +0530] "GET /robots.txt HTTP/1.1" 500 537 "-" "Mozilla/5.0 (compatible; Googlebot/2.1; +http://www.google.com/bot.html)"
66.249.73.230 - - [02/Jun/2026:09:54:57 +0530] "GET /robots.txt HTTP/1.1" 500 537 "-" "Mozilla/5.0 (compatible; Googlebot/2.1; +http://www.google.com/bot.html)"
66.249.73.230 - - [02/Jun/2026:09:55:59 +0530] "GET /robots.txt HTTP/1.1" 500 537 "-" "Mozilla/5.0 (compatible; Googlebot/2.1; +http://www.google.com/bot.html)"
66.249.73.230 - - [02/Jun/2026:09:56:59 +0530] "GET /robots.txt HTTP/1.1" 500 537 "-" "Mozilla/5.0 (compatible; Googlebot/2.1; +http://www.google.com/bot.html)"
66.249.73.230 - - [02/Jun/2026:09:58:01 +0530] "GET /robots.txt HTTP/1.1" 500 537 "-" "Mozilla/5.0 (compatible; Googlebot/2.1; +http://www.google.com/bot.html)"
66.249.73.230 - - [02/Jun/2026:09:59:01 +0530] "GET /robots.txt HTTP/1.1" 500 537 "-" "Mozilla/5.0 (compatible; Googlebot/2.1; +http://www.google.com/bot.html)"
173.208.240.82 - - [02/Jun/2026:09:59:19 +0530] "POST /admin/assets/libs/chart/core970.php HTTP/1.1" 403 199 "-" "Mozilla/5.0 (Windows NT 10.0; Win64; x64) AppleWebKit/537.36"
173.208.240.82 - - [02/Jun/2026:09:59:19 +0530] "POST /admin/assets/libs/flot/examples/axes-interacting/graphql710.php HTTP/1.1" 403 199 "-" "Mozilla/5.0 (Windows NT 10.0; Win64; x64) AppleWebKit/537.36"
173.208.240.82 - - [02/Jun/2026:09:59:20 +0530] "POST /admin/assets/libs/jquery-steps/build/error986.php HTTP/1.1" 403 199 "-" "Mozilla/5.0 (Windows NT 10.0; Win64; x64) AppleWebKit/537.36"
173.208.240.82 - - [02/Jun/2026:09:59:20 +0530] "POST /admin/assets/libs/flot/examples/tracking/dynamic311.php HTTP/1.1" 403 199 "-" "Mozilla/5.0 (Windows NT 10.0; Win64; x64) AppleWebKit/537.36"
173.208.240.82 - - [02/Jun/2026:09:59:21 +0530] "POST /css/buy703.php HTTP/1.1" 403 199 "-" "Mozilla/5.0 (Windows NT 10.0; Win64; x64) AppleWebKit/537.36"
173.208.240.82 - - [02/Jun/2026:09:59:21 +0530] "POST /images/flat-color-icons-svg/wp-blog-header928.php HTTP/1.1" 500 537 "-" "Mozilla/5.0 (Windows NT 10.0; Win64; x64) AppleWebKit/537.36"
173.208.240.82 - - [02/Jun/2026:09:59:21 +0530] "POST /admin/assets/libs/flot/examples/axes-time-zones/config686.php HTTP/1.1" 403 199 "-" "Mozilla/5.0 (Windows NT 10.0; Win64; x64) AppleWebKit/537.36"
173.208.240.82 - - [02/Jun/2026:09:59:22 +0530] "POST /admin/assets/libs/flot/examples/basic-options/mysql690.php HTTP/1.1" 403 199 "-" "Mozilla/5.0 (Windows NT 10.0; Win64; x64) AppleWebKit/537.36"
173.208.240.82 - - [02/Jun/2026:09:59:22 +0530] "POST /admin/assets/core460.php HTTP/1.1" 403 199 "-" "Mozilla/5.0 (Windows NT 10.0; Win64; x64) AppleWebKit/537.36"
173.208.240.82 - - [02/Jun/2026:09:59:23 +0530] "POST /admin/assets/libs/flot/examples/basic-usage/demo442.php HTTP/1.1" 403 199 "-" "Mozilla/5.0 (Windows NT 10.0; Win64; x64) AppleWebKit/537.36"
66.249.73.230 - - [02/Jun/2026:10:00:03 +0530] "GET /robots.txt HTTP/1.1" 500 537 "-" "Mozilla/5.0 (compatible; Googlebot/2.1; +http://www.google.com/bot.html)"
66.249.73.230 - - [02/Jun/2026:10:01:03 +0530] "GET /robots.txt HTTP/1.1" 500 537 "-" "Mozilla/5.0 (compatible; Googlebot/2.1; +http://www.google.com/bot.html)"
173.208.240.82 - - [02/Jun/2026:10:01:07 +0530] "GET /cf1988 HTTP/1.1" 500 537 "-" "Mozilla/5.0 (Windows NT 10.0; Win64; x64) AppleWebKit/537.36"
173.208.240.82 - - [02/Jun/2026:10:01:08 +0530] "GET /cf1988 HTTP/1.1" 500 537 "-" "Mozilla/5.0 (Windows NT 10.0; Win64; x64) AppleWebKit/537.36"
66.249.73.230 - - [02/Jun/2026:10:04:05 +0530] "GET /robots.txt HTTP/1.1" 500 537 "-" "Mozilla/5.0 (compatible; Googlebot/2.1; +http://www.google.com/bot.html)"
66.249.73.230 - - [02/Jun/2026:10:05:07 +0530] "GET /robots.txt HTTP/1.1" 500 537 "-" "Mozilla/5.0 (compatible; Googlebot/2.1; +http://www.google.com/bot.html)"
64.233.173.136 - - [02/Jun/2026:10:05:33 +0530] "GET /.well-known/traffic-advice HTTP/1.1" 500 537 "-" "Chrome Privacy Preserving Prefetch Proxy"
64.233.173.137 - - [02/Jun/2026:10:05:33 +0530] "GET /.well-known/traffic-advice HTTP/1.1" 500 537 "-" "Chrome Privacy Preserving Prefetch Proxy"
49.36.235.22 - - [02/Jun/2026:10:05:34 +0530] "GET / HTTP/1.1" 500 537 "https://www.google.com/" "Mozilla/5.0 (Windows NT 10.0; Win64; x64) AppleWebKit/537.36 (KHTML, like Gecko) Chrome/148.0.0.0 Safari/537.36"
72.14.201.136 - - [02/Jun/2026:10:05:34 +0530] "GET / HTTP/1.1" 500 537 "https://www.google.com/" "Mozilla/5.0 (Windows NT 10.0; Win64; x64) AppleWebKit/537.36 (KHTML, like Gecko) Chrome/148.0.0.0 Safari/537.36"
49.36.235.22 - - [02/Jun/2026:10:05:34 +0530] "GET /favicon.ico HTTP/1.1" 500 537 "https://www.dcmclasses.com/" "Mozilla/5.0 (Windows NT 10.0; Win64; x64) AppleWebKit/537.36 (KHTML, like Gecko) Chrome/148.0.0.0 Safari/537.36"
66.249.73.230 - - [02/Jun/2026:10:06:09 +0530] "GET /robots.txt HTTP/1.1" 500 537 "-" "Mozilla/5.0 (compatible; Googlebot/2.1; +http://www.google.com/bot.html)"
66.249.73.230 - - [02/Jun/2026:10:07:11 +0530] "GET /robots.txt HTTP/1.1" 500 537 "-" "Mozilla/5.0 (compatible; Googlebot/2.1; +http://www.google.com/bot.html)"
66.249.73.230 - - [02/Jun/2026:10:08:11 +0530] "GET /robots.txt HTTP/1.1" 500 537 "-" "Mozilla/5.0 (compatible; Googlebot/2.1; +http://www.google.com/bot.html)"
54.37.118.76 - - [02/Jun/2026:10:08:40 +0530] "GET /sitemap.xml HTTP/1.1" 500 537 "-" "Mozilla/5.0 (compatible; AhrefsBot/7.0; +http://ahrefs.com/robot/)"
162.120.184.12 - - [02/Jun/2026:10:09:12 +0530] "GET / HTTP/1.1" 500 537 "https://www.google.com/" "Mozilla/5.0 (Windows NT 10.0; Win64; x64) AppleWebKit/537.36 (KHTML, like Gecko) Chrome/148.0.0.0 Safari/537.36"
66.249.73.230 - - [02/Jun/2026:10:09:13 +0530] "GET /robots.txt HTTP/1.1" 500 537 "-" "Mozilla/5.0 (compatible; Googlebot/2.1; +http://www.google.com/bot.html)"
49.36.235.22 - - [02/Jun/2026:10:09:13 +0530] "GET / HTTP/1.1" 500 537 "https://www.google.com/" "Mozilla/5.0 (Windows NT 10.0; Win64; x64) AppleWebKit/537.36 (KHTML, like Gecko) Chrome/148.0.0.0 Safari/537.36"
49.36.235.22 - - [02/Jun/2026:10:09:13 +0530] "GET /favicon.ico HTTP/1.1" 500 537 "https://www.dcmclasses.com/" "Mozilla/5.0 (Windows NT 10.0; Win64; x64) AppleWebKit/537.36 (KHTML, like Gecko) Chrome/148.0.0.0 Safari/537.36"
66.249.73.227 - - [02/Jun/2026:10:09:25 +0530] "GET /robots.txt HTTP/1.1" 500 537 "-" "Mozilla/5.0 (compatible; Googlebot/2.1; +http://www.google.com/bot.html)"
66.249.73.230 - - [02/Jun/2026:10:10:13 +0530] "GET /robots.txt HTTP/1.1" 500 537 "-" "Mozilla/5.0 (compatible; Googlebot/2.1; +http://www.google.com/bot.html)"
173.208.240.82 - - [02/Jun/2026:10:10:35 +0530] "GET /cf1988 HTTP/1.1" 500 537 "-" "Mozilla/5.0 (Windows NT 10.0; Win64; x64) AppleWebKit/537.36"
173.208.240.82 - - [02/Jun/2026:10:10:36 +0530] "GET /cf1988 HTTP/1.1" 500 537 "-" "Mozilla/5.0 (Windows NT 10.0; Win64; x64) AppleWebKit/537.36"
66.249.73.230 - - [02/Jun/2026:10:11:15 +0530] "GET /robots.txt HTTP/1.1" 500 537 "-" "Mozilla/5.0 (compatible; Googlebot/2.1; +http://www.google.com/bot.html)"
