223.185.16.48 - - [27/Jun/2026:11:32:16 +0530] "GET /admin/uploads/gallery/DSCN9607.JPG HTTP/1.1" 200 3249411 "https://ramastructure.com/" "Mozilla/5.0 (Windows NT 10.0; Win64; x64) AppleWebKit/537.36 (KHTML, like Gecko) Chrome/149.0.0.0 Safari/537.36"
223.185.16.48 - - [27/Jun/2026:11:32:25 +0530] "GET /admin/uploads/gallery/DSCN9611.JPG HTTP/1.1" 200 3537379 "https://ramastructure.com/" "Mozilla/5.0 (Windows NT 10.0; Win64; x64) AppleWebKit/537.36 (KHTML, like Gecko) Chrome/149.0.0.0 Safari/537.36"
223.185.16.48 - - [27/Jun/2026:11:32:31 +0530] "GET /admin/uploads/category/single-pole-solar-mounting-struc.jpg HTTP/1.1" 404 196 "https://ramastructure.com/" "Mozilla/5.0 (Windows NT 10.0; Win64; x64) AppleWebKit/537.36 (KHTML, like Gecko) Chrome/149.0.0.0 Safari/537.36"
223.185.16.48 - - [27/Jun/2026:11:32:25 +0530] "GET /admin/uploads/gallery/DSCN9610.JPG HTTP/1.1" 200 3527628 "https://ramastructure.com/" "Mozilla/5.0 (Windows NT 10.0; Win64; x64) AppleWebKit/537.36 (KHTML, like Gecko) Chrome/149.0.0.0 Safari/537.36"
52.35.47.84 - - [27/Jun/2026:11:32:33 +0530] "GET / HTTP/1.1" 200 43472 "-" "Mozilla/5.0 (Windows NT 10.0; Win64; x64) AppleWebKit/537.36 (KHTML, like Gecko) Chrome/136.0.0.0 Safari/537.36"
143.244.168.161 - - [27/Jun/2026:11:32:33 +0530] "GET / HTTP/1.1" 200 43472 "-" "Mozilla/5.0 (l9scan/2.0.6383e2830313e2337313e2735313; +https://leakix.net)"
134.122.28.88 - - [27/Jun/2026:11:32:33 +0530] "GET / HTTP/1.1" 200 43472 "-" "Mozilla/5.0 (l9scan/2.0.6383e2830313e2337313e2735313; +https://leakix.net)"
159.89.127.165 - - [27/Jun/2026:11:32:33 +0530] "GET / HTTP/1.1" 200 43472 "-" "Mozilla/5.0 (l9scan/2.0.6383e2830313e2337313e2735313; +https://leakix.net)"
139.59.231.238 - - [27/Jun/2026:11:32:34 +0530] "GET / HTTP/1.1" 200 43472 "-" "Mozilla/5.0 (l9scan/2.0.6383e2830313e2337313e2735313; +https://leakix.net)"
134.122.28.88 - - [27/Jun/2026:11:32:34 +0530] "GET /console/ HTTP/1.1" 200 4306 "-" "Mozilla/5.0 (l9scan/2.0.6383e2830313e2337313e2735313; +https://leakix.net)"
143.244.168.161 - - [27/Jun/2026:11:32:34 +0530] "GET /console/ HTTP/1.1" 200 4306 "-" "Mozilla/5.0 (l9scan/2.0.6383e2830313e2337313e2735313; +https://leakix.net)"
159.89.127.165 - - [27/Jun/2026:11:32:34 +0530] "GET /console/ HTTP/1.1" 200 4306 "-" "Mozilla/5.0 (l9scan/2.0.6383e2830313e2337313e2735313; +https://leakix.net)"
223.185.16.48 - - [27/Jun/2026:11:32:26 +0530] "GET /admin/uploads/gallery/DSCN9612.JPG HTTP/1.1" 200 3589286 "https://ramastructure.com/" "Mozilla/5.0 (Windows NT 10.0; Win64; x64) AppleWebKit/537.36 (KHTML, like Gecko) Chrome/149.0.0.0 Safari/537.36"
134.122.28.88 - - [27/Jun/2026:11:32:35 +0530] "GET /server HTTP/1.1" 200 4306 "-" "Mozilla/5.0 (l9scan/2.0.6383e2830313e2337313e2735313; +https://leakix.net)"
143.244.168.161 - - [27/Jun/2026:11:32:35 +0530] "GET /server HTTP/1.1" 200 4306 "-" "Mozilla/5.0 (l9scan/2.0.6383e2830313e2337313e2735313; +https://leakix.net)"
159.89.127.165 - - [27/Jun/2026:11:32:35 +0530] "GET /server HTTP/1.1" 200 4306 "-" "Mozilla/5.0 (l9scan/2.0.6383e2830313e2337313e2735313; +https://leakix.net)"
139.59.231.238 - - [27/Jun/2026:11:32:35 +0530] "GET /console/ HTTP/1.1" 200 4306 "-" "Mozilla/5.0 (l9scan/2.0.6383e2830313e2337313e2735313; +https://leakix.net)"
134.122.28.88 - - [27/Jun/2026:11:32:36 +0530] "GET /server-status HTTP/1.1" 403 199 "-" "Mozilla/5.0 (l9scan/2.0.6383e2830313e2337313e2735313; +https://leakix.net)"
143.244.168.161 - - [27/Jun/2026:11:32:36 +0530] "GET /server-status HTTP/1.1" 403 199 "-" "Mozilla/5.0 (l9scan/2.0.6383e2830313e2337313e2735313; +https://leakix.net)"
159.89.127.165 - - [27/Jun/2026:11:32:37 +0530] "GET /server-status HTTP/1.1" 403 199 "-" "Mozilla/5.0 (l9scan/2.0.6383e2830313e2337313e2735313; +https://leakix.net)"
223.185.16.48 - - [27/Jun/2026:11:32:31 +0530] "GET /admin/uploads/gallery/DSCN9616.JPG HTTP/1.1" 200 3471851 "https://ramastructure.com/" "Mozilla/5.0 (Windows NT 10.0; Win64; x64) AppleWebKit/537.36 (KHTML, like Gecko) Chrome/149.0.0.0 Safari/537.36"
139.59.231.238 - - [27/Jun/2026:11:32:37 +0530] "GET /server HTTP/1.1" 200 4306 "-" "Mozilla/5.0 (l9scan/2.0.6383e2830313e2337313e2735313; +https://leakix.net)"
143.244.168.161 - - [27/Jun/2026:11:32:37 +0530] "GET /about HTTP/1.1" 200 5693 "-" "Mozilla/5.0 (l9scan/2.0.6383e2830313e2337313e2735313; +https://leakix.net)"
159.89.127.165 - - [27/Jun/2026:11:32:38 +0530] "GET /about HTTP/1.1" 200 5693 "-" "Mozilla/5.0 (l9scan/2.0.6383e2830313e2337313e2735313; +https://leakix.net)"
134.122.28.88 - - [27/Jun/2026:11:32:38 +0530] "GET /about HTTP/1.1" 200 5693 "-" "Mozilla/5.0 (l9scan/2.0.6383e2830313e2337313e2735313; +https://leakix.net)"
139.59.231.238 - - [27/Jun/2026:11:32:38 +0530] "GET /server-status HTTP/1.1" 403 199 "-" "Mozilla/5.0 (l9scan/2.0.6383e2830313e2337313e2735313; +https://leakix.net)"
143.244.168.161 - - [27/Jun/2026:11:32:38 +0530] "GET /login.action HTTP/1.1" 404 196 "-" "Mozilla/5.0 (l9scan/2.0.6383e2830313e2337313e2735313; +https://leakix.net)"
159.89.127.165 - - [27/Jun/2026:11:32:38 +0530] "GET /login.action HTTP/1.1" 404 196 "-" "Mozilla/5.0 (l9scan/2.0.6383e2830313e2337313e2735313; +https://leakix.net)"
134.122.28.88 - - [27/Jun/2026:11:32:38 +0530] "GET /login.action HTTP/1.1" 404 196 "-" "Mozilla/5.0 (l9scan/2.0.6383e2830313e2337313e2735313; +https://leakix.net)"
144.31.127.75 - - [27/Jun/2026:11:32:38 +0530] "GET /config HTTP/1.1" 200 18608 "-" "Mozilla/5.0 (Windows NT 10.0; Win64; x64) AppleWebKit/537.36 (KHTML, like Gecko) Chrome/136.0.0.0 Safari/537.36"
143.244.168.161 - - [27/Jun/2026:11:32:42 +0530] "GET /___proxy_subdomain_whm/login HTTP/1.1" 404 196 "-" "Mozilla/5.0 (l9scan/2.0.6383e2830313e2337313e2735313; +https://leakix.net)"
223.185.16.48 - - [27/Jun/2026:11:32:27 +0530] "GET /admin/uploads/gallery/DSCN9614.JPG HTTP/1.1" 200 3619131 "https://ramastructure.com/" "Mozilla/5.0 (Windows NT 10.0; Win64; x64) AppleWebKit/537.36 (KHTML, like Gecko) Chrome/149.0.0.0 Safari/537.36"
223.185.16.48 - - [27/Jun/2026:11:32:33 +0530] "GET /admin/uploads/gallery/DSCN9620.JPG HTTP/1.1" 200 3746102 "https://ramastructure.com/" "Mozilla/5.0 (Windows NT 10.0; Win64; x64) AppleWebKit/537.36 (KHTML, like Gecko) Chrome/149.0.0.0 Safari/537.36"
139.59.231.238 - - [27/Jun/2026:11:32:42 +0530] "GET /login.action HTTP/1.1" 404 196 "-" "Mozilla/5.0 (l9scan/2.0.6383e2830313e2337313e2735313; +https://leakix.net)"
143.244.168.161 - - [27/Jun/2026:11:32:42 +0530] "GET /___proxy_subdomain_cpanel HTTP/1.1" 404 196 "-" "Mozilla/5.0 (l9scan/2.0.6383e2830313e2337313e2735313; +https://leakix.net)"
159.89.127.165 - - [27/Jun/2026:11:32:42 +0530] "GET /___proxy_subdomain_whm/login HTTP/1.1" 404 196 "-" "Mozilla/5.0 (l9scan/2.0.6383e2830313e2337313e2735313; +https://leakix.net)"
143.244.168.161 - - [27/Jun/2026:11:32:43 +0530] "GET /v2/_catalog HTTP/1.1" 404 196 "-" "Mozilla/5.0 (l9scan/2.0.6383e2830313e2337313e2735313; +https://leakix.net)"
159.89.127.165 - - [27/Jun/2026:11:32:43 +0530] "GET /___proxy_subdomain_cpanel HTTP/1.1" 404 196 "-" "Mozilla/5.0 (l9scan/2.0.6383e2830313e2337313e2735313; +https://leakix.net)"
134.122.28.88 - - [27/Jun/2026:11:32:43 +0530] "GET /___proxy_subdomain_whm/login HTTP/1.1" 404 196 "-" "Mozilla/5.0 (l9scan/2.0.6383e2830313e2337313e2735313; +https://leakix.net)"
223.185.16.48 - - [27/Jun/2026:11:32:39 +0530] "GET /admin/uploads/gallery/DSCN9623.JPG HTTP/1.1" 200 3440510 "https://ramastructure.com/" "Mozilla/5.0 (Windows NT 10.0; Win64; x64) AppleWebKit/537.36 (KHTML, like Gecko) Chrome/149.0.0.0 Safari/537.36"
143.244.168.161 - - [27/Jun/2026:11:32:44 +0530] "GET /.DS_Store HTTP/1.1" 404 196 "-" "Mozilla/5.0 (l9scan/2.0.6383e2830313e2337313e2735313; +https://leakix.net)"
159.89.127.165 - - [27/Jun/2026:11:32:40 +0530] "GET / HTTP/1.1" 200 6669 "-" "Mozilla/5.0 (l9scan/2.0.6383e2830313e2337313e2735313; +https://leakix.net)"
134.122.28.88 - - [27/Jun/2026:11:32:44 +0530] "GET /___proxy_subdomain_cpanel HTTP/1.1" 404 196 "-" "Mozilla/5.0 (l9scan/2.0.6383e2830313e2337313e2735313; +https://leakix.net)"
185.213.193.204 - - [27/Jun/2026:11:32:40 +0530] "GET / HTTP/1.1" 200 6669 "-" "Mozilla/5.0 (Macintosh; Intel Mac OS X 10_15_7) AppleWebKit/537.36 (KHTML, like Gecko) Chrome/146.0.0.0 Safari/537.36"
223.247.186.137 - - [27/Jun/2026:11:32:44 +0530] "GET /.env HTTP/1.1" 404 196 "-" "Mozilla/5.0 (Windows NT 10.0; Win64; x64) AppleWebKit/537.36 (KHTML, like Gecko) Chrome/136.0.0.0 Safari/537.36"
134.122.28.88 - - [27/Jun/2026:11:32:44 +0530] "GET /v2/_catalog HTTP/1.1" 404 196 "-" "Mozilla/5.0 (l9scan/2.0.6383e2830313e2337313e2735313; +https://leakix.net)"
143.244.168.161 - - [27/Jun/2026:11:32:44 +0530] "GET /.env HTTP/1.1" 404 196 "-" "Mozilla/5.0 (l9scan/2.0.6383e2830313e2337313e2735313; +https://leakix.net)"
159.89.127.165 - - [27/Jun/2026:11:32:45 +0530] "GET /v2/_catalog HTTP/1.1" 404 196 "-" "Mozilla/5.0 (l9scan/2.0.6383e2830313e2337313e2735313; +https://leakix.net)"
134.122.28.88 - - [27/Jun/2026:11:32:39 +0530] "GET / HTTP/1.1" 200 6669 "-" "Mozilla/5.0 (l9scan/2.0.6383e2830313e2337313e2735313; +https://leakix.net)"
104.164.126.213 - - [27/Jun/2026:11:32:41 +0530] "GET / HTTP/1.1" 200 6669 "-" "Mozilla/5.0 (Macintosh; Intel Mac OS X 10_15_7) AppleWebKit/537.36 (KHTML, like Gecko) Chrome/131.0.0.0 Safari/537.36"
143.244.168.161 - - [27/Jun/2026:11:32:39 +0530] "GET / HTTP/1.1" 200 6669 "-" "Mozilla/5.0 (l9scan/2.0.6383e2830313e2337313e2735313; +https://leakix.net)"
159.89.127.165 - - [27/Jun/2026:11:32:45 +0530] "GET /.DS_Store HTTP/1.1" 404 196 "-" "Mozilla/5.0 (l9scan/2.0.6383e2830313e2337313e2735313; +https://leakix.net)"
139.59.231.238 - - [27/Jun/2026:11:32:43 +0530] "GET / HTTP/1.1" 200 6669 "-" "Mozilla/5.0 (l9scan/2.0.6383e2830313e2337313e2735313; +https://leakix.net)"
103.4.251.141 - - [27/Jun/2026:11:32:40 +0530] "GET / HTTP/1.1" 200 6669 "-" "Mozilla/5.0 (X11; Linux x86_64) AppleWebKit/537.36 (KHTML, like Gecko) Chrome/130.0.0.0 Safari/537.36"
139.59.231.238 - - [27/Jun/2026:11:32:39 +0530] "GET /about HTTP/1.1" 200 5693 "-" "Mozilla/5.0 (l9scan/2.0.6383e2830313e2337313e2735313; +https://leakix.net)"
134.122.28.88 - - [27/Jun/2026:11:32:45 +0530] "GET /.DS_Store HTTP/1.1" 404 196 "-" "Mozilla/5.0 (l9scan/2.0.6383e2830313e2337313e2735313; +https://leakix.net)"
139.59.231.238 - - [27/Jun/2026:11:32:46 +0530] "GET /___proxy_subdomain_whm/login HTTP/1.1" 404 196 "-" "Mozilla/5.0 (l9scan/2.0.6383e2830313e2337313e2735313; +https://leakix.net)"
139.59.231.238 - - [27/Jun/2026:11:32:46 +0530] "GET /___proxy_subdomain_cpanel HTTP/1.1" 404 196 "-" "Mozilla/5.0 (l9scan/2.0.6383e2830313e2337313e2735313; +https://leakix.net)"
159.89.127.165 - - [27/Jun/2026:11:32:46 +0530] "GET /.env HTTP/1.1" 404 196 "-" "Mozilla/5.0 (l9scan/2.0.6383e2830313e2337313e2735313; +https://leakix.net)"
134.122.28.88 - - [27/Jun/2026:11:32:47 +0530] "GET /.env HTTP/1.1" 404 196 "-" "Mozilla/5.0 (l9scan/2.0.6383e2830313e2337313e2735313; +https://leakix.net)"
143.244.168.161 - - [27/Jun/2026:11:32:47 +0530] "GET /ecp/Current/exporttool/microsoft.exchange.ediscovery.exporttool.application HTTP/1.1" 404 196 "-" "Mozilla/5.0 (l9scan/2.0.6383e2830313e2337313e2735313; +https://leakix.net)"
139.59.231.238 - - [27/Jun/2026:11:32:47 +0530] "GET /v2/_catalog HTTP/1.1" 404 196 "-" "Mozilla/5.0 (l9scan/2.0.6383e2830313e2337313e2735313; +https://leakix.net)"
185.213.193.204 - - [27/Jun/2026:11:32:47 +0530] "GET / HTTP/1.1" 200 6669 "-" "Mozilla/5.0 (Macintosh; Intel Mac OS X 10_15_7) AppleWebKit/537.36 (KHTML, like Gecko) Chrome/146.0.0.0 Safari/537.36"
185.213.193.204 - - [27/Jun/2026:11:32:47 +0530] "GET /images/fav.png HTTP/1.1" 200 18737 "-" "Mozilla/5.0 (Macintosh; Intel Mac OS X 10_15_7) AppleWebKit/537.36 (KHTML, like Gecko) Chrome/146.0.0.0 Safari/537.36"
223.185.16.48 - - [27/Jun/2026:11:32:38 +0530] "GET /admin/uploads/gallery/DSCN9622.JPG HTTP/1.1" 200 3361413 "https://ramastructure.com/" "Mozilla/5.0 (Windows NT 10.0; Win64; x64) AppleWebKit/537.36 (KHTML, like Gecko) Chrome/149.0.0.0 Safari/537.36"
139.59.231.238 - - [27/Jun/2026:11:32:48 +0530] "GET /.DS_Store HTTP/1.1" 404 196 "-" "Mozilla/5.0 (l9scan/2.0.6383e2830313e2337313e2735313; +https://leakix.net)"
114.217.53.50 - - [27/Jun/2026:11:32:48 +0530] "GET /.env.local HTTP/1.1" 404 196 "-" "Mozilla/5.0 (Windows NT 10.0; Win64; x64) AppleWebKit/537.36 (KHTML, like Gecko) Chrome/136.0.0.0 Safari/537.36"
223.185.16.48 - - [27/Jun/2026:11:32:44 +0530] "GET /admin/uploads/gallery/DSCN9628.JPG HTTP/1.1" 200 3350013 "https://ramastructure.com/" "Mozilla/5.0 (Windows NT 10.0; Win64; x64) AppleWebKit/537.36 (KHTML, like Gecko) Chrome/149.0.0.0 Safari/537.36"
159.89.127.165 - - [27/Jun/2026:11:32:48 +0530] "GET /ecp/Current/exporttool/microsoft.exchange.ediscovery.exporttool.application HTTP/1.1" 404 196 "-" "Mozilla/5.0 (l9scan/2.0.6383e2830313e2337313e2735313; +https://leakix.net)"
223.185.16.48 - - [27/Jun/2026:11:32:32 +0530] "GET /admin/uploads/gallery/DSCN9618.JPG HTTP/1.1" 200 3505614 "https://ramastructure.com/" "Mozilla/5.0 (Windows NT 10.0; Win64; x64) AppleWebKit/537.36 (KHTML, like Gecko) Chrome/149.0.0.0 Safari/537.36"
143.244.168.161 - - [27/Jun/2026:11:32:49 +0530] "GET /.git/config HTTP/1.1" 404 196 "-" "Mozilla/5.0 (l9scan/2.0.6383e2830313e2337313e2735313; +https://leakix.net)"
139.59.231.238 - - [27/Jun/2026:11:32:49 +0530] "GET /.env HTTP/1.1" 404 196 "-" "Mozilla/5.0 (l9scan/2.0.6383e2830313e2337313e2735313; +https://leakix.net)"
134.122.28.88 - - [27/Jun/2026:11:32:49 +0530] "GET /ecp/Current/exporttool/microsoft.exchange.ediscovery.exporttool.application HTTP/1.1" 404 196 "-" "Mozilla/5.0 (l9scan/2.0.6383e2830313e2337313e2735313; +https://leakix.net)"
223.185.16.48 - - [27/Jun/2026:11:32:49 +0530] "GET /admin/uploads/gallery/heroSectionBackground.jpg HTTP/1.1" 200 498250 "https://ramastructure.com/" "Mozilla/5.0 (Windows NT 10.0; Win64; x64) AppleWebKit/537.36 (KHTML, like Gecko) Chrome/149.0.0.0 Safari/537.36"
223.185.16.48 - - [27/Jun/2026:11:32:49 +0530] "GET /admin/uploads/testimonials/logo.jpg HTTP/1.1" 200 28087 "https://ramastructure.com/" "Mozilla/5.0 (Windows NT 10.0; Win64; x64) AppleWebKit/537.36 (KHTML, like Gecko) Chrome/149.0.0.0 Safari/537.36"
223.185.16.48 - - [27/Jun/2026:11:32:50 +0530] "GET /admin/uploads/testimonials/logo.jpeg HTTP/1.1" 200 96382 "https://ramastructure.com/" "Mozilla/5.0 (Windows NT 10.0; Win64; x64) AppleWebKit/537.36 (KHTML, like Gecko) Chrome/149.0.0.0 Safari/537.36"
143.244.168.161 - - [27/Jun/2026:11:32:49 +0530] "POST /graphql HTTP/1.1" 200 4306 "-" "Mozilla/5.0 (l9scan/2.0.6383e2830313e2337313e2735313; +https://leakix.net)"
223.185.16.48 - - [27/Jun/2026:11:32:50 +0530] "GET /admin/uploads/testimonials/WhatsApp%20Image%202025-10-05%20at%2014.54.35_7edaede0.jpg HTTP/1.1" 200 17090 "https://ramastructure.com/" "Mozilla/5.0 (Windows NT 10.0; Win64; x64) AppleWebKit/537.36 (KHTML, like Gecko) Chrome/149.0.0.0 Safari/537.36"
223.185.16.48 - - [27/Jun/2026:11:32:50 +0530] "GET /images/bg/counter-bg.jpg HTTP/1.1" 200 498250 "https://ramastructure.com/style.css" "Mozilla/5.0 (Windows NT 10.0; Win64; x64) AppleWebKit/537.36 (KHTML, like Gecko) Chrome/149.0.0.0 Safari/537.36"
159.89.127.165 - - [27/Jun/2026:11:32:50 +0530] "GET /.git/config HTTP/1.1" 404 196 "-" "Mozilla/5.0 (l9scan/2.0.6383e2830313e2337313e2735313; +https://leakix.net)"
134.122.28.88 - - [27/Jun/2026:11:32:51 +0530] "GET /.git/config HTTP/1.1" 404 196 "-" "Mozilla/5.0 (l9scan/2.0.6383e2830313e2337313e2735313; +https://leakix.net)"
139.59.231.238 - - [27/Jun/2026:11:32:51 +0530] "GET /ecp/Current/exporttool/microsoft.exchange.ediscovery.exporttool.application HTTP/1.1" 404 196 "-" "Mozilla/5.0 (l9scan/2.0.6383e2830313e2337313e2735313; +https://leakix.net)"
143.244.168.161 - - [27/Jun/2026:11:32:50 +0530] "POST /api HTTP/1.1" 200 4306 "-" "Mozilla/5.0 (l9scan/2.0.6383e2830313e2337313e2735313; +https://leakix.net)"
143.244.168.161 - - [27/Jun/2026:11:32:51 +0530] "POST /api/graphql HTTP/1.1" 404 196 "-" "Mozilla/5.0 (l9scan/2.0.6383e2830313e2337313e2735313; +https://leakix.net)"
143.244.168.161 - - [27/Jun/2026:11:32:51 +0530] "POST /graphql/api HTTP/1.1" 404 196 "-" "Mozilla/5.0 (l9scan/2.0.6383e2830313e2337313e2735313; +https://leakix.net)"
143.244.168.161 - - [27/Jun/2026:11:32:51 +0530] "POST /api/gql HTTP/1.1" 404 196 "-" "Mozilla/5.0 (l9scan/2.0.6383e2830313e2337313e2735313; +https://leakix.net)"
159.89.127.165 - - [27/Jun/2026:11:32:51 +0530] "POST /graphql HTTP/1.1" 200 4306 "-" "Mozilla/5.0 (l9scan/2.0.6383e2830313e2337313e2735313; +https://leakix.net)"
143.244.168.161 - - [27/Jun/2026:11:32:52 +0530] "GET /s/6383e2830313e2337313e2735313/_/;/META-INF/maven/com.atlassian.jira/jira-webapp-dist/pom.properties HTTP/1.1" 404 196 "-" "Mozilla/5.0 (l9scan/2.0.6383e2830313e2337313e2735313; +https://leakix.net)"
134.122.28.88 - - [27/Jun/2026:11:32:52 +0530] "POST /graphql HTTP/1.1" 200 4306 "-" "Mozilla/5.0 (l9scan/2.0.6383e2830313e2337313e2735313; +https://leakix.net)"
159.89.127.165 - - [27/Jun/2026:11:32:52 +0530] "POST /api HTTP/1.1" 200 4306 "-" "Mozilla/5.0 (l9scan/2.0.6383e2830313e2337313e2735313; +https://leakix.net)"
104.164.126.213 - - [27/Jun/2026:11:32:52 +0530] "GET / HTTP/1.1" 200 6669 "-" "Mozilla/5.0 (Macintosh; Intel Mac OS X 10_15_7) AppleWebKit/537.36 (KHTML, like Gecko) Chrome/131.0.0.0 Safari/537.36"
143.244.168.161 - - [27/Jun/2026:11:32:53 +0530] "GET /config.json HTTP/1.1" 404 196 "-" "Mozilla/5.0 (l9scan/2.0.6383e2830313e2337313e2735313; +https://leakix.net)"
134.122.28.88 - - [27/Jun/2026:11:32:52 +0530] "POST /api HTTP/1.1" 200 4306 "-" "Mozilla/5.0 (l9scan/2.0.6383e2830313e2337313e2735313; +https://leakix.net)"
139.59.231.238 - - [27/Jun/2026:11:32:53 +0530] "GET /.git/config HTTP/1.1" 404 196 "-" "Mozilla/5.0 (l9scan/2.0.6383e2830313e2337313e2735313; +https://leakix.net)"
159.89.127.165 - - [27/Jun/2026:11:32:53 +0530] "POST /api/graphql HTTP/1.1" 404 196 "-" "Mozilla/5.0 (l9scan/2.0.6383e2830313e2337313e2735313; +https://leakix.net)"
134.122.28.88 - - [27/Jun/2026:11:32:53 +0530] "POST /api/graphql HTTP/1.1" 404 196 "-" "Mozilla/5.0 (l9scan/2.0.6383e2830313e2337313e2735313; +https://leakix.net)"
159.89.127.165 - - [27/Jun/2026:11:32:53 +0530] "POST /graphql/api HTTP/1.1" 404 196 "-" "Mozilla/5.0 (l9scan/2.0.6383e2830313e2337313e2735313; +https://leakix.net)"
134.122.28.88 - - [27/Jun/2026:11:32:53 +0530] "POST /graphql/api HTTP/1.1" 404 196 "-" "Mozilla/5.0 (l9scan/2.0.6383e2830313e2337313e2735313; +https://leakix.net)"
223.185.16.48 - - [27/Jun/2026:11:32:43 +0530] "GET /admin/uploads/gallery/DSCN9626.JPG HTTP/1.1" 200 3573562 "https://ramastructure.com/" "Mozilla/5.0 (Windows NT 10.0; Win64; x64) AppleWebKit/537.36 (KHTML, like Gecko) Chrome/149.0.0.0 Safari/537.36"
159.89.127.165 - - [27/Jun/2026:11:32:54 +0530] "POST /api/gql HTTP/1.1" 404 196 "-" "Mozilla/5.0 (l9scan/2.0.6383e2830313e2337313e2735313; +https://leakix.net)"
134.122.28.88 - - [27/Jun/2026:11:32:54 +0530] "POST /api/gql HTTP/1.1" 404 196 "-" "Mozilla/5.0 (l9scan/2.0.6383e2830313e2337313e2735313; +https://leakix.net)"
159.89.127.165 - - [27/Jun/2026:11:32:54 +0530] "GET /s/6383e2830313e2337313e2735313/_/;/META-INF/maven/com.atlassian.jira/jira-webapp-dist/pom.properties HTTP/1.1" 404 196 "-" "Mozilla/5.0 (l9scan/2.0.6383e2830313e2337313e2735313; +https://leakix.net)"
134.122.28.88 - - [27/Jun/2026:11:32:54 +0530] "GET /s/6383e2830313e2337313e2735313/_/;/META-INF/maven/com.atlassian.jira/jira-webapp-dist/pom.properties HTTP/1.1" 404 196 "-" "Mozilla/5.0 (l9scan/2.0.6383e2830313e2337313e2735313; +https://leakix.net)"
223.185.16.48 - - [27/Jun/2026:11:32:43 +0530] "GET /admin/uploads/gallery/DSCN9625.JPG HTTP/1.1" 200 3669685 "https://ramastructure.com/" "Mozilla/5.0 (Windows NT 10.0; Win64; x64) AppleWebKit/537.36 (KHTML, like Gecko) Chrome/149.0.0.0 Safari/537.36"
223.185.16.48 - - [27/Jun/2026:11:32:34 +0530] "GET /admin/uploads/gallery/DSCN9621.JPG HTTP/1.1" 200 3679323 "https://ramastructure.com/" "Mozilla/5.0 (Windows NT 10.0; Win64; x64) AppleWebKit/537.36 (KHTML, like Gecko) Chrome/149.0.0.0 Safari/537.36"
143.244.168.161 - - [27/Jun/2026:11:32:55 +0530] "GET /telescope/requests HTTP/1.1" 404 196 "-" "Mozilla/5.0 (l9scan/2.0.6383e2830313e2337313e2735313; +https://leakix.net)"
143.244.168.161 - - [27/Jun/2026:11:32:55 +0530] "POST /php-cgi/php-cgi.exe?%ADd+cgi.force_redirect%3D0+%ADd+disable_functions%3D\"\"+%ADd+allow_url_include%3D1+%ADd+auto_prepend_file%3Dphp://input HTTP/1.1" 404 196 "-" "Mozilla/5.0 (l9scan/2.0.6383e2830313e2337313e2735313; +https://leakix.net)"
159.89.127.165 - - [27/Jun/2026:11:32:55 +0530] "GET /config.json HTTP/1.1" 404 196 "-" "Mozilla/5.0 (l9scan/2.0.6383e2830313e2337313e2735313; +https://leakix.net)"
134.122.28.88 - - [27/Jun/2026:11:32:55 +0530] "GET /config.json HTTP/1.1" 404 196 "-" "Mozilla/5.0 (l9scan/2.0.6383e2830313e2337313e2735313; +https://leakix.net)"
139.59.231.238 - - [27/Jun/2026:11:32:54 +0530] "POST /graphql HTTP/1.1" 200 4306 "-" "Mozilla/5.0 (l9scan/2.0.6383e2830313e2337313e2735313; +https://leakix.net)"
143.244.168.161 - - [27/Jun/2026:11:32:56 +0530] "GET /info.php HTTP/1.1" 404 196 "-" "Mozilla/5.0 (l9scan/2.0.6383e2830313e2337313e2735313; +https://leakix.net)"
149.88.93.190 - - [27/Jun/2026:11:32:56 +0530] "GET /.env.local HTTP/1.1" 404 196 "-" "Mozilla/5.0 (Windows NT 10.0; Win64; x64) AppleWebKit/537.36 (KHTML, like Gecko) Chrome/136.0.0.0 Safari/537.36"
139.59.231.238 - - [27/Jun/2026:11:32:56 +0530] "POST /api HTTP/1.1" 200 4306 "-" "Mozilla/5.0 (l9scan/2.0.6383e2830313e2337313e2735313; +https://leakix.net)"
143.244.168.161 - - [27/Jun/2026:11:32:57 +0530] "GET /.well-known/security.txt HTTP/1.1" 404 196 "-" "Mozilla/5.0 (l9scan/2.0.6383e2830313e2337313e2735313; +https://leakix.net)"
139.59.231.238 - - [27/Jun/2026:11:32:57 +0530] "POST /api/graphql HTTP/1.1" 404 196 "-" "Mozilla/5.0 (l9scan/2.0.6383e2830313e2337313e2735313; +https://leakix.net)"
159.89.127.165 - - [27/Jun/2026:11:32:57 +0530] "GET /telescope/requests HTTP/1.1" 404 196 "-" "Mozilla/5.0 (l9scan/2.0.6383e2830313e2337313e2735313; +https://leakix.net)"
134.122.28.88 - - [27/Jun/2026:11:32:57 +0530] "GET /telescope/requests HTTP/1.1" 404 196 "-" "Mozilla/5.0 (l9scan/2.0.6383e2830313e2337313e2735313; +https://leakix.net)"
139.59.231.238 - - [27/Jun/2026:11:32:57 +0530] "POST /graphql/api HTTP/1.1" 404 196 "-" "Mozilla/5.0 (l9scan/2.0.6383e2830313e2337313e2735313; +https://leakix.net)"
159.89.127.165 - - [27/Jun/2026:11:32:57 +0530] "POST /php-cgi/php-cgi.exe?%ADd+cgi.force_redirect%3D0+%ADd+disable_functions%3D\"\"+%ADd+allow_url_include%3D1+%ADd+auto_prepend_file%3Dphp://input HTTP/1.1" 404 196 "-" "Mozilla/5.0 (l9scan/2.0.6383e2830313e2337313e2735313; +https://leakix.net)"
134.122.28.88 - - [27/Jun/2026:11:32:57 +0530] "POST /php-cgi/php-cgi.exe?%ADd+cgi.force_redirect%3D0+%ADd+disable_functions%3D\"\"+%ADd+allow_url_include%3D1+%ADd+auto_prepend_file%3Dphp://input HTTP/1.1" 404 196 "-" "Mozilla/5.0 (l9scan/2.0.6383e2830313e2337313e2735313; +https://leakix.net)"
223.185.16.48 - - [27/Jun/2026:11:32:50 +0530] "GET /admin/uploads/gallery/DSCN9624.JPG HTTP/1.1" 200 3332002 "https://ramastructure.com/" "Mozilla/5.0 (Windows NT 10.0; Win64; x64) AppleWebKit/537.36 (KHTML, like Gecko) Chrome/149.0.0.0 Safari/537.36"
139.59.231.238 - - [27/Jun/2026:11:32:58 +0530] "POST /api/gql HTTP/1.1" 404 196 "-" "Mozilla/5.0 (l9scan/2.0.6383e2830313e2337313e2735313; +https://leakix.net)"
143.244.168.161 - - [27/Jun/2026:11:32:58 +0530] "GET /actuator/env HTTP/1.1" 404 196 "-" "Mozilla/5.0 (l9scan/2.0.6383e2830313e2337313e2735313; +https://leakix.net)"
159.89.127.165 - - [27/Jun/2026:11:32:58 +0530] "GET /info.php HTTP/1.1" 404 196 "-" "Mozilla/5.0 (l9scan/2.0.6383e2830313e2337313e2735313; +https://leakix.net)"
139.59.231.238 - - [27/Jun/2026:11:32:58 +0530] "GET /s/6383e2830313e2337313e2735313/_/;/META-INF/maven/com.atlassian.jira/jira-webapp-dist/pom.properties HTTP/1.1" 404 196 "-" "Mozilla/5.0 (l9scan/2.0.6383e2830313e2337313e2735313; +https://leakix.net)"
134.122.28.88 - - [27/Jun/2026:11:32:59 +0530] "GET /info.php HTTP/1.1" 404 196 "-" "Mozilla/5.0 (l9scan/2.0.6383e2830313e2337313e2735313; +https://leakix.net)"
143.244.168.161 - - [27/Jun/2026:11:32:59 +0530] "GET /trace.axd HTTP/1.1" 404 196 "-" "Mozilla/5.0 (l9scan/2.0.6383e2830313e2337313e2735313; +https://leakix.net)"
159.89.127.165 - - [27/Jun/2026:11:32:59 +0530] "GET /.well-known/security.txt HTTP/1.1" 404 196 "-" "Mozilla/5.0 (l9scan/2.0.6383e2830313e2337313e2735313; +https://leakix.net)"
139.59.231.238 - - [27/Jun/2026:11:32:59 +0530] "GET /config.json HTTP/1.1" 404 196 "-" "Mozilla/5.0 (l9scan/2.0.6383e2830313e2337313e2735313; +https://leakix.net)"
134.122.28.88 - - [27/Jun/2026:11:32:59 +0530] "GET /.well-known/security.txt HTTP/1.1" 404 196 "-" "Mozilla/5.0 (l9scan/2.0.6383e2830313e2337313e2735313; +https://leakix.net)"
143.244.168.161 - - [27/Jun/2026:11:33:00 +0530] "GET /@vite/env HTTP/1.1" 404 196 "-" "Mozilla/5.0 (l9scan/2.0.6383e2830313e2337313e2735313; +https://leakix.net)"
159.89.127.165 - - [27/Jun/2026:11:33:00 +0530] "GET /actuator/env HTTP/1.1" 404 196 "-" "Mozilla/5.0 (l9scan/2.0.6383e2830313e2337313e2735313; +https://leakix.net)"
223.185.16.48 - - [27/Jun/2026:11:32:49 +0530] "GET /admin/uploads/gallery/DSCN9630.JPG HTTP/1.1" 200 3549341 "https://ramastructure.com/" "Mozilla/5.0 (Windows NT 10.0; Win64; x64) AppleWebKit/537.36 (KHTML, like Gecko) Chrome/149.0.0.0 Safari/537.36"
134.122.28.88 - - [27/Jun/2026:11:33:00 +0530] "GET /actuator/env HTTP/1.1" 404 196 "-" "Mozilla/5.0 (l9scan/2.0.6383e2830313e2337313e2735313; +https://leakix.net)"
143.244.168.161 - - [27/Jun/2026:11:33:01 +0530] "GET /.vscode/sftp.json HTTP/1.1" 404 196 "-" "Mozilla/5.0 (l9scan/2.0.6383e2830313e2337313e2735313; +https://leakix.net)"
223.185.16.48 - - [27/Jun/2026:11:33:01 +0530] "GET /images/fav.png HTTP/1.1" 200 18737 "https://ramastructure.com/" "Mozilla/5.0 (Windows NT 10.0; Win64; x64) AppleWebKit/537.36 (KHTML, like Gecko) Chrome/149.0.0.0 Safari/537.36"
159.89.127.165 - - [27/Jun/2026:11:33:02 +0530] "GET /trace.axd HTTP/1.1" 404 196 "-" "Mozilla/5.0 (l9scan/2.0.6383e2830313e2337313e2735313; +https://leakix.net)"
134.122.28.88 - - [27/Jun/2026:11:33:02 +0530] "GET /trace.axd HTTP/1.1" 404 196 "-" "Mozilla/5.0 (l9scan/2.0.6383e2830313e2337313e2735313; +https://leakix.net)"
139.59.231.238 - - [27/Jun/2026:11:33:02 +0530] "GET /telescope/requests HTTP/1.1" 404 196 "-" "Mozilla/5.0 (l9scan/2.0.6383e2830313e2337313e2735313; +https://leakix.net)"
139.59.231.238 - - [27/Jun/2026:11:33:02 +0530] "POST /php-cgi/php-cgi.exe?%ADd+cgi.force_redirect%3D0+%ADd+disable_functions%3D\"\"+%ADd+allow_url_include%3D1+%ADd+auto_prepend_file%3Dphp://input HTTP/1.1" 404 196 "-" "Mozilla/5.0 (l9scan/2.0.6383e2830313e2337313e2735313; +https://leakix.net)"
159.89.127.165 - - [27/Jun/2026:11:33:02 +0530] "GET /@vite/env HTTP/1.1" 404 196 "-" "Mozilla/5.0 (l9scan/2.0.6383e2830313e2337313e2735313; +https://leakix.net)"
143.244.168.161 - - [27/Jun/2026:11:33:02 +0530] "OPTIONS / HTTP/1.1" 200 6669 "-" "Mozilla/5.0 (l9scan/2.0.6383e2830313e2337313e2735313; +https://leakix.net)"
134.122.28.88 - - [27/Jun/2026:11:33:03 +0530] "GET /@vite/env HTTP/1.1" 404 196 "-" "Mozilla/5.0 (l9scan/2.0.6383e2830313e2337313e2735313; +https://leakix.net)"
139.59.231.238 - - [27/Jun/2026:11:33:03 +0530] "GET /info.php HTTP/1.1" 404 196 "-" "Mozilla/5.0 (l9scan/2.0.6383e2830313e2337313e2735313; +https://leakix.net)"
159.89.127.165 - - [27/Jun/2026:11:33:03 +0530] "GET /.vscode/sftp.json HTTP/1.1" 404 196 "-" "Mozilla/5.0 (l9scan/2.0.6383e2830313e2337313e2735313; +https://leakix.net)"
143.244.168.161 - - [27/Jun/2026:11:33:03 +0530] "GET /?rest_route=/wp/v2/users/ HTTP/1.1" 200 6669 "-" "Mozilla/5.0 (l9scan/2.0.6383e2830313e2337313e2735313; +https://leakix.net)"
134.122.28.88 - - [27/Jun/2026:11:33:04 +0530] "GET /.vscode/sftp.json HTTP/1.1" 404 196 "-" "Mozilla/5.0 (l9scan/2.0.6383e2830313e2337313e2735313; +https://leakix.net)"
143.244.168.161 - - [27/Jun/2026:11:33:04 +0530] "GET /debug/default/view?panel=config HTTP/1.1" 404 196 "-" "Mozilla/5.0 (l9scan/2.0.6383e2830313e2337313e2735313; +https://leakix.net)"
139.59.231.238 - - [27/Jun/2026:11:33:04 +0530] "GET /.well-known/security.txt HTTP/1.1" 404 196 "-" "Mozilla/5.0 (l9scan/2.0.6383e2830313e2337313e2735313; +https://leakix.net)"
159.89.127.165 - - [27/Jun/2026:11:33:04 +0530] "OPTIONS / HTTP/1.1" 200 6669 "-" "Mozilla/5.0 (l9scan/2.0.6383e2830313e2337313e2735313; +https://leakix.net)"
139.59.231.238 - - [27/Jun/2026:11:33:05 +0530] "GET /actuator/env HTTP/1.1" 404 196 "-" "Mozilla/5.0 (l9scan/2.0.6383e2830313e2337313e2735313; +https://leakix.net)"
134.122.28.88 - - [27/Jun/2026:11:33:05 +0530] "OPTIONS / HTTP/1.1" 200 6669 "-" "Mozilla/5.0 (l9scan/2.0.6383e2830313e2337313e2735313; +https://leakix.net)"
139.59.231.238 - - [27/Jun/2026:11:33:06 +0530] "GET /trace.axd HTTP/1.1" 404 196 "-" "Mozilla/5.0 (l9scan/2.0.6383e2830313e2337313e2735313; +https://leakix.net)"
159.89.127.165 - - [27/Jun/2026:11:33:05 +0530] "GET /?rest_route=/wp/v2/users/ HTTP/1.1" 200 6669 "-" "Mozilla/5.0 (l9scan/2.0.6383e2830313e2337313e2735313; +https://leakix.net)"
134.122.28.88 - - [27/Jun/2026:11:33:06 +0530] "GET /?rest_route=/wp/v2/users/ HTTP/1.1" 200 6669 "-" "Mozilla/5.0 (l9scan/2.0.6383e2830313e2337313e2735313; +https://leakix.net)"
159.89.127.165 - - [27/Jun/2026:11:33:06 +0530] "GET /debug/default/view?panel=config HTTP/1.1" 404 196 "-" "Mozilla/5.0 (l9scan/2.0.6383e2830313e2337313e2735313; +https://leakix.net)"
134.122.28.88 - - [27/Jun/2026:11:33:07 +0530] "GET /debug/default/view?panel=config HTTP/1.1" 404 196 "-" "Mozilla/5.0 (l9scan/2.0.6383e2830313e2337313e2735313; +https://leakix.net)"
139.59.231.238 - - [27/Jun/2026:11:33:07 +0530] "GET /@vite/env HTTP/1.1" 404 196 "-" "Mozilla/5.0 (l9scan/2.0.6383e2830313e2337313e2735313; +https://leakix.net)"
139.59.231.238 - - [27/Jun/2026:11:33:08 +0530] "GET /.vscode/sftp.json HTTP/1.1" 404 196 "-" "Mozilla/5.0 (l9scan/2.0.6383e2830313e2337313e2735313; +https://leakix.net)"
139.59.231.238 - - [27/Jun/2026:11:33:09 +0530] "OPTIONS / HTTP/1.1" 200 6669 "-" "Mozilla/5.0 (l9scan/2.0.6383e2830313e2337313e2735313; +https://leakix.net)"
139.59.231.238 - - [27/Jun/2026:11:33:10 +0530] "GET /?rest_route=/wp/v2/users/ HTTP/1.1" 200 6669 "-" "Mozilla/5.0 (l9scan/2.0.6383e2830313e2337313e2735313; +https://leakix.net)"
139.59.231.238 - - [27/Jun/2026:11:33:11 +0530] "GET /debug/default/view?panel=config HTTP/1.1" 404 196 "-" "Mozilla/5.0 (l9scan/2.0.6383e2830313e2337313e2735313; +https://leakix.net)"
223.185.16.48 - - [27/Jun/2026:11:33:19 +0530] "GET /admin HTTP/1.1" 301 240 "-" "Mozilla/5.0 (Windows NT 10.0; Win64; x64) AppleWebKit/537.36 (KHTML, like Gecko) Chrome/149.0.0.0 Safari/537.36"
223.185.16.48 - - [27/Jun/2026:11:33:19 +0530] "GET /admin/ HTTP/1.1" 200 4306 "-" "Mozilla/5.0 (Windows NT 10.0; Win64; x64) AppleWebKit/537.36 (KHTML, like Gecko) Chrome/149.0.0.0 Safari/537.36"
223.185.16.48 - - [27/Jun/2026:11:33:20 +0530] "GET /admin/css/bootstrap.min.css HTTP/1.1" 404 196 "https://ramastructure.com/admin/" "Mozilla/5.0 (Windows NT 10.0; Win64; x64) AppleWebKit/537.36 (KHTML, like Gecko) Chrome/149.0.0.0 Safari/537.36"
223.185.16.48 - - [27/Jun/2026:11:33:20 +0530] "GET /admin/css/font-awesome.min.css HTTP/1.1" 404 196 "https://ramastructure.com/admin/" "Mozilla/5.0 (Windows NT 10.0; Win64; x64) AppleWebKit/537.36 (KHTML, like Gecko) Chrome/149.0.0.0 Safari/537.36"
223.185.16.48 - - [27/Jun/2026:11:33:20 +0530] "GET /admin/css/owl.carousel.css HTTP/1.1" 404 196 "https://ramastructure.com/admin/" "Mozilla/5.0 (Windows NT 10.0; Win64; x64) AppleWebKit/537.36 (KHTML, like Gecko) Chrome/149.0.0.0 Safari/537.36"
223.185.16.48 - - [27/Jun/2026:11:33:20 +0530] "GET /admin/css/animate.css HTTP/1.1" 404 196 "https://ramastructure.com/admin/" "Mozilla/5.0 (Windows NT 10.0; Win64; x64) AppleWebKit/537.36 (KHTML, like Gecko) Chrome/149.0.0.0 Safari/537.36"
223.185.16.48 - - [27/Jun/2026:11:33:20 +0530] "GET /admin/css/slick.css HTTP/1.1" 404 196 "https://ramastructure.com/admin/" "Mozilla/5.0 (Windows NT 10.0; Win64; x64) AppleWebKit/537.36 (KHTML, like Gecko) Chrome/149.0.0.0 Safari/537.36"
223.185.16.48 - - [27/Jun/2026:11:33:20 +0530] "GET /admin/css/off-canvas.css HTTP/1.1" 404 196 "https://ramastructure.com/admin/" "Mozilla/5.0 (Windows NT 10.0; Win64; x64) AppleWebKit/537.36 (KHTML, like Gecko) Chrome/149.0.0.0 Safari/537.36"
223.185.16.48 - - [27/Jun/2026:11:33:20 +0530] "GET /admin/fonts/flaticon.css HTTP/1.1" 404 196 "https://ramastructure.com/admin/" "Mozilla/5.0 (Windows NT 10.0; Win64; x64) AppleWebKit/537.36 (KHTML, like Gecko) Chrome/149.0.0.0 Safari/537.36"
223.185.16.48 - - [27/Jun/2026:11:33:20 +0530] "GET /admin/css/magnific-popup.css HTTP/1.1" 404 196 "https://ramastructure.com/admin/" "Mozilla/5.0 (Windows NT 10.0; Win64; x64) AppleWebKit/537.36 (KHTML, like Gecko) Chrome/149.0.0.0 Safari/537.36"
223.185.16.48 - - [27/Jun/2026:11:33:20 +0530] "GET /admin/fonts/fonts2/flaticon.css HTTP/1.1" 404 196 "https://ramastructure.com/admin/" "Mozilla/5.0 (Windows NT 10.0; Win64; x64) AppleWebKit/537.36 (KHTML, like Gecko) Chrome/149.0.0.0 Safari/537.36"
223.185.16.48 - - [27/Jun/2026:11:33:20 +0530] "GET /admin/css/rsmenu-main.css HTTP/1.1" 404 196 "https://ramastructure.com/admin/" "Mozilla/5.0 (Windows NT 10.0; Win64; x64) AppleWebKit/537.36 (KHTML, like Gecko) Chrome/149.0.0.0 Safari/537.36"
223.185.16.48 - - [27/Jun/2026:11:33:20 +0530] "GET /admin/css/rsmenu-transitions.css HTTP/1.1" 404 196 "https://ramastructure.com/admin/" "Mozilla/5.0 (Windows NT 10.0; Win64; x64) AppleWebKit/537.36 (KHTML, like Gecko) Chrome/149.0.0.0 Safari/537.36"
223.185.16.48 - - [27/Jun/2026:11:33:20 +0530] "GET /admin/style.css HTTP/1.1" 404 196 "https://ramastructure.com/admin/" "Mozilla/5.0 (Windows NT 10.0; Win64; x64) AppleWebKit/537.36 (KHTML, like Gecko) Chrome/149.0.0.0 Safari/537.36"
223.185.16.48 - - [27/Jun/2026:11:33:20 +0530] "GET /admin/css/responsive.css HTTP/1.1" 404 196 "https://ramastructure.com/admin/" "Mozilla/5.0 (Windows NT 10.0; Win64; x64) AppleWebKit/537.36 (KHTML, like Gecko) Chrome/149.0.0.0 Safari/537.36"
223.185.16.48 - - [27/Jun/2026:11:33:20 +0530] "GET /admin/images/logo.png HTTP/1.1" 404 196 "https://ramastructure.com/admin/" "Mozilla/5.0 (Windows NT 10.0; Win64; x64) AppleWebKit/537.36 (KHTML, like Gecko) Chrome/149.0.0.0 Safari/537.36"
223.185.16.48 - - [27/Jun/2026:11:33:20 +0530] "GET /admin/admin/uploads/products/ HTTP/1.1" 404 196 "https://ramastructure.com/admin/" "Mozilla/5.0 (Windows NT 10.0; Win64; x64) AppleWebKit/537.36 (KHTML, like Gecko) Chrome/149.0.0.0 Safari/537.36"
223.185.16.48 - - [27/Jun/2026:11:33:20 +0530] "GET /admin/js/modernizr-2.8.3.min.js HTTP/1.1" 404 196 "https://ramastructure.com/admin/" "Mozilla/5.0 (Windows NT 10.0; Win64; x64) AppleWebKit/537.36 (KHTML, like Gecko) Chrome/149.0.0.0 Safari/537.36"
223.185.16.48 - - [27/Jun/2026:11:33:20 +0530] "GET /admin/js/jquery.min.js HTTP/1.1" 404 196 "https://ramastructure.com/admin/" "Mozilla/5.0 (Windows NT 10.0; Win64; x64) AppleWebKit/537.36 (KHTML, like Gecko) Chrome/149.0.0.0 Safari/537.36"
223.185.16.48 - - [27/Jun/2026:11:33:20 +0530] "GET /admin/js/bootstrap.min.js HTTP/1.1" 404 196 "https://ramastructure.com/admin/" "Mozilla/5.0 (Windows NT 10.0; Win64; x64) AppleWebKit/537.36 (KHTML, like Gecko) Chrome/149.0.0.0 Safari/537.36"
223.185.16.48 - - [27/Jun/2026:11:33:20 +0530] "GET /admin/js/owl.carousel.min.js HTTP/1.1" 404 196 "https://ramastructure.com/admin/" "Mozilla/5.0 (Windows NT 10.0; Win64; x64) AppleWebKit/537.36 (KHTML, like Gecko) Chrome/149.0.0.0 Safari/537.36"
223.185.16.48 - - [27/Jun/2026:11:33:20 +0530] "GET /admin/js/slick.min.js HTTP/1.1" 404 196 "https://ramastructure.com/admin/" "Mozilla/5.0 (Windows NT 10.0; Win64; x64) AppleWebKit/537.36 (KHTML, like Gecko) Chrome/149.0.0.0 Safari/537.36"
223.185.16.48 - - [27/Jun/2026:11:33:20 +0530] "GET /admin/js/imagesloaded.pkgd.min.js HTTP/1.1" 404 196 "https://ramastructure.com/admin/" "Mozilla/5.0 (Windows NT 10.0; Win64; x64) AppleWebKit/537.36 (KHTML, like Gecko) Chrome/149.0.0.0 Safari/537.36"
223.185.16.48 - - [27/Jun/2026:11:33:20 +0530] "GET /admin/js/wow.min.js HTTP/1.1" 404 196 "https://ramastructure.com/admin/" "Mozilla/5.0 (Windows NT 10.0; Win64; x64) AppleWebKit/537.36 (KHTML, like Gecko) Chrome/149.0.0.0 Safari/537.36"
223.185.16.48 - - [27/Jun/2026:11:33:20 +0530] "GET /admin/js/isotope.pkgd.min.js HTTP/1.1" 404 196 "https://ramastructure.com/admin/" "Mozilla/5.0 (Windows NT 10.0; Win64; x64) AppleWebKit/537.36 (KHTML, like Gecko) Chrome/149.0.0.0 Safari/537.36"
223.185.16.48 - - [27/Jun/2026:11:33:21 +0530] "GET /admin/js/waypoints.min.js HTTP/1.1" 404 196 "https://ramastructure.com/admin/" "Mozilla/5.0 (Windows NT 10.0; Win64; x64) AppleWebKit/537.36 (KHTML, like Gecko) Chrome/149.0.0.0 Safari/537.36"
223.185.16.48 - - [27/Jun/2026:11:33:21 +0530] "GET /admin/js/jquery.magnific-popup.min.js HTTP/1.1" 404 196 "https://ramastructure.com/admin/" "Mozilla/5.0 (Windows NT 10.0; Win64; x64) AppleWebKit/537.36 (KHTML, like Gecko) Chrome/149.0.0.0 Safari/537.36"
223.185.16.48 - - [27/Jun/2026:11:33:21 +0530] "GET /admin/js/plugins.js HTTP/1.1" 404 196 "https://ramastructure.com/admin/" "Mozilla/5.0 (Windows NT 10.0; Win64; x64) AppleWebKit/537.36 (KHTML, like Gecko) Chrome/149.0.0.0 Safari/537.36"
223.185.16.48 - - [27/Jun/2026:11:33:21 +0530] "GET /admin/js/jquery.counterup.min.js HTTP/1.1" 404 196 "https://ramastructure.com/admin/" "Mozilla/5.0 (Windows NT 10.0; Win64; x64) AppleWebKit/537.36 (KHTML, like Gecko) Chrome/149.0.0.0 Safari/537.36"
223.185.16.48 - - [27/Jun/2026:11:33:21 +0530] "GET /admin/js/rsmenu-main.js HTTP/1.1" 404 196 "https://ramastructure.com/admin/" "Mozilla/5.0 (Windows NT 10.0; Win64; x64) AppleWebKit/537.36 (KHTML, like Gecko) Chrome/149.0.0.0 Safari/537.36"
223.185.16.48 - - [27/Jun/2026:11:33:21 +0530] "GET /admin/js/main.js HTTP/1.1" 404 196 "https://ramastructure.com/admin/" "Mozilla/5.0 (Windows NT 10.0; Win64; x64) AppleWebKit/537.36 (KHTML, like Gecko) Chrome/149.0.0.0 Safari/537.36"
223.185.16.48 - - [27/Jun/2026:11:33:21 +0530] "GET /admin/images/fav.png HTTP/1.1" 404 196 "https://ramastructure.com/admin/" "Mozilla/5.0 (Windows NT 10.0; Win64; x64) AppleWebKit/537.36 (KHTML, like Gecko) Chrome/149.0.0.0 Safari/537.36"
223.185.16.48 - - [27/Jun/2026:11:34:59 +0530] "GET /admin/index.php HTTP/1.1" 200 1486 "-" "Mozilla/5.0 (Windows NT 10.0; Win64; x64) AppleWebKit/537.36 (KHTML, like Gecko) Chrome/149.0.0.0 Safari/537.36"
223.185.16.48 - - [27/Jun/2026:11:35:00 +0530] "GET /admin/dist/css/style.min.css HTTP/1.1" 200 34672 "https://ramastructure.com/admin/index.php" "Mozilla/5.0 (Windows NT 10.0; Win64; x64) AppleWebKit/537.36 (KHTML, like Gecko) Chrome/149.0.0.0 Safari/537.36"
223.185.16.48 - - [27/Jun/2026:11:35:00 +0530] "GET /admin/assets/libs/jquery/dist/jquery.min.js HTTP/1.1" 200 30307 "https://ramastructure.com/admin/index.php" "Mozilla/5.0 (Windows NT 10.0; Win64; x64) AppleWebKit/537.36 (KHTML, like Gecko) Chrome/149.0.0.0 Safari/537.36"
223.185.16.48 - - [27/Jun/2026:11:35:01 +0530] "GET /admin/dist/css/icons/font-awesome/css/fontawesome-all.css HTTP/1.1" 200 8463 "https://ramastructure.com/admin/dist/css/style.min.css" "Mozilla/5.0 (Windows NT 10.0; Win64; x64) AppleWebKit/537.36 (KHTML, like Gecko) Chrome/149.0.0.0 Safari/537.36"
223.185.16.48 - - [27/Jun/2026:11:35:01 +0530] "GET /admin/dist/css/icons/material-design-iconic-font/css/materialdesignicons.min.css HTTP/1.1" 200 14616 "https://ramastructure.com/admin/dist/css/style.min.css" "Mozilla/5.0 (Windows NT 10.0; Win64; x64) AppleWebKit/537.36 (KHTML, like Gecko) Chrome/149.0.0.0 Safari/537.36"
223.185.16.48 - - [27/Jun/2026:11:35:01 +0530] "GET /admin/dist/css/icons/themify-icons/themify-icons.css HTTP/1.1" 200 2975 "https://ramastructure.com/admin/dist/css/style.min.css" "Mozilla/5.0 (Windows NT 10.0; Win64; x64) AppleWebKit/537.36 (KHTML, like Gecko) Chrome/149.0.0.0 Safari/537.36"
223.185.16.48 - - [27/Jun/2026:11:35:01 +0530] "GET /admin/assets/libs/popper.js/dist/umd/popper.min.js HTTP/1.1" 200 7239 "https://ramastructure.com/admin/index.php" "Mozilla/5.0 (Windows NT 10.0; Win64; x64) AppleWebKit/537.36 (KHTML, like Gecko) Chrome/149.0.0.0 Safari/537.36"
223.185.16.48 - - [27/Jun/2026:11:35:01 +0530] "GET /admin/assets/libs/bootstrap/dist/js/bootstrap.min.js HTTP/1.1" 200 14038 "https://ramastructure.com/admin/index.php" "Mozilla/5.0 (Windows NT 10.0; Win64; x64) AppleWebKit/537.36 (KHTML, like Gecko) Chrome/149.0.0.0 Safari/537.36"
223.185.16.48 - - [27/Jun/2026:11:35:02 +0530] "GET /admin/dist/css/icons/themify-icons/fonts/themify.woff HTTP/1.1" 200 56108 "https://ramastructure.com/admin/dist/css/icons/themify-icons/themify-icons.css" "Mozilla/5.0 (Windows NT 10.0; Win64; x64) AppleWebKit/537.36 (KHTML, like Gecko) Chrome/149.0.0.0 Safari/537.36"
223.185.16.48 - - [27/Jun/2026:11:35:00 +0530] "GET /admin/assets/images/logo.png HTTP/1.1" 200 632376 "https://ramastructure.com/admin/index.php" "Mozilla/5.0 (Windows NT 10.0; Win64; x64) AppleWebKit/537.36 (KHTML, like Gecko) Chrome/149.0.0.0 Safari/537.36"
223.185.16.48 - - [27/Jun/2026:11:35:03 +0530] "GET /admin/assets/images/favicon.png HTTP/1.1" 200 15530 "https://ramastructure.com/admin/index.php" "Mozilla/5.0 (Windows NT 10.0; Win64; x64) AppleWebKit/537.36 (KHTML, like Gecko) Chrome/149.0.0.0 Safari/537.36"
103.225.124.100 - - [27/Jun/2026:11:35:06 +0530] "GET /admin/index.php HTTP/1.1" 200 1486 "-" "Mozilla/5.0 (Windows NT 10.0; Win64; x64) AppleWebKit/537.36 (KHTML, like Gecko) Chrome/148.0.0.0 Safari/537.36"
103.225.124.100 - - [27/Jun/2026:11:35:07 +0530] "GET /admin/dist/css/style.min.css HTTP/1.1" 200 34672 "https://ramastructure.com/admin/index.php" "Mozilla/5.0 (Windows NT 10.0; Win64; x64) AppleWebKit/537.36 (KHTML, like Gecko) Chrome/148.0.0.0 Safari/537.36"
103.225.124.100 - - [27/Jun/2026:11:35:08 +0530] "GET /admin/assets/libs/jquery/dist/jquery.min.js HTTP/1.1" 200 30307 "https://ramastructure.com/admin/index.php" "Mozilla/5.0 (Windows NT 10.0; Win64; x64) AppleWebKit/537.36 (KHTML, like Gecko) Chrome/148.0.0.0 Safari/537.36"
103.225.124.100 - - [27/Jun/2026:11:35:07 +0530] "GET /admin/assets/images/logo.png HTTP/1.1" 200 632376 "https://ramastructure.com/admin/index.php" "Mozilla/5.0 (Windows NT 10.0; Win64; x64) AppleWebKit/537.36 (KHTML, like Gecko) Chrome/148.0.0.0 Safari/537.36"
103.225.124.100 - - [27/Jun/2026:11:35:09 +0530] "GET /admin/dist/css/icons/font-awesome/css/fontawesome-all.css HTTP/1.1" 200 8463 "https://ramastructure.com/admin/dist/css/style.min.css" "Mozilla/5.0 (Windows NT 10.0; Win64; x64) AppleWebKit/537.36 (KHTML, like Gecko) Chrome/148.0.0.0 Safari/537.36"
103.225.124.100 - - [27/Jun/2026:11:35:09 +0530] "GET /admin/dist/css/icons/themify-icons/themify-icons.css HTTP/1.1" 200 2975 "https://ramastructure.com/admin/dist/css/style.min.css" "Mozilla/5.0 (Windows NT 10.0; Win64; x64) AppleWebKit/537.36 (KHTML, like Gecko) Chrome/148.0.0.0 Safari/537.36"
103.225.124.100 - - [27/Jun/2026:11:35:09 +0530] "GET /admin/dist/css/icons/material-design-iconic-font/css/materialdesignicons.min.css HTTP/1.1" 200 14616 "https://ramastructure.com/admin/dist/css/style.min.css" "Mozilla/5.0 (Windows NT 10.0; Win64; x64) AppleWebKit/537.36 (KHTML, like Gecko) Chrome/148.0.0.0 Safari/537.36"
103.225.124.100 - - [27/Jun/2026:11:35:09 +0530] "GET /admin/assets/libs/popper.js/dist/umd/popper.min.js HTTP/1.1" 200 7239 "https://ramastructure.com/admin/index.php" "Mozilla/5.0 (Windows NT 10.0; Win64; x64) AppleWebKit/537.36 (KHTML, like Gecko) Chrome/148.0.0.0 Safari/537.36"
103.225.124.100 - - [27/Jun/2026:11:35:10 +0530] "GET /admin/assets/libs/bootstrap/dist/js/bootstrap.min.js HTTP/1.1" 200 14038 "https://ramastructure.com/admin/index.php" "Mozilla/5.0 (Windows NT 10.0; Win64; x64) AppleWebKit/537.36 (KHTML, like Gecko) Chrome/148.0.0.0 Safari/537.36"
103.225.124.100 - - [27/Jun/2026:11:35:10 +0530] "GET /admin/dist/css/icons/themify-icons/fonts/themify.woff HTTP/1.1" 200 56108 "https://ramastructure.com/admin/dist/css/icons/themify-icons/themify-icons.css" "Mozilla/5.0 (Windows NT 10.0; Win64; x64) AppleWebKit/537.36 (KHTML, like Gecko) Chrome/148.0.0.0 Safari/537.36"
103.225.124.100 - - [27/Jun/2026:11:35:11 +0530] "GET /admin/assets/images/favicon.png HTTP/1.1" 200 15530 "https://ramastructure.com/admin/index.php" "Mozilla/5.0 (Windows NT 10.0; Win64; x64) AppleWebKit/537.36 (KHTML, like Gecko) Chrome/148.0.0.0 Safari/537.36"
223.185.16.48 - - [27/Jun/2026:11:35:23 +0530] "GET /admin/index.php HTTP/1.1" 200 1486 "-" "Mozilla/5.0 (Windows NT 10.0; Win64; x64) AppleWebKit/537.36 (KHTML, like Gecko) Chrome/149.0.0.0 Safari/537.36"
223.185.16.48 - - [27/Jun/2026:11:35:23 +0530] "GET /admin/dist/css/style.min.css HTTP/1.1" 200 34672 "https://ramastructure.com/admin/index.php" "Mozilla/5.0 (Windows NT 10.0; Win64; x64) AppleWebKit/537.36 (KHTML, like Gecko) Chrome/149.0.0.0 Safari/537.36"
223.185.16.48 - - [27/Jun/2026:11:35:24 +0530] "GET /admin/assets/libs/jquery/dist/jquery.min.js HTTP/1.1" 200 30307 "https://ramastructure.com/admin/index.php" "Mozilla/5.0 (Windows NT 10.0; Win64; x64) AppleWebKit/537.36 (KHTML, like Gecko) Chrome/149.0.0.0 Safari/537.36"
223.185.16.48 - - [27/Jun/2026:11:35:24 +0530] "GET /admin/dist/css/icons/font-awesome/css/fontawesome-all.css HTTP/1.1" 200 8463 "https://ramastructure.com/admin/dist/css/style.min.css" "Mozilla/5.0 (Windows NT 10.0; Win64; x64) AppleWebKit/537.36 (KHTML, like Gecko) Chrome/149.0.0.0 Safari/537.36"
223.185.16.48 - - [27/Jun/2026:11:35:24 +0530] "GET /admin/assets/libs/popper.js/dist/umd/popper.min.js HTTP/1.1" 200 7239 "https://ramastructure.com/admin/index.php" "Mozilla/5.0 (Windows NT 10.0; Win64; x64) AppleWebKit/537.36 (KHTML, like Gecko) Chrome/149.0.0.0 Safari/537.36"
223.185.16.48 - - [27/Jun/2026:11:35:24 +0530] "GET /admin/dist/css/icons/themify-icons/themify-icons.css HTTP/1.1" 200 2975 "https://ramastructure.com/admin/dist/css/style.min.css" "Mozilla/5.0 (Windows NT 10.0; Win64; x64) AppleWebKit/537.36 (KHTML, like Gecko) Chrome/149.0.0.0 Safari/537.36"
223.185.16.48 - - [27/Jun/2026:11:35:24 +0530] "GET /admin/assets/libs/bootstrap/dist/js/bootstrap.min.js HTTP/1.1" 200 14038 "https://ramastructure.com/admin/index.php" "Mozilla/5.0 (Windows NT 10.0; Win64; x64) AppleWebKit/537.36 (KHTML, like Gecko) Chrome/149.0.0.0 Safari/537.36"
223.185.16.48 - - [27/Jun/2026:11:35:24 +0530] "GET /admin/dist/css/icons/material-design-iconic-font/css/materialdesignicons.min.css HTTP/1.1" 200 14616 "https://ramastructure.com/admin/dist/css/style.min.css" "Mozilla/5.0 (Windows NT 10.0; Win64; x64) AppleWebKit/537.36 (KHTML, like Gecko) Chrome/149.0.0.0 Safari/537.36"
223.185.16.48 - - [27/Jun/2026:11:35:23 +0530] "GET /admin/assets/images/logo.png HTTP/1.1" 200 632376 "https://ramastructure.com/admin/index.php" "Mozilla/5.0 (Windows NT 10.0; Win64; x64) AppleWebKit/537.36 (KHTML, like Gecko) Chrome/149.0.0.0 Safari/537.36"
223.185.16.48 - - [27/Jun/2026:11:35:25 +0530] "GET /admin/dist/css/icons/themify-icons/fonts/themify.woff HTTP/1.1" 200 56108 "https://ramastructure.com/admin/dist/css/icons/themify-icons/themify-icons.css" "Mozilla/5.0 (Windows NT 10.0; Win64; x64) AppleWebKit/537.36 (KHTML, like Gecko) Chrome/149.0.0.0 Safari/537.36"
223.185.16.48 - - [27/Jun/2026:11:35:25 +0530] "GET /admin/assets/images/favicon.png HTTP/1.1" 200 15530 "https://ramastructure.com/admin/index.php" "Mozilla/5.0 (Windows NT 10.0; Win64; x64) AppleWebKit/537.36 (KHTML, like Gecko) Chrome/149.0.0.0 Safari/537.36"
65.21.124.77 - - [27/Jun/2026:11:36:06 +0530] "GET / HTTP/1.1" 200 6669 "-" "Mozilla/5.0 (Windows NT 10.0; Win64; x64) AppleWebKit/537.36 (KHTML, like Gecko) Chrome/124.0.0.0 Safari/537.36"
65.21.124.77 - - [27/Jun/2026:11:36:06 +0530] "GET / HTTP/1.1" 200 6669 "-" "Mozilla/5.0 (Windows NT 10.0; Win64; x64) AppleWebKit/537.36 (KHTML, like Gecko) Chrome/124.0.0.0 Safari/537.36"
65.21.124.77 - - [27/Jun/2026:11:36:08 +0530] "GET /js/modernizr-2.8.3.min.js HTTP/1.1" 200 6306 "-" "Mozilla/5.0 (Windows NT 10.0; Win64; x64) AppleWebKit/537.36 (KHTML, like Gecko) Chrome/124.0.0.0 Safari/537.36"
65.21.124.77 - - [27/Jun/2026:11:36:08 +0530] "GET /js/jquery.min.js HTTP/1.1" 200 29531 "-" "Mozilla/5.0 (Windows NT 10.0; Win64; x64) AppleWebKit/537.36 (KHTML, like Gecko) Chrome/124.0.0.0 Safari/537.36"
65.21.124.77 - - [27/Jun/2026:11:36:08 +0530] "GET /js/jquery.min.js HTTP/1.1" 200 29531 "-" "Mozilla/5.0 (Windows NT 10.0; Win64; x64) AppleWebKit/537.36 (KHTML, like Gecko) Chrome/124.0.0.0 Safari/537.36"
65.21.124.77 - - [27/Jun/2026:11:36:08 +0530] "GET /js/modernizr-2.8.3.min.js HTTP/1.1" 200 6306 "-" "Mozilla/5.0 (Windows NT 10.0; Win64; x64) AppleWebKit/537.36 (KHTML, like Gecko) Chrome/124.0.0.0 Safari/537.36"
65.21.124.77 - - [27/Jun/2026:11:36:08 +0530] "GET /js/bootstrap.min.js HTTP/1.1" 200 13105 "-" "Mozilla/5.0 (Windows NT 10.0; Win64; x64) AppleWebKit/537.36 (KHTML, like Gecko) Chrome/124.0.0.0 Safari/537.36"
65.21.124.77 - - [27/Jun/2026:11:36:08 +0530] "GET /js/owl.carousel.min.js HTTP/1.1" 200 10593 "-" "Mozilla/5.0 (Windows NT 10.0; Win64; x64) AppleWebKit/537.36 (KHTML, like Gecko) Chrome/124.0.0.0 Safari/537.36"
65.21.124.77 - - [27/Jun/2026:11:36:08 +0530] "GET /js/waypoints.min.js HTTP/1.1" 200 2617 "-" "Mozilla/5.0 (Windows NT 10.0; Win64; x64) AppleWebKit/537.36 (KHTML, like Gecko) Chrome/124.0.0.0 Safari/537.36"
65.21.124.77 - - [27/Jun/2026:11:36:08 +0530] "GET /js/owl.carousel.min.js HTTP/1.1" 200 10593 "-" "Mozilla/5.0 (Windows NT 10.0; Win64; x64) AppleWebKit/537.36 (KHTML, like Gecko) Chrome/124.0.0.0 Safari/537.36"
65.21.124.77 - - [27/Jun/2026:11:36:08 +0530] "GET /js/isotope.pkgd.min.js HTTP/1.1" 200 9845 "-" "Mozilla/5.0 (Windows NT 10.0; Win64; x64) AppleWebKit/537.36 (KHTML, like Gecko) Chrome/124.0.0.0 Safari/537.36"
65.21.124.77 - - [27/Jun/2026:11:36:08 +0530] "GET /js/imagesloaded.pkgd.min.js HTTP/1.1" 200 1795 "-" "Mozilla/5.0 (Windows NT 10.0; Win64; x64) AppleWebKit/537.36 (KHTML, like Gecko) Chrome/124.0.0.0 Safari/537.36"
