223.185.16.48 - - [27/Jun/2026:11:48:05 +0530] "GET /admin/uploads/category/roof%20.jpeg HTTP/1.1" 304 - "https://ramastructure.com/category" "Mozilla/5.0 (Windows NT 10.0; Win64; x64) AppleWebKit/537.36 (KHTML, like Gecko) Chrome/149.0.0.0 Safari/537.36"
223.185.16.48 - - [27/Jun/2026:11:48:11 +0530] "GET /product.php?cat_id=3 HTTP/1.1" 200 4348 "https://ramastructure.com/category" "Mozilla/5.0 (Windows NT 10.0; Win64; x64) AppleWebKit/537.36 (KHTML, like Gecko) Chrome/149.0.0.0 Safari/537.36"
223.185.16.48 - - [27/Jun/2026:11:48:13 +0530] "GET /product.php?cat_id=3 HTTP/1.1" 200 4348 "https://ramastructure.com/category" "Mozilla/5.0 (Windows NT 10.0; Win64; x64) AppleWebKit/537.36 (KHTML, like Gecko) Chrome/149.0.0.0 Safari/537.36"
223.185.16.48 - - [27/Jun/2026:11:48:14 +0530] "GET /admin/uploads/products/roof%20.jpeg HTTP/1.1" 304 - "https://ramastructure.com/product.php?cat_id=3" "Mozilla/5.0 (Windows NT 10.0; Win64; x64) AppleWebKit/537.36 (KHTML, like Gecko) Chrome/149.0.0.0 Safari/537.36"
223.185.16.48 - - [27/Jun/2026:11:48:17 +0530] "GET /slottedchannelrama HTTP/1.1" 200 4349 "https://ramastructure.com/product.php?cat_id=3" "Mozilla/5.0 (Windows NT 10.0; Win64; x64) AppleWebKit/537.36 (KHTML, like Gecko) Chrome/149.0.0.0 Safari/537.36"
223.185.16.48 - - [27/Jun/2026:11:48:32 +0530] "GET /slottedchannelrama HTTP/1.1" 200 18655 "-" "WhatsApp/2.2623.103 W"
1.187.78.138 - - [27/Jun/2026:11:48:42 +0530] "GET /slottedchannelrama HTTP/1.1" 200 4349 "-" "Mozilla/5.0 (Linux; Android 10; K) AppleWebKit/537.36 (KHTML, like Gecko) Chrome/149.0.0.0 Mobile Safari/537.36"
1.187.78.138 - - [27/Jun/2026:11:48:44 +0530] "GET /admin/uploads/products/roof%20.jpeg HTTP/1.1" 200 331755 "https://ramastructure.com/slottedchannelrama" "Mozilla/5.0 (Linux; Android 10; K) AppleWebKit/537.36 (KHTML, like Gecko) Chrome/149.0.0.0 Mobile Safari/537.36"
1.187.78.138 - - [27/Jun/2026:11:48:44 +0530] "GET /images/bg/bg1.jpg HTTP/1.1" 200 721590 "https://ramastructure.com/style.css" "Mozilla/5.0 (Linux; Android 10; K) AppleWebKit/537.36 (KHTML, like Gecko) Chrome/149.0.0.0 Mobile Safari/537.36"
1.187.78.138 - - [27/Jun/2026:11:48:48 +0530] "GET /apple-touch-icon.html HTTP/1.1" 404 196 "https://ramastructure.com/slottedchannelrama" "Mozilla/5.0 (Linux; Android 10; K) AppleWebKit/537.36 (KHTML, like Gecko) Chrome/149.0.0.0 Mobile Safari/537.36"
223.185.16.48 - - [27/Jun/2026:11:49:37 +0530] "POST /slottedchannelrama HTTP/1.1" 200 4398 "https://ramastructure.com/slottedchannelrama" "Mozilla/5.0 (Windows NT 10.0; Win64; x64) AppleWebKit/537.36 (KHTML, like Gecko) Chrome/149.0.0.0 Safari/537.36"
223.185.16.48 - - [27/Jun/2026:11:49:38 +0530] "GET /admin/uploads/products/roof%20.jpeg HTTP/1.1" 304 - "https://ramastructure.com/slottedchannelrama" "Mozilla/5.0 (Windows NT 10.0; Win64; x64) AppleWebKit/537.36 (KHTML, like Gecko) Chrome/149.0.0.0 Safari/537.36"
223.185.16.48 - - [27/Jun/2026:11:49:43 +0530] "GET /admin/enquiry.php HTTP/1.1" 200 3180 "https://ramastructure.com/admin/products.php" "Mozilla/5.0 (Windows NT 10.0; Win64; x64) AppleWebKit/537.36 (KHTML, like Gecko) Chrome/149.0.0.0 Safari/537.36"
223.185.16.48 - - [27/Jun/2026:11:49:47 +0530] "GET /admin/enquiry.php HTTP/1.1" 200 3180 "https://ramastructure.com/admin/products.php" "Mozilla/5.0 (Windows NT 10.0; Win64; x64) AppleWebKit/537.36 (KHTML, like Gecko) Chrome/149.0.0.0 Safari/537.36"
223.185.16.48 - - [27/Jun/2026:11:49:48 +0530] "GET /admin/enquiry.php HTTP/1.1" 200 3180 "https://ramastructure.com/admin/products.php" "Mozilla/5.0 (Windows NT 10.0; Win64; x64) AppleWebKit/537.36 (KHTML, like Gecko) Chrome/149.0.0.0 Safari/537.36"
223.185.16.48 - - [27/Jun/2026:11:49:50 +0530] "GET /admin/notification.php HTTP/1.1" 200 3210 "https://ramastructure.com/admin/enquiry.php" "Mozilla/5.0 (Windows NT 10.0; Win64; x64) AppleWebKit/537.36 (KHTML, like Gecko) Chrome/149.0.0.0 Safari/537.36"
223.185.16.48 - - [27/Jun/2026:11:49:52 +0530] "GET /admin/product_enquiry.php HTTP/1.1" 200 3318 "https://ramastructure.com/admin/notification.php" "Mozilla/5.0 (Windows NT 10.0; Win64; x64) AppleWebKit/537.36 (KHTML, like Gecko) Chrome/149.0.0.0 Safari/537.36"
223.185.16.48 - - [27/Jun/2026:11:49:59 +0530] "GET /admin/view_product_enquiry.php?view_id=8 HTTP/1.1" 200 3176 "https://ramastructure.com/admin/product_enquiry.php" "Mozilla/5.0 (Windows NT 10.0; Win64; x64) AppleWebKit/537.36 (KHTML, like Gecko) Chrome/149.0.0.0 Safari/537.36"
223.185.16.48 - - [27/Jun/2026:11:50:11 +0530] "GET /admin/gallery.php HTTP/1.1" 200 3752 "https://ramastructure.com/admin/view_product_enquiry.php?view_id=8" "Mozilla/5.0 (Windows NT 10.0; Win64; x64) AppleWebKit/537.36 (KHTML, like Gecko) Chrome/149.0.0.0 Safari/537.36"
223.185.16.48 - - [27/Jun/2026:11:50:13 +0530] "GET /admin/gallery.php HTTP/1.1" 200 3752 "https://ramastructure.com/admin/view_product_enquiry.php?view_id=8" "Mozilla/5.0 (Windows NT 10.0; Win64; x64) AppleWebKit/537.36 (KHTML, like Gecko) Chrome/149.0.0.0 Safari/537.36"
223.185.16.48 - - [27/Jun/2026:11:50:13 +0530] "GET /admin/product_enquiry.php HTTP/1.1" 200 3318 "https://ramastructure.com/admin/view_product_enquiry.php?view_id=8" "Mozilla/5.0 (Windows NT 10.0; Win64; x64) AppleWebKit/537.36 (KHTML, like Gecko) Chrome/149.0.0.0 Safari/537.36"
223.185.16.48 - - [27/Jun/2026:11:50:16 +0530] "GET /admin/blog.php HTTP/1.1" 200 3478 "https://ramastructure.com/admin/gallery.php" "Mozilla/5.0 (Windows NT 10.0; Win64; x64) AppleWebKit/537.36 (KHTML, like Gecko) Chrome/149.0.0.0 Safari/537.36"
223.185.16.48 - - [27/Jun/2026:11:50:20 +0530] "GET /admin/contact.php HTTP/1.1" 200 3288 "https://ramastructure.com/admin/blog.php" "Mozilla/5.0 (Windows NT 10.0; Win64; x64) AppleWebKit/537.36 (KHTML, like Gecko) Chrome/149.0.0.0 Safari/537.36"
223.185.16.48 - - [27/Jun/2026:11:50:26 +0530] "GET /admin/edit_contact.php HTTP/1.1" 200 3459 "https://ramastructure.com/admin/contact.php" "Mozilla/5.0 (Windows NT 10.0; Win64; x64) AppleWebKit/537.36 (KHTML, like Gecko) Chrome/149.0.0.0 Safari/537.36"
223.185.16.48 - - [27/Jun/2026:11:50:45 +0530] "GET /admin/notification.php HTTP/1.1" 200 3210 "https://ramastructure.com/admin/edit_contact.php" "Mozilla/5.0 (Windows NT 10.0; Win64; x64) AppleWebKit/537.36 (KHTML, like Gecko) Chrome/149.0.0.0 Safari/537.36"
223.185.16.48 - - [27/Jun/2026:11:50:48 +0530] "GET /index.php HTTP/1.1" 200 6678 "https://ramastructure.com/slottedchannelrama" "Mozilla/5.0 (Windows NT 10.0; Win64; x64) AppleWebKit/537.36 (KHTML, like Gecko) Chrome/149.0.0.0 Safari/537.36"
223.185.16.48 - - [27/Jun/2026:11:50:48 +0530] "GET /admin/uploads/category/single-pole-solar-mounting-struc.jpg HTTP/1.1" 404 196 "https://ramastructure.com/index.php" "Mozilla/5.0 (Windows NT 10.0; Win64; x64) AppleWebKit/537.36 (KHTML, like Gecko) Chrome/149.0.0.0 Safari/537.36"
223.185.16.48 - - [27/Jun/2026:11:50:48 +0530] "GET /admin/uploads/category/roof%20.jpeg HTTP/1.1" 304 - "https://ramastructure.com/index.php" "Mozilla/5.0 (Windows NT 10.0; Win64; x64) AppleWebKit/537.36 (KHTML, like Gecko) Chrome/149.0.0.0 Safari/537.36"
223.185.16.48 - - [27/Jun/2026:11:50:52 +0530] "GET /admin/enquiry.php HTTP/1.1" 200 3180 "https://ramastructure.com/admin/notification.php" "Mozilla/5.0 (Windows NT 10.0; Win64; x64) AppleWebKit/537.36 (KHTML, like Gecko) Chrome/149.0.0.0 Safari/537.36"
223.185.16.48 - - [27/Jun/2026:11:50:55 +0530] "GET /contact HTTP/1.1" 200 4015 "https://ramastructure.com/index.php" "Mozilla/5.0 (Windows NT 10.0; Win64; x64) AppleWebKit/537.36 (KHTML, like Gecko) Chrome/149.0.0.0 Safari/537.36"
223.185.16.48 - - [27/Jun/2026:11:50:56 +0530] "GET /js/contact.form.js HTTP/1.1" 200 632 "https://ramastructure.com/contact" "Mozilla/5.0 (Windows NT 10.0; Win64; x64) AppleWebKit/537.36 (KHTML, like Gecko) Chrome/149.0.0.0 Safari/537.36"
223.185.16.48 - - [27/Jun/2026:11:53:25 +0530] "GET /admin/dashboard.php HTTP/1.1" 200 3295 "https://ramastructure.com/admin/enquiry.php" "Mozilla/5.0 (Windows NT 10.0; Win64; x64) AppleWebKit/537.36 (KHTML, like Gecko) Chrome/149.0.0.0 Safari/537.36"
223.185.16.48 - - [27/Jun/2026:11:53:39 +0530] "GET / HTTP/1.1" 200 6678 "-" "Mozilla/5.0 (Windows NT 10.0; Win64; x64) AppleWebKit/537.36 (KHTML, like Gecko) Chrome/149.0.0.0 Safari/537.36"
223.185.16.48 - - [27/Jun/2026:11:53:41 +0530] "GET /css/bootstrap.min.css HTTP/1.1" 200 20560 "https://ramastructure.com/" "Mozilla/5.0 (Windows NT 10.0; Win64; x64) AppleWebKit/537.36 (KHTML, like Gecko) Chrome/149.0.0.0 Safari/537.36"
223.185.16.48 - - [27/Jun/2026:11:53:41 +0530] "GET /css/font-awesome.min.css HTTP/1.1" 200 7064 "https://ramastructure.com/" "Mozilla/5.0 (Windows NT 10.0; Win64; x64) AppleWebKit/537.36 (KHTML, like Gecko) Chrome/149.0.0.0 Safari/537.36"
223.185.16.48 - - [27/Jun/2026:11:53:41 +0530] "GET /css/animate.css HTTP/1.1" 200 4304 "https://ramastructure.com/" "Mozilla/5.0 (Windows NT 10.0; Win64; x64) AppleWebKit/537.36 (KHTML, like Gecko) Chrome/149.0.0.0 Safari/537.36"
223.185.16.48 - - [27/Jun/2026:11:53:41 +0530] "GET /css/slick.css HTTP/1.1" 200 557 "https://ramastructure.com/" "Mozilla/5.0 (Windows NT 10.0; Win64; x64) AppleWebKit/537.36 (KHTML, like Gecko) Chrome/149.0.0.0 Safari/537.36"
223.185.16.48 - - [27/Jun/2026:11:53:41 +0530] "GET /css/owl.carousel.css HTTP/1.1" 200 1129 "https://ramastructure.com/" "Mozilla/5.0 (Windows NT 10.0; Win64; x64) AppleWebKit/537.36 (KHTML, like Gecko) Chrome/149.0.0.0 Safari/537.36"
223.185.16.48 - - [27/Jun/2026:11:53:42 +0530] "GET /css/magnific-popup.css HTTP/1.1" 200 1815 "https://ramastructure.com/" "Mozilla/5.0 (Windows NT 10.0; Win64; x64) AppleWebKit/537.36 (KHTML, like Gecko) Chrome/149.0.0.0 Safari/537.36"
223.185.16.48 - - [27/Jun/2026:11:53:42 +0530] "GET /fonts/flaticon.css HTTP/1.1" 200 430 "https://ramastructure.com/" "Mozilla/5.0 (Windows NT 10.0; Win64; x64) AppleWebKit/537.36 (KHTML, like Gecko) Chrome/149.0.0.0 Safari/537.36"
223.185.16.48 - - [27/Jun/2026:11:53:41 +0530] "GET /css/off-canvas.css HTTP/1.1" 200 1452 "https://ramastructure.com/" "Mozilla/5.0 (Windows NT 10.0; Win64; x64) AppleWebKit/537.36 (KHTML, like Gecko) Chrome/149.0.0.0 Safari/537.36"
223.185.16.48 - - [27/Jun/2026:11:53:42 +0530] "GET /css/rsmenu-main.css HTTP/1.1" 200 3540 "https://ramastructure.com/" "Mozilla/5.0 (Windows NT 10.0; Win64; x64) AppleWebKit/537.36 (KHTML, like Gecko) Chrome/149.0.0.0 Safari/537.36"
223.185.16.48 - - [27/Jun/2026:11:53:42 +0530] "GET /css/rsmenu-transitions.css HTTP/1.1" 200 330 "https://ramastructure.com/" "Mozilla/5.0 (Windows NT 10.0; Win64; x64) AppleWebKit/537.36 (KHTML, like Gecko) Chrome/149.0.0.0 Safari/537.36"
223.185.16.48 - - [27/Jun/2026:11:53:42 +0530] "GET /admin/uploads/slider/slider1.jpg HTTP/1.1" 200 47878 "https://ramastructure.com/" "Mozilla/5.0 (Windows NT 10.0; Win64; x64) AppleWebKit/537.36 (KHTML, like Gecko) Chrome/149.0.0.0 Safari/537.36"
223.185.16.48 - - [27/Jun/2026:11:53:42 +0530] "GET /style.css HTTP/1.1" 200 27872 "https://ramastructure.com/" "Mozilla/5.0 (Windows NT 10.0; Win64; x64) AppleWebKit/537.36 (KHTML, like Gecko) Chrome/149.0.0.0 Safari/537.36"
223.185.16.48 - - [27/Jun/2026:11:53:42 +0530] "GET /css/responsive.css HTTP/1.1" 200 5557 "https://ramastructure.com/" "Mozilla/5.0 (Windows NT 10.0; Win64; x64) AppleWebKit/537.36 (KHTML, like Gecko) Chrome/149.0.0.0 Safari/537.36"
223.185.16.48 - - [27/Jun/2026:11:53:42 +0530] "GET /fonts/fonts2/flaticon.css HTTP/1.1" 200 398 "https://ramastructure.com/" "Mozilla/5.0 (Windows NT 10.0; Win64; x64) AppleWebKit/537.36 (KHTML, like Gecko) Chrome/149.0.0.0 Safari/537.36"
223.185.16.48 - - [27/Jun/2026:11:53:43 +0530] "GET /admin/uploads/slider/slider3.jpg HTTP/1.1" 200 47530 "https://ramastructure.com/" "Mozilla/5.0 (Windows NT 10.0; Win64; x64) AppleWebKit/537.36 (KHTML, like Gecko) Chrome/149.0.0.0 Safari/537.36"
223.185.16.48 - - [27/Jun/2026:11:53:43 +0530] "GET /admin/uploads/about/single-pole-solar-mounting-struc.jpg HTTP/1.1" 200 42735 "https://ramastructure.com/" "Mozilla/5.0 (Windows NT 10.0; Win64; x64) AppleWebKit/537.36 (KHTML, like Gecko) Chrome/149.0.0.0 Safari/537.36"
223.185.16.48 - - [27/Jun/2026:11:53:43 +0530] "GET /js/modernizr-2.8.3.min.js HTTP/1.1" 200 6306 "https://ramastructure.com/" "Mozilla/5.0 (Windows NT 10.0; Win64; x64) AppleWebKit/537.36 (KHTML, like Gecko) Chrome/149.0.0.0 Safari/537.36"
223.185.16.48 - - [27/Jun/2026:11:53:43 +0530] "GET /js/jquery.min.js HTTP/1.1" 200 29531 "https://ramastructure.com/" "Mozilla/5.0 (Windows NT 10.0; Win64; x64) AppleWebKit/537.36 (KHTML, like Gecko) Chrome/149.0.0.0 Safari/537.36"
223.185.16.48 - - [27/Jun/2026:11:53:43 +0530] "GET /fonts/fontawesome-webfont3e6e.html?v=4.7.0 HTTP/1.1" 200 77162 "https://ramastructure.com/css/font-awesome.min.css" "Mozilla/5.0 (Windows NT 10.0; Win64; x64) AppleWebKit/537.36 (KHTML, like Gecko) Chrome/149.0.0.0 Safari/537.36"
223.185.16.48 - - [27/Jun/2026:11:53:43 +0530] "GET /js/bootstrap.min.js HTTP/1.1" 200 13105 "https://ramastructure.com/" "Mozilla/5.0 (Windows NT 10.0; Win64; x64) AppleWebKit/537.36 (KHTML, like Gecko) Chrome/149.0.0.0 Safari/537.36"
223.185.16.48 - - [27/Jun/2026:11:53:42 +0530] "GET /admin/uploads/slider/slider2.png HTTP/1.1" 200 844341 "https://ramastructure.com/" "Mozilla/5.0 (Windows NT 10.0; Win64; x64) AppleWebKit/537.36 (KHTML, like Gecko) Chrome/149.0.0.0 Safari/537.36"
223.185.16.48 - - [27/Jun/2026:11:53:43 +0530] "GET /fonts/fonts2/Flaticon.woff HTTP/1.1" 200 2352 "https://ramastructure.com/fonts/fonts2/flaticon.css" "Mozilla/5.0 (Windows NT 10.0; Win64; x64) AppleWebKit/537.36 (KHTML, like Gecko) Chrome/149.0.0.0 Safari/537.36"
223.185.16.48 - - [27/Jun/2026:11:53:43 +0530] "GET /js/owl.carousel.min.js HTTP/1.1" 200 10593 "https://ramastructure.com/" "Mozilla/5.0 (Windows NT 10.0; Win64; x64) AppleWebKit/537.36 (KHTML, like Gecko) Chrome/149.0.0.0 Safari/537.36"
223.185.16.48 - - [27/Jun/2026:11:53:44 +0530] "GET /js/slick.min.js HTTP/1.1" 200 10170 "https://ramastructure.com/" "Mozilla/5.0 (Windows NT 10.0; Win64; x64) AppleWebKit/537.36 (KHTML, like Gecko) Chrome/149.0.0.0 Safari/537.36"
223.185.16.48 - - [27/Jun/2026:11:53:44 +0530] "GET /js/wow.min.js HTTP/1.1" 200 2753 "https://ramastructure.com/" "Mozilla/5.0 (Windows NT 10.0; Win64; x64) AppleWebKit/537.36 (KHTML, like Gecko) Chrome/149.0.0.0 Safari/537.36"
223.185.16.48 - - [27/Jun/2026:11:53:44 +0530] "GET /js/isotope.pkgd.min.js HTTP/1.1" 200 9845 "https://ramastructure.com/" "Mozilla/5.0 (Windows NT 10.0; Win64; x64) AppleWebKit/537.36 (KHTML, like Gecko) Chrome/149.0.0.0 Safari/537.36"
223.185.16.48 - - [27/Jun/2026:11:53:44 +0530] "GET /js/imagesloaded.pkgd.min.js HTTP/1.1" 200 1795 "https://ramastructure.com/" "Mozilla/5.0 (Windows NT 10.0; Win64; x64) AppleWebKit/537.36 (KHTML, like Gecko) Chrome/149.0.0.0 Safari/537.36"
223.185.16.48 - - [27/Jun/2026:11:53:44 +0530] "GET /js/jquery.counterup.min.js HTTP/1.1" 200 577 "https://ramastructure.com/" "Mozilla/5.0 (Windows NT 10.0; Win64; x64) AppleWebKit/537.36 (KHTML, like Gecko) Chrome/149.0.0.0 Safari/537.36"
223.185.16.48 - - [27/Jun/2026:11:53:44 +0530] "GET /js/waypoints.min.js HTTP/1.1" 200 2617 "https://ramastructure.com/" "Mozilla/5.0 (Windows NT 10.0; Win64; x64) AppleWebKit/537.36 (KHTML, like Gecko) Chrome/149.0.0.0 Safari/537.36"
223.185.16.48 - - [27/Jun/2026:11:53:44 +0530] "GET /js/jquery.magnific-popup.min.js HTTP/1.1" 200 7346 "https://ramastructure.com/" "Mozilla/5.0 (Windows NT 10.0; Win64; x64) AppleWebKit/537.36 (KHTML, like Gecko) Chrome/149.0.0.0 Safari/537.36"
223.185.16.48 - - [27/Jun/2026:11:53:44 +0530] "GET /js/rsmenu-main.js HTTP/1.1" 200 1109 "https://ramastructure.com/" "Mozilla/5.0 (Windows NT 10.0; Win64; x64) AppleWebKit/537.36 (KHTML, like Gecko) Chrome/149.0.0.0 Safari/537.36"
223.185.16.48 - - [27/Jun/2026:11:53:44 +0530] "GET /js/plugins.js HTTP/1.1" 200 1262 "https://ramastructure.com/" "Mozilla/5.0 (Windows NT 10.0; Win64; x64) AppleWebKit/537.36 (KHTML, like Gecko) Chrome/149.0.0.0 Safari/537.36"
223.185.16.48 - - [27/Jun/2026:11:53:44 +0530] "GET /js/main.js HTTP/1.1" 200 3328 "https://ramastructure.com/" "Mozilla/5.0 (Windows NT 10.0; Win64; x64) AppleWebKit/537.36 (KHTML, like Gecko) Chrome/149.0.0.0 Safari/537.36"
223.185.16.48 - - [27/Jun/2026:11:53:44 +0530] "GET /admin/uploads/category/Tin-shed-3.jpg HTTP/1.1" 200 139025 "https://ramastructure.com/" "Mozilla/5.0 (Windows NT 10.0; Win64; x64) AppleWebKit/537.36 (KHTML, like Gecko) Chrome/149.0.0.0 Safari/537.36"
223.185.16.48 - - [27/Jun/2026:11:53:44 +0530] "GET /admin/uploads/category/single-pole-solar-mounting-struc.jpg HTTP/1.1" 404 196 "https://ramastructure.com/" "Mozilla/5.0 (Windows NT 10.0; Win64; x64) AppleWebKit/537.36 (KHTML, like Gecko) Chrome/149.0.0.0 Safari/537.36"
223.185.16.48 - - [27/Jun/2026:11:53:44 +0530] "GET /admin/uploads/blog/Solar-mount.jpg HTTP/1.1" 200 52888 "https://ramastructure.com/" "Mozilla/5.0 (Windows NT 10.0; Win64; x64) AppleWebKit/537.36 (KHTML, like Gecko) Chrome/149.0.0.0 Safari/537.36"
223.185.16.48 - - [27/Jun/2026:11:53:44 +0530] "GET /admin/uploads/blog/Mounted-solor.png HTTP/1.1" 200 134042 "https://ramastructure.com/" "Mozilla/5.0 (Windows NT 10.0; Win64; x64) AppleWebKit/537.36 (KHTML, like Gecko) Chrome/149.0.0.0 Safari/537.36"
223.185.16.48 - - [27/Jun/2026:11:53:44 +0530] "GET /admin/uploads/category/roof%20.jpeg HTTP/1.1" 200 331755 "https://ramastructure.com/" "Mozilla/5.0 (Windows NT 10.0; Win64; x64) AppleWebKit/537.36 (KHTML, like Gecko) Chrome/149.0.0.0 Safari/537.36"
223.185.16.48 - - [27/Jun/2026:11:53:44 +0530] "GET /admin/uploads/blog/SSP.jpg HTTP/1.1" 200 58350 "https://ramastructure.com/" "Mozilla/5.0 (Windows NT 10.0; Win64; x64) AppleWebKit/537.36 (KHTML, like Gecko) Chrome/149.0.0.0 Safari/537.36"
223.185.16.48 - - [27/Jun/2026:11:53:44 +0530] "GET /admin/uploads/team/users-vector-icon-png_260862.jpg HTTP/1.1" 200 8982 "https://ramastructure.com/" "Mozilla/5.0 (Windows NT 10.0; Win64; x64) AppleWebKit/537.36 (KHTML, like Gecko) Chrome/149.0.0.0 Safari/537.36"
223.185.16.48 - - [27/Jun/2026:11:53:46 +0530] "GET /index.php HTTP/1.1" 200 6678 "https://ramastructure.com/" "Mozilla/5.0 (Windows NT 10.0; Win64; x64) AppleWebKit/537.36 (KHTML, like Gecko) Chrome/149.0.0.0 Safari/537.36"
223.185.16.48 - - [27/Jun/2026:11:53:42 +0530] "GET /images/logo.png HTTP/1.1" 200 632376 "https://ramastructure.com/" "Mozilla/5.0 (Windows NT 10.0; Win64; x64) AppleWebKit/537.36 (KHTML, like Gecko) Chrome/149.0.0.0 Safari/537.36"
223.185.16.48 - - [27/Jun/2026:11:53:47 +0530] "GET /admin/uploads/gallery/DSCN9607.JPG HTTP/1.1" 200 3249411 "https://ramastructure.com/" "Mozilla/5.0 (Windows NT 10.0; Win64; x64) AppleWebKit/537.36 (KHTML, like Gecko) Chrome/149.0.0.0 Safari/537.36"
223.185.16.48 - - [27/Jun/2026:11:53:47 +0530] "GET /admin/uploads/category/single-pole-solar-mounting-struc.jpg HTTP/1.1" 404 196 "https://ramastructure.com/index.php" "Mozilla/5.0 (Windows NT 10.0; Win64; x64) AppleWebKit/537.36 (KHTML, like Gecko) Chrome/149.0.0.0 Safari/537.36"
223.185.16.48 - - [27/Jun/2026:11:53:48 +0530] "GET /admin/uploads/gallery/DSCN9607.JPG HTTP/1.1" 206 1 "https://ramastructure.com/index.php" "Mozilla/5.0 (Windows NT 10.0; Win64; x64) AppleWebKit/537.36 (KHTML, like Gecko) Chrome/149.0.0.0 Safari/537.36"
223.185.16.48 - - [27/Jun/2026:11:53:45 +0530] "GET /admin/uploads/gallery/DSCN9634.JPG HTTP/1.1" 200 3555576 "https://ramastructure.com/" "Mozilla/5.0 (Windows NT 10.0; Win64; x64) AppleWebKit/537.36 (KHTML, like Gecko) Chrome/149.0.0.0 Safari/537.36"
223.185.16.48 - - [27/Jun/2026:11:53:45 +0530] "GET /admin/uploads/gallery/DSCN9600.JPG HTTP/1.1" 200 3698549 "https://ramastructure.com/" "Mozilla/5.0 (Windows NT 10.0; Win64; x64) AppleWebKit/537.36 (KHTML, like Gecko) Chrome/149.0.0.0 Safari/537.36"
223.185.16.48 - - [27/Jun/2026:11:53:44 +0530] "GET /admin/uploads/gallery/DSCN9594.JPG HTTP/1.1" 200 3334534 "https://ramastructure.com/" "Mozilla/5.0 (Windows NT 10.0; Win64; x64) AppleWebKit/537.36 (KHTML, like Gecko) Chrome/149.0.0.0 Safari/537.36"
223.185.16.48 - - [27/Jun/2026:11:53:48 +0530] "GET /admin/uploads/gallery/DSCN9606.JPG HTTP/1.1" 200 3542678 "https://ramastructure.com/index.php" "Mozilla/5.0 (Windows NT 10.0; Win64; x64) AppleWebKit/537.36 (KHTML, like Gecko) Chrome/149.0.0.0 Safari/537.36"
223.185.16.48 - - [27/Jun/2026:11:53:45 +0530] "GET /admin/uploads/gallery/DSCN9601.JPG HTTP/1.1" 200 3619401 "https://ramastructure.com/" "Mozilla/5.0 (Windows NT 10.0; Win64; x64) AppleWebKit/537.36 (KHTML, like Gecko) Chrome/149.0.0.0 Safari/537.36"
223.185.16.48 - - [27/Jun/2026:11:53:56 +0530] "GET /product.php?cat_id=3 HTTP/1.1" 200 4348 "https://ramastructure.com/index.php" "Mozilla/5.0 (Windows NT 10.0; Win64; x64) AppleWebKit/537.36 (KHTML, like Gecko) Chrome/149.0.0.0 Safari/537.36"
223.185.16.48 - - [27/Jun/2026:11:53:51 +0530] "GET /admin/uploads/gallery/DSCN9611.JPG HTTP/1.1" 200 3537379 "https://ramastructure.com/index.php" "Mozilla/5.0 (Windows NT 10.0; Win64; x64) AppleWebKit/537.36 (KHTML, like Gecko) Chrome/149.0.0.0 Safari/537.36"
223.185.16.48 - - [27/Jun/2026:11:53:56 +0530] "GET /admin/uploads/gallery/DSCN9616.JPG HTTP/1.1" 200 3471851 "https://ramastructure.com/index.php" "Mozilla/5.0 (Windows NT 10.0; Win64; x64) AppleWebKit/537.36 (KHTML, like Gecko) Chrome/149.0.0.0 Safari/537.36"
223.185.16.48 - - [27/Jun/2026:11:53:52 +0530] "GET /admin/uploads/gallery/DSCN9612.JPG HTTP/1.1" 200 3589286 "https://ramastructure.com/index.php" "Mozilla/5.0 (Windows NT 10.0; Win64; x64) AppleWebKit/537.36 (KHTML, like Gecko) Chrome/149.0.0.0 Safari/537.36"
223.185.16.48 - - [27/Jun/2026:11:53:56 +0530] "GET /admin/uploads/gallery/DSCN9614.JPG HTTP/1.1" 200 3619131 "https://ramastructure.com/index.php" "Mozilla/5.0 (Windows NT 10.0; Win64; x64) AppleWebKit/537.36 (KHTML, like Gecko) Chrome/149.0.0.0 Safari/537.36"
223.185.16.48 - - [27/Jun/2026:11:53:50 +0530] "GET /admin/uploads/gallery/DSCN9610.JPG HTTP/1.1" 200 3527628 "https://ramastructure.com/index.php" "Mozilla/5.0 (Windows NT 10.0; Win64; x64) AppleWebKit/537.36 (KHTML, like Gecko) Chrome/149.0.0.0 Safari/537.36"
223.185.16.48 - - [27/Jun/2026:11:53:48 +0530] "GET /admin/uploads/gallery/DSCN9607.JPG HTTP/1.1" 206 3113542 "https://ramastructure.com/index.php" "Mozilla/5.0 (Windows NT 10.0; Win64; x64) AppleWebKit/537.36 (KHTML, like Gecko) Chrome/149.0.0.0 Safari/537.36"
223.185.16.48 - - [27/Jun/2026:11:54:00 +0530] "GET /admin/uploads/products/c-channel-500x500.jpeg HTTP/1.1" 200 21151 "https://ramastructure.com/product.php?cat_id=3" "Mozilla/5.0 (Windows NT 10.0; Win64; x64) AppleWebKit/537.36 (KHTML, like Gecko) Chrome/149.0.0.0 Safari/537.36"
223.185.16.48 - - [27/Jun/2026:11:54:00 +0530] "GET /admin/uploads/products/c-type-solar-purlin63bdf2ba-da26-4ca6-b498-219a3b5a6055.jpg HTTP/1.1" 200 70045 "https://ramastructure.com/product.php?cat_id=3" "Mozilla/5.0 (Windows NT 10.0; Win64; x64) AppleWebKit/537.36 (KHTML, like Gecko) Chrome/149.0.0.0 Safari/537.36"
223.185.16.48 - - [27/Jun/2026:11:54:00 +0530] "GET /admin/uploads/products/strut-channel-jointer-500x500.jpeg HTTP/1.1" 200 16091 "https://ramastructure.com/product.php?cat_id=3" "Mozilla/5.0 (Windows NT 10.0; Win64; x64) AppleWebKit/537.36 (KHTML, like Gecko) Chrome/149.0.0.0 Safari/537.36"
223.185.16.48 - - [27/Jun/2026:11:54:00 +0530] "GET /admin/uploads/products/14-to-38-mm-c-b-rods-copper-bonded-rod-type-earthing-2217105000-i36isza2.jpg HTTP/1.1" 200 41650 "https://ramastructure.com/product.php?cat_id=3" "Mozilla/5.0 (Windows NT 10.0; Win64; x64) AppleWebKit/537.36 (KHTML, like Gecko) Chrome/149.0.0.0 Safari/537.36"
223.185.16.48 - - [27/Jun/2026:11:54:00 +0530] "GET /admin/uploads/products/images.jpeg HTTP/1.1" 200 4104 "https://ramastructure.com/product.php?cat_id=3" "Mozilla/5.0 (Windows NT 10.0; Win64; x64) AppleWebKit/537.36 (KHTML, like Gecko) Chrome/149.0.0.0 Safari/537.36"
223.185.16.48 - - [27/Jun/2026:11:54:01 +0530] "GET /admin/uploads/products/solar-rooftop-earthing-kit-500x500.jpeg HTTP/1.1" 200 4533 "https://ramastructure.com/product.php?cat_id=3" "Mozilla/5.0 (Windows NT 10.0; Win64; x64) AppleWebKit/537.36 (KHTML, like Gecko) Chrome/149.0.0.0 Safari/537.36"
223.185.16.48 - - [27/Jun/2026:11:54:00 +0530] "GET /images/bg/bg1.jpg HTTP/1.1" 200 721590 "https://ramastructure.com/style.css" "Mozilla/5.0 (Windows NT 10.0; Win64; x64) AppleWebKit/537.36 (KHTML, like Gecko) Chrome/149.0.0.0 Safari/537.36"
223.185.16.48 - - [27/Jun/2026:11:54:02 +0530] "GET /admin/uploads/products/Nickel-Alloy-20-Fastener.jpg HTTP/1.1" 200 111716 "https://ramastructure.com/product.php?cat_id=3" "Mozilla/5.0 (Windows NT 10.0; Win64; x64) AppleWebKit/537.36 (KHTML, like Gecko) Chrome/149.0.0.0 Safari/537.36"
223.185.16.48 - - [27/Jun/2026:11:54:01 +0530] "GET /admin/uploads/products/IMG_20251226_114748.jpg HTTP/1.1" 200 782008 "https://ramastructure.com/product.php?cat_id=3" "Mozilla/5.0 (Windows NT 10.0; Win64; x64) AppleWebKit/537.36 (KHTML, like Gecko) Chrome/149.0.0.0 Safari/537.36"
223.185.16.48 - - [27/Jun/2026:11:54:01 +0530] "GET /images/bg/counter-bg.jpg HTTP/1.1" 200 498250 "https://ramastructure.com/style.css" "Mozilla/5.0 (Windows NT 10.0; Win64; x64) AppleWebKit/537.36 (KHTML, like Gecko) Chrome/149.0.0.0 Safari/537.36"
223.185.16.48 - - [27/Jun/2026:11:54:01 +0530] "GET /admin/uploads/products/roof%20.jpeg HTTP/1.1" 200 331755 "https://ramastructure.com/product.php?cat_id=3" "Mozilla/5.0 (Windows NT 10.0; Win64; x64) AppleWebKit/537.36 (KHTML, like Gecko) Chrome/149.0.0.0 Safari/537.36"
66.249.79.162 - - [27/Jun/2026:11:54:02 +0530] "GET /robots.txt HTTP/1.1" 404 196 "-" "Mozilla/5.0 (compatible; Googlebot/2.1; +http://www.google.com/bot.html)"
223.185.16.48 - - [27/Jun/2026:11:54:01 +0530] "GET /admin/uploads/products/Earthing-Pit-Cover-Canva.png HTTP/1.1" 200 1262959 "https://ramastructure.com/product.php?cat_id=3" "Mozilla/5.0 (Windows NT 10.0; Win64; x64) AppleWebKit/537.36 (KHTML, like Gecko) Chrome/149.0.0.0 Safari/537.36"
223.185.16.48 - - [27/Jun/2026:11:54:04 +0530] "GET /images/fav.png HTTP/1.1" 200 18737 "https://ramastructure.com/product.php?cat_id=3" "Mozilla/5.0 (Windows NT 10.0; Win64; x64) AppleWebKit/537.36 (KHTML, like Gecko) Chrome/149.0.0.0 Safari/537.36"
66.249.79.162 - - [27/Jun/2026:11:54:03 +0530] "GET /index.php HTTP/1.1" 200 6678 "-" "Mozilla/5.0 (Linux; Android 6.0.1; Nexus 5X Build/MMB29P) AppleWebKit/537.36 (KHTML, like Gecko) Chrome/99.0.4844.84 Mobile Safari/537.36 (compatible; Googlebot/2.1; +http://www.google.com/bot.html)"
66.249.79.161 - - [27/Jun/2026:11:54:06 +0530] "GET /index.php HTTP/1.1" 200 6678 "-" "Mozilla/5.0 (compatible; Googlebot/2.1; +http://www.google.com/bot.html)"
66.249.79.161 - - [27/Jun/2026:11:54:08 +0530] "GET /product.php HTTP/1.1" 200 3736 "-" "Mozilla/5.0 (compatible; Googlebot/2.1; +http://www.google.com/bot.html)"
66.249.79.160 - - [27/Jun/2026:11:54:11 +0530] "GET /product.php HTTP/1.1" 200 3736 "-" "Mozilla/5.0 (Linux; Android 6.0.1; Nexus 5X Build/MMB29P) AppleWebKit/537.36 (KHTML, like Gecko) Chrome/99.0.4844.84 Mobile Safari/537.36 (compatible; Googlebot/2.1; +http://www.google.com/bot.html)"
66.249.79.160 - - [27/Jun/2026:11:54:14 +0530] "GET /fonts/flaticon.css HTTP/1.1" 200 430 "https://ramastructure.com/product.php" "Mozilla/5.0 AppleWebKit/537.36 (KHTML, like Gecko; compatible; Googlebot/2.1; +http://www.google.com/bot.html) Chrome/148.0.7778.96 Safari/537.36"
66.249.76.96 - - [27/Jun/2026:11:54:15 +0530] "GET /js/wow.min.js HTTP/1.1" 200 2753 "https://ramastructure.com/product.php" "Mozilla/5.0 AppleWebKit/537.36 (KHTML, like Gecko; compatible; Googlebot/2.1; +http://www.google.com/bot.html) Chrome/148.0.7778.96 Safari/537.36"
66.249.76.96 - - [27/Jun/2026:11:54:17 +0530] "GET /css/responsive.css HTTP/1.1" 200 5557 "https://ramastructure.com/product.php" "Mozilla/5.0 AppleWebKit/537.36 (KHTML, like Gecko; compatible; Googlebot/2.1; +http://www.google.com/bot.html) Chrome/148.0.7778.96 Safari/537.36"
66.249.76.96 - - [27/Jun/2026:11:54:20 +0530] "GET /fonts/flaticon.css HTTP/1.1" 200 430 "https://ramastructure.com/product.php" "Mozilla/5.0 (Linux; Android 6.0.1; Nexus 5X Build/MMB29P) AppleWebKit/537.36 (KHTML, like Gecko) Chrome/148.0.7778.96 Mobile Safari/537.36 (compatible; Googlebot/2.1; +http://www.google.com/bot.html)"
66.249.79.160 - - [27/Jun/2026:11:54:23 +0530] "GET /fonts/fonts2/flaticon.css HTTP/1.1" 200 398 "https://ramastructure.com/product.php" "Mozilla/5.0 AppleWebKit/537.36 (KHTML, like Gecko; compatible; Googlebot/2.1; +http://www.google.com/bot.html) Chrome/148.0.7778.96 Safari/537.36"
223.185.16.48 - - [27/Jun/2026:11:55:55 +0530] "GET /slottedchannelrama HTTP/1.1" 200 4349 "https://ramastructure.com/product.php?cat_id=3" "Mozilla/5.0 (Windows NT 10.0; Win64; x64) AppleWebKit/537.36 (KHTML, like Gecko) Chrome/149.0.0.0 Safari/537.36"
223.185.16.48 - - [27/Jun/2026:11:56:05 +0530] "GET /admin/uploads/products/roof%20.jpeg HTTP/1.1" 304 - "https://ramastructure.com/slottedchannelrama" "Mozilla/5.0 (Windows NT 10.0; Win64; x64) AppleWebKit/537.36 (KHTML, like Gecko) Chrome/149.0.0.0 Safari/537.36"
223.185.16.48 - - [27/Jun/2026:11:56:12 +0530] "GET /index.php HTTP/1.1" 200 6678 "https://ramastructure.com/slottedchannelrama" "Mozilla/5.0 (Windows NT 10.0; Win64; x64) AppleWebKit/537.36 (KHTML, like Gecko) Chrome/149.0.0.0 Safari/537.36"
223.185.16.48 - - [27/Jun/2026:11:56:13 +0530] "GET /admin/uploads/category/roof%20.jpeg HTTP/1.1" 304 - "https://ramastructure.com/index.php" "Mozilla/5.0 (Windows NT 10.0; Win64; x64) AppleWebKit/537.36 (KHTML, like Gecko) Chrome/149.0.0.0 Safari/537.36"
223.185.16.48 - - [27/Jun/2026:11:56:13 +0530] "GET /admin/uploads/category/single-pole-solar-mounting-struc.jpg HTTP/1.1" 404 196 "https://ramastructure.com/index.php" "Mozilla/5.0 (Windows NT 10.0; Win64; x64) AppleWebKit/537.36 (KHTML, like Gecko) Chrome/149.0.0.0 Safari/537.36"
223.185.16.48 - - [27/Jun/2026:11:56:14 +0530] "GET /admin/uploads/gallery/DSCN9607.JPG HTTP/1.1" 206 1 "https://ramastructure.com/index.php" "Mozilla/5.0 (Windows NT 10.0; Win64; x64) AppleWebKit/537.36 (KHTML, like Gecko) Chrome/149.0.0.0 Safari/537.36"
223.185.16.48 - - [27/Jun/2026:11:56:14 +0530] "GET /admin/uploads/gallery/DSCN9610.JPG HTTP/1.1" 206 1 "https://ramastructure.com/index.php" "Mozilla/5.0 (Windows NT 10.0; Win64; x64) AppleWebKit/537.36 (KHTML, like Gecko) Chrome/149.0.0.0 Safari/537.36"
223.185.16.48 - - [27/Jun/2026:11:56:14 +0530] "GET /admin/uploads/gallery/DSCN9611.JPG HTTP/1.1" 206 1 "https://ramastructure.com/index.php" "Mozilla/5.0 (Windows NT 10.0; Win64; x64) AppleWebKit/537.36 (KHTML, like Gecko) Chrome/149.0.0.0 Safari/537.36"
223.185.16.48 - - [27/Jun/2026:11:56:14 +0530] "GET /admin/uploads/gallery/DSCN9612.JPG HTTP/1.1" 206 1 "https://ramastructure.com/index.php" "Mozilla/5.0 (Windows NT 10.0; Win64; x64) AppleWebKit/537.36 (KHTML, like Gecko) Chrome/149.0.0.0 Safari/537.36"
223.185.16.48 - - [27/Jun/2026:11:56:14 +0530] "GET /admin/uploads/gallery/DSCN9614.JPG HTTP/1.1" 206 1 "https://ramastructure.com/index.php" "Mozilla/5.0 (Windows NT 10.0; Win64; x64) AppleWebKit/537.36 (KHTML, like Gecko) Chrome/149.0.0.0 Safari/537.36"
223.185.16.48 - - [27/Jun/2026:11:56:14 +0530] "GET /admin/uploads/gallery/DSCN9616.JPG HTTP/1.1" 206 1 "https://ramastructure.com/index.php" "Mozilla/5.0 (Windows NT 10.0; Win64; x64) AppleWebKit/537.36 (KHTML, like Gecko) Chrome/149.0.0.0 Safari/537.36"
223.185.16.48 - - [27/Jun/2026:11:56:14 +0530] "GET /admin/uploads/gallery/DSCN9611.JPG HTTP/1.1" 206 377510 "https://ramastructure.com/index.php" "Mozilla/5.0 (Windows NT 10.0; Win64; x64) AppleWebKit/537.36 (KHTML, like Gecko) Chrome/149.0.0.0 Safari/537.36"
223.185.16.48 - - [27/Jun/2026:11:56:14 +0530] "GET /admin/uploads/gallery/DSCN9610.JPG HTTP/1.1" 206 1015759 "https://ramastructure.com/index.php" "Mozilla/5.0 (Windows NT 10.0; Win64; x64) AppleWebKit/537.36 (KHTML, like Gecko) Chrome/149.0.0.0 Safari/537.36"
223.185.16.48 - - [27/Jun/2026:11:56:16 +0530] "GET /about HTTP/1.1" 200 5693 "https://ramastructure.com/index.php" "Mozilla/5.0 (Windows NT 10.0; Win64; x64) AppleWebKit/537.36 (KHTML, like Gecko) Chrome/149.0.0.0 Safari/537.36"
223.185.16.48 - - [27/Jun/2026:11:56:14 +0530] "GET /admin/uploads/gallery/DSCN9614.JPG HTTP/1.1" 206 3227262 "https://ramastructure.com/index.php" "Mozilla/5.0 (Windows NT 10.0; Win64; x64) AppleWebKit/537.36 (KHTML, like Gecko) Chrome/149.0.0.0 Safari/537.36"
223.185.16.48 - - [27/Jun/2026:11:56:14 +0530] "GET /admin/uploads/gallery/DSCN9612.JPG HTTP/1.1" 206 1589417 "https://ramastructure.com/index.php" "Mozilla/5.0 (Windows NT 10.0; Win64; x64) AppleWebKit/537.36 (KHTML, like Gecko) Chrome/149.0.0.0 Safari/537.36"
223.185.16.48 - - [27/Jun/2026:11:56:14 +0530] "GET /admin/uploads/gallery/DSCN9616.JPG HTTP/1.1" 206 3335982 "https://ramastructure.com/index.php" "Mozilla/5.0 (Windows NT 10.0; Win64; x64) AppleWebKit/537.36 (KHTML, like Gecko) Chrome/149.0.0.0 Safari/537.36"
223.185.16.48 - - [27/Jun/2026:11:56:19 +0530] "GET /gallery HTTP/1.1" 200 3906 "https://ramastructure.com/index.php" "Mozilla/5.0 (Windows NT 10.0; Win64; x64) AppleWebKit/537.36 (KHTML, like Gecko) Chrome/149.0.0.0 Safari/537.36"
223.185.16.48 - - [27/Jun/2026:11:56:23 +0530] "GET /admin/uploads/gallery/heroSectionBackground.jpg HTTP/1.1" 200 498250 "https://ramastructure.com/gallery" "Mozilla/5.0 (Windows NT 10.0; Win64; x64) AppleWebKit/537.36 (KHTML, like Gecko) Chrome/149.0.0.0 Safari/537.36"
223.185.16.48 - - [27/Jun/2026:11:56:17 +0530] "GET /admin/uploads/gallery/DSCN9618.JPG HTTP/1.1" 200 3505614 "https://ramastructure.com/index.php" "Mozilla/5.0 (Windows NT 10.0; Win64; x64) AppleWebKit/537.36 (KHTML, like Gecko) Chrome/149.0.0.0 Safari/537.36"
223.185.16.48 - - [27/Jun/2026:11:56:23 +0530] "GET /admin/uploads/gallery/DSCN9621.JPG HTTP/1.1" 200 3679323 "https://ramastructure.com/index.php" "Mozilla/5.0 (Windows NT 10.0; Win64; x64) AppleWebKit/537.36 (KHTML, like Gecko) Chrome/149.0.0.0 Safari/537.36"
223.185.16.48 - - [27/Jun/2026:11:56:14 +0530] "GET /admin/uploads/gallery/DSCN9607.JPG HTTP/1.1" 206 1774851 "https://ramastructure.com/index.php" "Mozilla/5.0 (Windows NT 10.0; Win64; x64) AppleWebKit/537.36 (KHTML, like Gecko) Chrome/149.0.0.0 Safari/537.36"
223.185.16.48 - - [27/Jun/2026:11:56:22 +0530] "GET /admin/uploads/gallery/DSCN9620.JPG HTTP/1.1" 200 3746102 "https://ramastructure.com/index.php" "Mozilla/5.0 (Windows NT 10.0; Win64; x64) AppleWebKit/537.36 (KHTML, like Gecko) Chrome/149.0.0.0 Safari/537.36"
34.28.65.75 - - [27/Jun/2026:11:56:28 +0530] "GET / HTTP/1.1" 200 6678 "-" "amphp/http-client/5.x"
34.28.65.75 - - [27/Jun/2026:11:56:28 +0530] "GET / HTTP/1.1" 200 6678 "-" "amphp/http-client/5.x"
223.185.16.48 - - [27/Jun/2026:11:56:24 +0530] "GET /admin/uploads/gallery/DSCN9628.JPG HTTP/1.1" 200 3350013 "https://ramastructure.com/gallery" "Mozilla/5.0 (Windows NT 10.0; Win64; x64) AppleWebKit/537.36 (KHTML, like Gecko) Chrome/149.0.0.0 Safari/537.36"
223.185.16.48 - - [27/Jun/2026:11:56:24 +0530] "GET /admin/uploads/gallery/DSCN9626.JPG HTTP/1.1" 200 3573562 "https://ramastructure.com/gallery" "Mozilla/5.0 (Windows NT 10.0; Win64; x64) AppleWebKit/537.36 (KHTML, like Gecko) Chrome/149.0.0.0 Safari/537.36"
223.185.16.48 - - [27/Jun/2026:11:56:32 +0530] "GET /gallery HTTP/1.1" 200 3906 "https://ramastructure.com/gallery" "Mozilla/5.0 (Windows NT 10.0; Win64; x64) AppleWebKit/537.36 (KHTML, like Gecko) Chrome/149.0.0.0 Safari/537.36"
223.185.16.48 - - [27/Jun/2026:11:56:33 +0530] "GET /contact HTTP/1.1" 200 4015 "https://ramastructure.com/gallery" "Mozilla/5.0 (Windows NT 10.0; Win64; x64) AppleWebKit/537.36 (KHTML, like Gecko) Chrome/149.0.0.0 Safari/537.36"
223.185.16.48 - - [27/Jun/2026:11:56:34 +0530] "GET /admin/uploads/gallery/DSCN9621.JPG HTTP/1.1" 206 1 "https://ramastructure.com/gallery" "Mozilla/5.0 (Windows NT 10.0; Win64; x64) AppleWebKit/537.36 (KHTML, like Gecko) Chrome/149.0.0.0 Safari/537.36"
66.249.76.97 - - [27/Jun/2026:11:56:34 +0530] "GET /gallery HTTP/1.1" 200 3906 "-" "Mozilla/5.0 (compatible; Googlebot/2.1; +http://www.google.com/bot.html)"
223.185.16.48 - - [27/Jun/2026:11:56:34 +0530] "GET /js/contact.form.js HTTP/1.1" 200 632 "https://ramastructure.com/contact" "Mozilla/5.0 (Windows NT 10.0; Win64; x64) AppleWebKit/537.36 (KHTML, like Gecko) Chrome/149.0.0.0 Safari/537.36"
223.185.16.48 - - [27/Jun/2026:11:56:24 +0530] "GET /admin/uploads/gallery/DSCN9630.JPG HTTP/1.1" 200 3549341 "https://ramastructure.com/gallery" "Mozilla/5.0 (Windows NT 10.0; Win64; x64) AppleWebKit/537.36 (KHTML, like Gecko) Chrome/149.0.0.0 Safari/537.36"
223.185.16.48 - - [27/Jun/2026:11:56:24 +0530] "GET /admin/uploads/gallery/DSCN9623.JPG HTTP/1.1" 200 3440510 "https://ramastructure.com/gallery" "Mozilla/5.0 (Windows NT 10.0; Win64; x64) AppleWebKit/537.36 (KHTML, like Gecko) Chrome/149.0.0.0 Safari/537.36"
223.185.16.48 - - [27/Jun/2026:11:56:24 +0530] "GET /admin/uploads/gallery/DSCN9625.JPG HTTP/1.1" 200 3669685 "https://ramastructure.com/gallery" "Mozilla/5.0 (Windows NT 10.0; Win64; x64) AppleWebKit/537.36 (KHTML, like Gecko) Chrome/149.0.0.0 Safari/537.36"
223.185.16.48 - - [27/Jun/2026:11:56:30 +0530] "GET /admin/uploads/gallery/DSCN9622.JPG HTTP/1.1" 200 3361413 "https://ramastructure.com/gallery" "Mozilla/5.0 (Windows NT 10.0; Win64; x64) AppleWebKit/537.36 (KHTML, like Gecko) Chrome/149.0.0.0 Safari/537.36"
223.185.16.48 - - [27/Jun/2026:11:56:24 +0530] "GET /admin/uploads/gallery/DSCN9624.JPG HTTP/1.1" 200 3332002 "https://ramastructure.com/gallery" "Mozilla/5.0 (Windows NT 10.0; Win64; x64) AppleWebKit/537.36 (KHTML, like Gecko) Chrome/149.0.0.0 Safari/537.36"
223.185.16.48 - - [27/Jun/2026:11:56:34 +0530] "GET /admin/uploads/gallery/DSCN9621.JPG HTTP/1.1" 206 3495454 "https://ramastructure.com/gallery" "Mozilla/5.0 (Windows NT 10.0; Win64; x64) AppleWebKit/537.36 (KHTML, like Gecko) Chrome/149.0.0.0 Safari/537.36"
66.249.79.162 - - [27/Jun/2026:11:56:35 +0530] "GET /gallery HTTP/1.1" 200 3906 "-" "Mozilla/5.0 (Linux; Android 6.0.1; Nexus 5X Build/MMB29P) AppleWebKit/537.36 (KHTML, like Gecko) Chrome/99.0.4844.84 Mobile Safari/537.36 (compatible; Googlebot/2.1; +http://www.google.com/bot.html)"
66.249.76.96 - - [27/Jun/2026:11:56:36 +0530] "GET /js/wow.min.js HTTP/1.1" 200 2753 "https://ramastructure.com/gallery" "Mozilla/5.0 AppleWebKit/537.36 (KHTML, like Gecko; compatible; Googlebot/2.1; +http://www.google.com/bot.html) Chrome/148.0.7778.96 Safari/537.36"
223.185.16.48 - - [27/Jun/2026:11:56:36 +0530] "GET /index.php HTTP/1.1" 200 6678 "https://ramastructure.com/contact" "Mozilla/5.0 (Windows NT 10.0; Win64; x64) AppleWebKit/537.36 (KHTML, like Gecko) Chrome/149.0.0.0 Safari/537.36"
223.185.16.48 - - [27/Jun/2026:11:56:37 +0530] "GET /admin/uploads/category/single-pole-solar-mounting-struc.jpg HTTP/1.1" 404 196 "https://ramastructure.com/index.php" "Mozilla/5.0 (Windows NT 10.0; Win64; x64) AppleWebKit/537.36 (KHTML, like Gecko) Chrome/149.0.0.0 Safari/537.36"
223.185.16.48 - - [27/Jun/2026:11:56:37 +0530] "GET /admin/uploads/gallery/DSCN9607.JPG HTTP/1.1" 206 1 "https://ramastructure.com/index.php" "Mozilla/5.0 (Windows NT 10.0; Win64; x64) AppleWebKit/537.36 (KHTML, like Gecko) Chrome/149.0.0.0 Safari/537.36"
223.185.16.48 - - [27/Jun/2026:11:56:37 +0530] "GET /admin/uploads/gallery/DSCN9618.JPG HTTP/1.1" 206 1 "https://ramastructure.com/index.php" "Mozilla/5.0 (Windows NT 10.0; Win64; x64) AppleWebKit/537.36 (KHTML, like Gecko) Chrome/149.0.0.0 Safari/537.36"
223.185.16.48 - - [27/Jun/2026:11:56:37 +0530] "GET /admin/uploads/gallery/DSCN9620.JPG HTTP/1.1" 206 1 "https://ramastructure.com/index.php" "Mozilla/5.0 (Windows NT 10.0; Win64; x64) AppleWebKit/537.36 (KHTML, like Gecko) Chrome/149.0.0.0 Safari/537.36"
223.185.16.48 - - [27/Jun/2026:11:56:38 +0530] "GET /admin/uploads/gallery/DSCN9621.JPG HTTP/1.1" 206 1 "https://ramastructure.com/index.php" "Mozilla/5.0 (Windows NT 10.0; Win64; x64) AppleWebKit/537.36 (KHTML, like Gecko) Chrome/149.0.0.0 Safari/537.36"
223.185.16.48 - - [27/Jun/2026:11:56:38 +0530] "GET /admin/uploads/gallery/DSCN9622.JPG HTTP/1.1" 206 1 "https://ramastructure.com/index.php" "Mozilla/5.0 (Windows NT 10.0; Win64; x64) AppleWebKit/537.36 (KHTML, like Gecko) Chrome/149.0.0.0 Safari/537.36"
223.185.16.48 - - [27/Jun/2026:11:56:38 +0530] "GET /admin/uploads/gallery/DSCN9623.JPG HTTP/1.1" 206 1 "https://ramastructure.com/index.php" "Mozilla/5.0 (Windows NT 10.0; Win64; x64) AppleWebKit/537.36 (KHTML, like Gecko) Chrome/149.0.0.0 Safari/537.36"
223.185.16.48 - - [27/Jun/2026:11:56:38 +0530] "GET /admin/uploads/gallery/DSCN9607.JPG HTTP/1.1" 206 263042 "https://ramastructure.com/index.php" "Mozilla/5.0 (Windows NT 10.0; Win64; x64) AppleWebKit/537.36 (KHTML, like Gecko) Chrome/149.0.0.0 Safari/537.36"
223.185.16.48 - - [27/Jun/2026:11:56:40 +0530] "GET /admin/uploads/gallery/DSCN9624.JPG HTTP/1.1" 206 1 "https://ramastructure.com/index.php" "Mozilla/5.0 (Windows NT 10.0; Win64; x64) AppleWebKit/537.36 (KHTML, like Gecko) Chrome/149.0.0.0 Safari/537.36"
223.185.16.48 - - [27/Jun/2026:11:56:38 +0530] "GET /admin/uploads/gallery/DSCN9618.JPG HTTP/1.1" 206 1521745 "https://ramastructure.com/index.php" "Mozilla/5.0 (Windows NT 10.0; Win64; x64) AppleWebKit/537.36 (KHTML, like Gecko) Chrome/149.0.0.0 Safari/537.36"
223.185.16.48 - - [27/Jun/2026:11:56:40 +0530] "GET /admin/uploads/gallery/DSCN9624.JPG HTTP/1.1" 206 852134 "https://ramastructure.com/index.php" "Mozilla/5.0 (Windows NT 10.0; Win64; x64) AppleWebKit/537.36 (KHTML, like Gecko) Chrome/149.0.0.0 Safari/537.36"
223.185.16.48 - - [27/Jun/2026:11:56:43 +0530] "GET /admin/uploads/gallery/DSCN9625.JPG HTTP/1.1" 206 1 "https://ramastructure.com/index.php" "Mozilla/5.0 (Windows NT 10.0; Win64; x64) AppleWebKit/537.36 (KHTML, like Gecko) Chrome/149.0.0.0 Safari/537.36"
223.185.16.48 - - [27/Jun/2026:11:56:43 +0530] "GET /admin/uploads/gallery/DSCN9630.JPG HTTP/1.1" 206 1 "https://ramastructure.com/index.php" "Mozilla/5.0 (Windows NT 10.0; Win64; x64) AppleWebKit/537.36 (KHTML, like Gecko) Chrome/149.0.0.0 Safari/537.36"
66.249.76.96 - - [27/Jun/2026:11:56:42 +0530] "GET /contact HTTP/1.1" 200 4015 "-" "Mozilla/5.0 (Linux; Android 6.0.1; Nexus 5X Build/MMB29P) AppleWebKit/537.36 (KHTML, like Gecko) Chrome/99.0.4844.84 Mobile Safari/537.36 (compatible; Googlebot/2.1; +http://www.google.com/bot.html)"
223.185.16.48 - - [27/Jun/2026:11:56:40 +0530] "GET /admin/uploads/gallery/DSCN9622.JPG HTTP/1.1" 206 1113544 "https://ramastructure.com/index.php" "Mozilla/5.0 (Windows NT 10.0; Win64; x64) AppleWebKit/537.36 (KHTML, like Gecko) Chrome/149.0.0.0 Safari/537.36"
223.185.16.48 - - [27/Jun/2026:11:56:40 +0530] "GET /admin/uploads/gallery/DSCN9623.JPG HTTP/1.1" 206 848641 "https://ramastructure.com/index.php" "Mozilla/5.0 (Windows NT 10.0; Win64; x64) AppleWebKit/537.36 (KHTML, like Gecko) Chrome/149.0.0.0 Safari/537.36"
223.185.16.48 - - [27/Jun/2026:11:56:44 +0530] "GET /admin/uploads/gallery/DSCN9630.JPG HTTP/1.1" 206 597472 "https://ramastructure.com/index.php" "Mozilla/5.0 (Windows NT 10.0; Win64; x64) AppleWebKit/537.36 (KHTML, like Gecko) Chrome/149.0.0.0 Safari/537.36"
66.249.79.160 - - [27/Jun/2026:11:56:44 +0530] "GET /contact HTTP/1.1" 200 4015 "-" "Mozilla/5.0 (compatible; Googlebot/2.1; +http://www.google.com/bot.html)"
223.185.16.48 - - [27/Jun/2026:11:56:44 +0530] "GET /admin/uploads/testimonials/logo.jpg HTTP/1.1" 200 28087 "https://ramastructure.com/index.php" "Mozilla/5.0 (Windows NT 10.0; Win64; x64) AppleWebKit/537.36 (KHTML, like Gecko) Chrome/149.0.0.0 Safari/537.36"
223.185.16.48 - - [27/Jun/2026:11:56:44 +0530] "GET /admin/uploads/gallery/heroSectionBackground.jpg HTTP/1.1" 200 498250 "https://ramastructure.com/index.php" "Mozilla/5.0 (Windows NT 10.0; Win64; x64) AppleWebKit/537.36 (KHTML, like Gecko) Chrome/149.0.0.0 Safari/537.36"
223.185.16.48 - - [27/Jun/2026:11:56:45 +0530] "GET /admin/uploads/testimonials/logo.jpeg HTTP/1.1" 200 96382 "https://ramastructure.com/index.php" "Mozilla/5.0 (Windows NT 10.0; Win64; x64) AppleWebKit/537.36 (KHTML, like Gecko) Chrome/149.0.0.0 Safari/537.36"
223.185.16.48 - - [27/Jun/2026:11:56:45 +0530] "GET /admin/uploads/testimonials/WhatsApp%20Image%202025-10-05%20at%2014.54.35_7edaede0.jpg HTTP/1.1" 200 17090 "https://ramastructure.com/index.php" "Mozilla/5.0 (Windows NT 10.0; Win64; x64) AppleWebKit/537.36 (KHTML, like Gecko) Chrome/149.0.0.0 Safari/537.36"
66.249.79.160 - - [27/Jun/2026:11:56:45 +0530] "GET /js/jquery.min.js HTTP/1.1" 200 29531 "https://ramastructure.com/contact" "Mozilla/5.0 (Linux; Android 6.0.1; Nexus 5X Build/MMB29P) AppleWebKit/537.36 (KHTML, like Gecko) Chrome/148.0.7778.96 Mobile Safari/537.36 (compatible; Googlebot/2.1; +http://www.google.com/bot.html)"
66.249.76.97 - - [27/Jun/2026:11:56:45 +0530] "GET /css/slick.css HTTP/1.1" 200 557 "https://ramastructure.com/contact" "Mozilla/5.0 (Linux; Android 6.0.1; Nexus 5X Build/MMB29P) AppleWebKit/537.36 (KHTML, like Gecko) Chrome/148.0.7778.96 Mobile Safari/537.36 (compatible; Googlebot/2.1; +http://www.google.com/bot.html)"
223.185.16.48 - - [27/Jun/2026:11:56:38 +0530] "GET /admin/uploads/gallery/DSCN9620.JPG HTTP/1.1" 206 3610233 "https://ramastructure.com/index.php" "Mozilla/5.0 (Windows NT 10.0; Win64; x64) AppleWebKit/537.36 (KHTML, like Gecko) Chrome/149.0.0.0 Safari/537.36"
66.249.76.97 - - [27/Jun/2026:11:56:46 +0530] "GET /js/imagesloaded.pkgd.min.js HTTP/1.1" 200 1795 "https://ramastructure.com/contact" "Mozilla/5.0 (Linux; Android 6.0.1; Nexus 5X Build/MMB29P) AppleWebKit/537.36 (KHTML, like Gecko) Chrome/148.0.7778.96 Mobile Safari/537.36 (compatible; Googlebot/2.1; +http://www.google.com/bot.html)"
223.185.16.48 - - [27/Jun/2026:11:56:43 +0530] "GET /admin/uploads/gallery/DSCN9625.JPG HTTP/1.1" 206 1669817 "https://ramastructure.com/index.php" "Mozilla/5.0 (Windows NT 10.0; Win64; x64) AppleWebKit/537.36 (KHTML, like Gecko) Chrome/149.0.0.0 Safari/537.36"
66.249.79.161 - - [27/Jun/2026:11:56:46 +0530] "GET /js/jquery.min.js HTTP/1.1" 200 29531 "https://ramastructure.com/contact" "Mozilla/5.0 AppleWebKit/537.36 (KHTML, like Gecko; compatible; Googlebot/2.1; +http://www.google.com/bot.html) Chrome/148.0.7778.96 Safari/537.36"
66.249.79.160 - - [27/Jun/2026:11:56:47 +0530] "GET /style.css HTTP/1.1" 200 27872 "https://ramastructure.com/contact" "Mozilla/5.0 (Linux; Android 6.0.1; Nexus 5X Build/MMB29P) AppleWebKit/537.36 (KHTML, like Gecko) Chrome/148.0.7778.96 Mobile Safari/537.36 (compatible; Googlebot/2.1; +http://www.google.com/bot.html)"
66.249.76.96 - - [27/Jun/2026:11:56:47 +0530] "GET /js/plugins.js HTTP/1.1" 200 1262 "https://ramastructure.com/contact" "Mozilla/5.0 (Linux; Android 6.0.1; Nexus 5X Build/MMB29P) AppleWebKit/537.36 (KHTML, like Gecko) Chrome/148.0.7778.96 Mobile Safari/537.36 (compatible; Googlebot/2.1; +http://www.google.com/bot.html)"
66.249.79.160 - - [27/Jun/2026:11:56:48 +0530] "GET /js/plugins.js HTTP/1.1" 200 1262 "https://ramastructure.com/contact" "Mozilla/5.0 AppleWebKit/537.36 (KHTML, like Gecko; compatible; Googlebot/2.1; +http://www.google.com/bot.html) Chrome/148.0.7778.96 Safari/537.36"
223.185.16.48 - - [27/Jun/2026:11:56:39 +0530] "GET /admin/uploads/gallery/DSCN9621.JPG HTTP/1.1" 206 3495454 "https://ramastructure.com/index.php" "Mozilla/5.0 (Windows NT 10.0; Win64; x64) AppleWebKit/537.36 (KHTML, like Gecko) Chrome/149.0.0.0 Safari/537.36"
66.249.76.96 - - [27/Jun/2026:11:56:48 +0530] "GET /js/slick.min.js HTTP/1.1" 200 10170 "https://ramastructure.com/contact" "Mozilla/5.0 (Linux; Android 6.0.1; Nexus 5X Build/MMB29P) AppleWebKit/537.36 (KHTML, like Gecko) Chrome/148.0.7778.96 Mobile Safari/537.36 (compatible; Googlebot/2.1; +http://www.google.com/bot.html)"
66.249.79.160 - - [27/Jun/2026:11:56:49 +0530] "GET /css/rsmenu-transitions.css HTTP/1.1" 200 330 "https://ramastructure.com/contact" "Mozilla/5.0 AppleWebKit/537.36 (KHTML, like Gecko; compatible; Googlebot/2.1; +http://www.google.com/bot.html) Chrome/148.0.7778.96 Safari/537.36"
66.249.79.160 - - [27/Jun/2026:11:56:49 +0530] "GET /js/jquery.counterup.min.js HTTP/1.1" 200 577 "https://ramastructure.com/contact" "Mozilla/5.0 AppleWebKit/537.36 (KHTML, like Gecko; compatible; Googlebot/2.1; +http://www.google.com/bot.html) Chrome/148.0.7778.96 Safari/537.36"
66.249.79.160 - - [27/Jun/2026:11:56:50 +0530] "GET /css/slick.css HTTP/1.1" 200 557 "https://ramastructure.com/contact" "Mozilla/5.0 AppleWebKit/537.36 (KHTML, like Gecko; compatible; Googlebot/2.1; +http://www.google.com/bot.html) Chrome/148.0.7778.96 Safari/537.36"
66.249.79.160 - - [27/Jun/2026:11:56:50 +0530] "GET /css/magnific-popup.css HTTP/1.1" 200 1815 "https://ramastructure.com/contact" "Mozilla/5.0 AppleWebKit/537.36 (KHTML, like Gecko; compatible; Googlebot/2.1; +http://www.google.com/bot.html) Chrome/148.0.7778.96 Safari/537.36"
66.249.76.96 - - [27/Jun/2026:11:56:51 +0530] "GET /js/rsmenu-main.js HTTP/1.1" 200 1109 "https://ramastructure.com/contact" "Mozilla/5.0 AppleWebKit/537.36 (KHTML, like Gecko; compatible; Googlebot/2.1; +http://www.google.com/bot.html) Chrome/148.0.7778.96 Safari/537.36"
66.249.79.160 - - [27/Jun/2026:11:56:51 +0530] "GET /js/owl.carousel.min.js HTTP/1.1" 200 10593 "https://ramastructure.com/contact" "Mozilla/5.0 (Linux; Android 6.0.1; Nexus 5X Build/MMB29P) AppleWebKit/537.36 (KHTML, like Gecko) Chrome/148.0.7778.96 Mobile Safari/537.36 (compatible; Googlebot/2.1; +http://www.google.com/bot.html)"
66.249.79.160 - - [27/Jun/2026:11:56:52 +0530] "GET /js/jquery.magnific-popup.min.js HTTP/1.1" 200 7346 "https://ramastructure.com/contact" "Mozilla/5.0 (Linux; Android 6.0.1; Nexus 5X Build/MMB29P) AppleWebKit/537.36 (KHTML, like Gecko) Chrome/148.0.7778.96 Mobile Safari/537.36 (compatible; Googlebot/2.1; +http://www.google.com/bot.html)"
66.249.79.160 - - [27/Jun/2026:11:56:52 +0530] "GET /js/jquery.magnific-popup.min.js HTTP/1.1" 200 7346 "https://ramastructure.com/contact" "Mozilla/5.0 AppleWebKit/537.36 (KHTML, like Gecko; compatible; Googlebot/2.1; +http://www.google.com/bot.html) Chrome/148.0.7778.96 Safari/537.36"
